{"id":388551,"date":"2026-04-28T18:01:02","date_gmt":"2026-04-28T16:01:02","guid":{"rendered":"https:\/\/cecot.org\/?post_type=premsa&#038;p=388551"},"modified":"2026-04-28T18:01:04","modified_gmt":"2026-04-28T16:01:04","slug":"salo-connecta-cecot-1400-assistents-500-oportunitats-laborals","status":"publish","type":"premsa","link":"https:\/\/cecot.org\/es\/premsa\/salo-connecta-cecot-1400-assistents-500-oportunitats-laborals\/","title":{"rendered":"El Sal\u00f3 Connecta de la Cecot reuneix m\u00e9s de 1.400 persones i activa m\u00e9s de 500 oportunitats laborals en una sola jornada"},"content":{"rendered":"\n<ul class=\"wp-block-list\">\n<li><strong>El Sal\u00f3 Connecta dona resposta directa a una necessitat priorit\u00e0ria en el teixit empresarial: cobrir vacants reals amb talent disponible en el territori.<\/strong><\/li>\n<\/ul>\n\n\n\n<ul class=\"wp-block-list\">\n<li><strong>La primera edici\u00f3 ha consolidat un format efectiu i \u00e0gil de connexi\u00f3 entre talent i empresa amb una alta participaci\u00f3 de perfils professionals i sectors amb demanda de personal.<\/strong><\/li>\n<\/ul>\n\n\n\n<ul class=\"wp-block-list\">\n<li><strong>Oriol Alba: \u201cLa jornada ha demostrat que quan es concentren en un mateix espai oportunitats laborals reals i persones amb voluntat d\u2019incorporar-se al mercat de treball, les connexions es generen de manera \u00e0gil i efectiva.\u201d<\/strong><\/li>\n<\/ul>\n\n\n\n<div style=\"height:20px\" aria-hidden=\"true\" class=\"wp-block-spacer\"><\/div>\n\n\n\n<p><strong>Terrassa, 28 d\u2019 abril de 2026 \u2013 <\/strong>La Cecot ha celebrat avui a la seva seu la primera edici\u00f3 del Sal\u00f3 Connecta: Talent i Empresa, que ha reunit prop de 1.400 persones i ha facilitat la connexi\u00f3 directa entre empreses amb necessitats de contractaci\u00f3 i professionals en recerca de feina o en proc\u00e9s de reorientaci\u00f3 laboral.<\/p>\n\n\n\n<p>L\u2019esdeveniment ha concentrat m\u00e9s de 500 vacants de feina actives, aportades per prop de 40 empreses i entitats, 12 gremis sectorials i diverses empreses de treball temporal (ETT), configurant una oferta \u00e0mplia i diversa alineada amb les necessitats reals del teixit empresarial, on ha destacat la participaci\u00f3 d\u2019empreses de base industrial i tamb\u00e9 ocupacions pr\u00f2ximes als oficis.<\/p>\n\n\n\n<p>En relaci\u00f3 amb el context actual del mercat de treball, Oriol Alba, secretari general de la Cecot, ha remarcat que \u201csi l\u2019any passat les empreses assenyalaven la burocr\u00e0cia com el principal fre al seu desenvolupament, avui la manca de personal qualificat \u00e9s el gran repte per continuar creixent\u201d. En aquest sentit, ha subratllat que el Sal\u00f3 Connecta \u201cneix precisament per donar resposta a aquesta necessitat, generant espais reals de connexi\u00f3 entre talent disponible i demanda empresarial\u201d.<\/p>\n\n\n\n<p>Durant la jornada s\u2019ha fet especialment evident la demanda de perfils t\u00e8cnics i qualificats vinculats als \u00e0mbits industrial, log\u00edstic i tecnol\u00f2gic, aix\u00ed com perfils operatius especialitzats i professionals amb compet\u00e8ncies en gesti\u00f3, administraci\u00f3 i atenci\u00f3 a les persones. Aquesta concentraci\u00f3 de demandes ha posat de manifest les dificultats persistents de les empreses per cobrir determinades posicions, sobretot en l\u2019\u00e0mbit industrial i t\u00e8cnic.<\/p>\n\n\n\n<p>El sal\u00f3 s\u2019ha dissenyat com un punt de trobada de la comunitat empresarial i professional de la Cecot, reunint en un mateix espai empreses, ETT, gremis, associacions i persones en recerca o millora d\u2019ocupaci\u00f3. El format ha perm\u00e8s realitzar converses, primeres entrevistes i activar processos de selecci\u00f3 in situ, una din\u00e0mica que ha estat especialment ben valorada tant per les empreses participants com pels assistents.<\/p>\n\n\n\n<p>De manera global, la valoraci\u00f3 recollida per part de la majoria de participants ha estat positiva o molt positiva, tant pel volum d\u2019oportunitats concentrades com per la qualitat de les connexions generades durant la jornada.<\/p>\n\n\n\n<p>El secretari general de la Cecot, ha destacat que \u201cel Sal\u00f3 Connecta neix amb la voluntat de reduir la dist\u00e0ncia entre el talent i les necessitats reals de les empreses, facilitant un contacte directe i immediat que sovint no es produeix en altres formats\u201d, i ha subratllat que aquesta primera edici\u00f3 confirma la necessitat d\u2019\u201ciniciatives pr\u00e0ctiques i enfocades\u201d amb capacitat de generar oportunitats reals.<\/p>\n\n\n\n<p>El sal\u00f3 ha comptat tamb\u00e9 amb la implicaci\u00f3 activa de gremis i associacions professionals, que hi han exercit el seu paper com a veritables agregadors d\u2019ofertes de feina i necessitats de talent: des de perfils m\u00e9s estandarditzats fins a oficis i llocs operaris especialitzats. Aquesta participaci\u00f3 ha perm\u00e8s traslladar de manera directa les demandes de cada sector i refor\u00e7ar la connexi\u00f3 amb el teixit productiu del territori.<\/p>\n\n\n\n<p>La Cecot ha volgut que el p\u00fablic assistent reflect\u00eds la diversitat del mercat de treball: persones de diferents edats i traject\u00f2ries, amb una pres\u00e8ncia destacada de perfils majors de 35-40 anys vinculats a oficis, aix\u00ed com persones nouvingudes i professionals que ja estan \u2014o han estat\u2014 al sector i busquen millorar o reorientar la seva ocupabilitat. Aquesta pluralitat refor\u00e7a el comprom\u00eds de l\u2019entitat amb un model de formaci\u00f3 i d\u2019orientaci\u00f3 al llarg de la vida i amb una tasca de connexi\u00f3 entre oferta i demanda que la Cecot desenvolupa de manera continuada al llarg de l\u2019any.<\/p>\n\n\n\n<p>En paral\u00b7lel, l\u2019oferta programada de tallers formatius ha registrat una elevada participaci\u00f3 al llarg de tota la jornada. Les c\u00e0psules, de car\u00e0cter pr\u00e0ctic i de curta durada, s\u2019han centrat en aspectes clau per a la millora de l\u2019ocupabilitat com la optimitzaci\u00f3 del curr\u00edculum, l\u2019\u00fas estrat\u00e8gic de LinkedIn, la preparaci\u00f3 d\u2019entrevistes de selecci\u00f3, la identificaci\u00f3 de compet\u00e8ncies i l\u2019aplicaci\u00f3 de la intel\u00b7lig\u00e8ncia artificial en la recerca de feina, incloent eines per superar els filtres automatitzats de candidatures. \u201cEls tallers tamb\u00e9 han tingut molt bona acollida perqu\u00e8 responen a una necessitat real: saber com presentar-se millor i com adaptar-se als processos actuals de selecci\u00f3: la incorporaci\u00f3 de la intel\u00b7lig\u00e8ncia artificial en la recerca de feina ja \u00e9s una realitat, i cal donar eines perqu\u00e8 les persones la puguin utilitzar amb criteri\u201d, ha afegit Alba.<\/p>\n\n\n\n<p>Finalment, l\u2019equip t\u00e8cnic i d\u2019experts en orientaci\u00f3 laboral de la Cecot s\u2019han posat a disposici\u00f3 dels assistents per resoldre dubtes o obrir noves oportunitats de traject\u00f2ria professional entre les persones que busquen suport i acompanyament en el seu itinerari laboral.<\/p>\n\n\n\n<p>Despr\u00e9s de l\u2019\u00e8xit d\u2019aquesta primera edici\u00f3, l\u2019entitat ja planteja la continu\u00eftat del Sal\u00f3 Connecta amb la voluntat de consolidar-lo com una cita de refer\u00e8ncia en l\u2019\u00e0mbit de l\u2019ocupaci\u00f3 i l\u2019empresa a Catalunya.<\/p>\n\n\n\n<p>Aquesta primera edici\u00f3 ha comptat amb la participaci\u00f3 directa de les empreses:<\/p>\n\n\n\n<p>Ametller Or\u00edgen, Avincia, CELSA Group, Dermofarm, DOGA, Educa Borras, Egarfil, Eurofragance, Fincas Forcadell, Finsa Job Group, LaFACT |Factorial Social de Terrassa, Leitat Technological Center, Mikalor, M\u00fatua de Terrassa, Pastisart, Rubi Group, Parc Vall\u00e8s, Toi Toi, Veolia, V\u00edtaly, Yomovo, Marina T\u00e8xtil, Cartonatges Rub\u00ed; i empreses de treball temporal GCT Plus, Marlex i Randstad.<\/p>\n\n\n\n<p>I dels gremis i associacions professionals que han recollit les demandes de les empreses associades de manera agregada:<\/p>\n\n\n\n<p>Gremi de la Construcci\u00f3 del Vall\u00e8s, el Gremi de la Fusta, el Gremi Qu\u00edmic, l\u2019ASEITEC, l\u2019ACCA o el Gremi de Ferreteria, Greintec, Uni\u00f3 Empresarial del Metall, Gremi de Transports i Log\u00edstica de Catalunya, Institut Industrial-Gremi T\u00e8xtil, Gremi de Tallers de Reparaci\u00f3 de Vehicles i l\u2019AIPC.&nbsp;<\/p>\n","protected":false},"excerpt":{"rendered":"<p>Terrassa, 28 d\u2019 abril de 2026 \u2013 La Cecot ha celebrat avui a la seva seu la primera edici\u00f3 del Sal\u00f3 Connecta: Talent i Empresa, que ha reunit prop de 1.400 persones i ha facilitat la connexi\u00f3 directa entre empreses amb necessitats de contractaci\u00f3 i professionals en recerca de feina o en proc\u00e9s de reorientaci\u00f3 [&hellip;]<\/p>\n","protected":false},"featured_media":388554,"menu_order":0,"template":"","categories":[],"class_list":["post-388551","premsa","type-premsa","status-publish","has-post-thumbnail","hentry"],"_links":{"self":[{"href":"https:\/\/cecot.org\/es\/wp-json\/wp\/v2\/premsa\/388551","targetHints":{"allow":["GET"]}}],"collection":[{"href":"https:\/\/cecot.org\/es\/wp-json\/wp\/v2\/premsa"}],"about":[{"href":"https:\/\/cecot.org\/es\/wp-json\/wp\/v2\/types\/premsa"}],"wp:featuredmedia":[{"embeddable":true,"href":"https:\/\/cecot.org\/es\/wp-json\/wp\/v2\/media\/388554"}],"wp:attachment":[{"href":"https:\/\/cecot.org\/es\/wp-json\/wp\/v2\/media?parent=388551"}],"wp:term":[{"taxonomy":"category","embeddable":true,"href":"https:\/\/cecot.org\/es\/wp-json\/wp\/v2\/categories?post=388551"}],"curies":[{"name":"wp","href":"https:\/\/api.w.org\/{rel}","templated":true}]}}

El Saló Connecta de la Cecot reuneix més de 1.400 persones i activa més de 500 oportunitats laborals en una sola jornada

<ul class="wp-block-list">
<li><strong>El Saló Connecta dona resposta directa a una necessitat prioritària en el teixit empresarial: cobrir vacants reals amb talent disponible en el territori.</strong></li>
</ul>



<ul class="wp-block-list">
<li><strong>La primera edició ha consolidat un format efectiu i àgil de connexió entre talent i empresa amb una alta participació de perfils professionals i sectors amb demanda de personal.</strong></li>
</ul>



<ul class="wp-block-list">
<li><strong>Oriol Alba: “La jornada ha demostrat que quan es concentren en un mateix espai oportunitats laborals reals i persones amb voluntat d’incorporar-se al mercat de treball, les connexions es generen de manera àgil i efectiva.”</strong></li>
</ul>



<div style="height:20px" aria-hidden="true" class="wp-block-spacer"></div>



<p><strong>Terrassa, 28 d’ abril de 2026 – </strong>La Cecot ha celebrat avui a la seva seu la primera edició del Saló Connecta: Talent i Empresa, que ha reunit prop de 1.400 persones i ha facilitat la connexió directa entre empreses amb necessitats de contractació i professionals en recerca de feina o en procés de reorientació laboral.</p>



<p>L’esdeveniment ha concentrat més de 500 vacants de feina actives, aportades per prop de 40 empreses i entitats, 12 gremis sectorials i diverses empreses de treball temporal (ETT), configurant una oferta àmplia i diversa alineada amb les necessitats reals del teixit empresarial, on ha destacat la participació d’empreses de base industrial i també ocupacions pròximes als oficis.</p>



<p>En relació amb el context actual del mercat de treball, Oriol Alba, secretari general de la Cecot, ha remarcat que “si l’any passat les empreses assenyalaven la burocràcia com el principal fre al seu desenvolupament, avui la manca de personal qualificat és el gran repte per continuar creixent”. En aquest sentit, ha subratllat que el Saló Connecta “neix precisament per donar resposta a aquesta necessitat, generant espais reals de connexió entre talent disponible i demanda empresarial”.</p>



<p>Durant la jornada s’ha fet especialment evident la demanda de perfils tècnics i qualificats vinculats als àmbits industrial, logístic i tecnològic, així com perfils operatius especialitzats i professionals amb competències en gestió, administració i atenció a les persones. Aquesta concentració de demandes ha posat de manifest les dificultats persistents de les empreses per cobrir determinades posicions, sobretot en l’àmbit industrial i tècnic.</p>



<p>El saló s’ha dissenyat com un punt de trobada de la comunitat empresarial i professional de la Cecot, reunint en un mateix espai empreses, ETT, gremis, associacions i persones en recerca o millora d’ocupació. El format ha permès realitzar converses, primeres entrevistes i activar processos de selecció in situ, una dinàmica que ha estat especialment ben valorada tant per les empreses participants com pels assistents.</p>



<p>De manera global, la valoració recollida per part de la majoria de participants ha estat positiva o molt positiva, tant pel volum d’oportunitats concentrades com per la qualitat de les connexions generades durant la jornada.</p>



<p>El secretari general de la Cecot, ha destacat que “el Saló Connecta neix amb la voluntat de reduir la distància entre el talent i les necessitats reals de les empreses, facilitant un contacte directe i immediat que sovint no es produeix en altres formats”, i ha subratllat que aquesta primera edició confirma la necessitat d’“iniciatives pràctiques i enfocades” amb capacitat de generar oportunitats reals.</p>



<p>El saló ha comptat també amb la implicació activa de gremis i associacions professionals, que hi han exercit el seu paper com a veritables agregadors d’ofertes de feina i necessitats de talent: des de perfils més estandarditzats fins a oficis i llocs operaris especialitzats. Aquesta participació ha permès traslladar de manera directa les demandes de cada sector i reforçar la connexió amb el teixit productiu del territori.</p>



<p>La Cecot ha volgut que el públic assistent reflectís la diversitat del mercat de treball: persones de diferents edats i trajectòries, amb una presència destacada de perfils majors de 35-40 anys vinculats a oficis, així com persones nouvingudes i professionals que ja estan —o han estat— al sector i busquen millorar o reorientar la seva ocupabilitat. Aquesta pluralitat reforça el compromís de l’entitat amb un model de formació i d’orientació al llarg de la vida i amb una tasca de connexió entre oferta i demanda que la Cecot desenvolupa de manera continuada al llarg de l’any.</p>



<p>En paral·lel, l’oferta programada de tallers formatius ha registrat una elevada participació al llarg de tota la jornada. Les càpsules, de caràcter pràctic i de curta durada, s’han centrat en aspectes clau per a la millora de l’ocupabilitat com la optimització del currículum, l’ús estratègic de LinkedIn, la preparació d’entrevistes de selecció, la identificació de competències i l’aplicació de la intel·ligència artificial en la recerca de feina, incloent eines per superar els filtres automatitzats de candidatures. “Els tallers també han tingut molt bona acollida perquè responen a una necessitat real: saber com presentar-se millor i com adaptar-se als processos actuals de selecció: la incorporació de la intel·ligència artificial en la recerca de feina ja és una realitat, i cal donar eines perquè les persones la puguin utilitzar amb criteri”, ha afegit Alba.</p>



<p>Finalment, l’equip tècnic i d’experts en orientació laboral de la Cecot s’han posat a disposició dels assistents per resoldre dubtes o obrir noves oportunitats de trajectòria professional entre les persones que busquen suport i acompanyament en el seu itinerari laboral.</p>



<p>Després de l’èxit d’aquesta primera edició, l’entitat ja planteja la continuïtat del Saló Connecta amb la voluntat de consolidar-lo com una cita de referència en l’àmbit de l’ocupació i l’empresa a Catalunya.</p>



<p>Aquesta primera edició ha comptat amb la participació directa de les empreses:</p>



<p>Ametller Orígen, Avincia, CELSA Group, Dermofarm, DOGA, Educa Borras, Egarfil, Eurofragance, Fincas Forcadell, Finsa Job Group, LaFACT |Factorial Social de Terrassa, Leitat Technological Center, Mikalor, Mútua de Terrassa, Pastisart, Rubi Group, Parc Vallès, Toi Toi, Veolia, Vítaly, Yomovo, Marina Tèxtil, Cartonatges Rubí; i empreses de treball temporal GCT Plus, Marlex i Randstad.</p>



<p>I dels gremis i associacions professionals que han recollit les demandes de les empreses associades de manera agregada:</p>



<p>Gremi de la Construcció del Vallès, el Gremi de la Fusta, el Gremi Químic, l’ASEITEC, l’ACCA o el Gremi de Ferreteria, Greintec, Unió Empresarial del Metall, Gremi de Transports i Logística de Catalunya, Institut Industrial-Gremi Tèxtil, Gremi de Tallers de Reparació de Vehicles i l’AIPC.&nbsp;</p>

<p>Terrassa, 28 d’ abril de 2026 – La Cecot ha celebrat avui a la seva seu la primera edició del Saló Connecta: Talent i Empresa, que ha reunit prop de 1.400 persones i ha facilitat la connexió directa entre empreses amb necessitats de contractació i professionals en recerca de feina o en procés de reorientació [&hellip;]</p>
