{"id":388043,"date":"2026-04-21T07:45:00","date_gmt":"2026-04-21T05:45:00","guid":{"rendered":"https:\/\/cecot.org\/?post_type=premsa&#038;p=388043"},"modified":"2026-04-20T13:45:04","modified_gmt":"2026-04-20T11:45:04","slug":"cecot-reimpulsa-barometre-industrial-amb-economista-oriol-montanya","status":"publish","type":"premsa","link":"https:\/\/cecot.org\/es\/premsa\/cecot-reimpulsa-barometre-industrial-amb-economista-oriol-montanya\/","title":{"rendered":"La Cecot reimpulsa el Bar\u00f2metre de la Ind\u00fastria amb l\u2019economista Oriol Montany\u00e0 per refor\u00e7ar l\u2019an\u00e0lisi i accelerar les pol\u00edtiques industrials"},"content":{"rendered":"\n<ul class=\"wp-block-list\">\n<li><strong>La patronal catalana repr\u00e8n el projecte iniciat el 2023 amb una nova etapa de publicaci\u00f3 semestral, en col\u00b7laboraci\u00f3 amb Oriol Montany\u00e0, doctor en Economia i Empresa.<\/strong><\/li>\n<\/ul>\n\n\n\n<ul class=\"wp-block-list\">\n<li><strong>El Bar\u00f2metre analitzar\u00e0 l\u2019evoluci\u00f3 de l\u2019activitat industrial a escala catalana, espanyola i europea, amb especial atenci\u00f3 a la productivitat, la sostenibilitat i la competitivitat.<\/strong><\/li>\n<\/ul>\n\n\n\n<ul class=\"wp-block-list\">\n<li><strong>Xavier Pan\u00e9s destaca que \u201cla ind\u00fastria \u00e9s un actiu clau per a l\u2019autonomia estrat\u00e8gica, la cohesi\u00f3 social i el progr\u00e9s econ\u00f2mic del pa\u00eds\u201d.<\/strong><\/li>\n<\/ul>\n\n\n\n<div style=\"height:20px\" aria-hidden=\"true\" class=\"wp-block-spacer\"><\/div>\n\n\n\n<div class=\"wp-block-file\"><a id=\"wp-block-file--media-5e61fc70-3a8d-48e8-964d-499d3ad3783e\" href=\"https:\/\/cecot.org\/wp-content\/uploads\/2026\/04\/20230413_img_trobada_xpanes_omontanya_upf_barometreindustrial_web.webp\">Fotografia (d&#8217;esquerra a dreta) Oriol Montany\u00e0 i Xavier Pan\u00e9s <\/a><a href=\"https:\/\/cecot.org\/wp-content\/uploads\/2026\/04\/20230413_img_trobada_xpanes_omontanya_upf_barometreindustrial_web.webp\" class=\"wp-block-file__button wp-element-button\" download aria-describedby=\"wp-block-file--media-5e61fc70-3a8d-48e8-964d-499d3ad3783e\">Baixa<\/a><\/div>\n\n\n\n<p><strong>Terrassa, 21 d\u2019abril de 2026 \u2013 <\/strong>La Cecot impulsa la publicaci\u00f3 semestral d\u2019un nou Bar\u00f2metre Industrial de la m\u00e0 d\u2019Oriol Montany\u00e0, doctor en Economia i Empresa i professor de la UPF Barcelona School of Management (UPF-BSM), com a eina estrat\u00e8gica de seguiment de l\u2019activitat industrial i manufacturera a nivell catal\u00e0, espanyol i internacional tenint en compte els Objectius de Desenvolupament Sostenibles (ODS). L\u2019objectiu del Bar\u00f2metre de la Ind\u00fastria \u00e9s analitzar i aportar noves propostes que acompanyin la ind\u00fastria catalana en el seu creixement i consolidaci\u00f3 despr\u00e9s d\u2019haver fet un gran exercici de resili\u00e8ncia amb una lenta recuperaci\u00f3 post-covid i en un context incert fruit de m\u00faltiples conflictes b\u00e8l\u00b7lics a escala geopol\u00edtica. Aquest nou Bar\u00f2metre Industrial posar\u00e0 especial \u00e8mfasi en indicadors de producci\u00f3, demografia, mercat laboral i preus de mat\u00e8ries primeres, alhora que s\u2019aprofundir\u00e0 en tem\u00e0tiques d\u2019inter\u00e8s com s\u00f3n la productivitat, l\u2019absentisme, la innovaci\u00f3 i la recerca o el comer\u00e7 internacional, entre d\u2019altres.<\/p>\n\n\n\n<p>\u201cLa Cecot t\u00e9 els seus or\u00edgens en la manufactura i la ind\u00fastria t\u00e8xtil i metal\u00b7l\u00fargica. Ens preocupa i ens ocupa la p\u00e8rdua de dinamisme de l\u2019activitat industrial en general i a Catalunya en particular. A trav\u00e9s de les dades d\u2019aquest Bar\u00f2metre, exigirem una resposta \u00e0gil i efectiva per part del conjunt de les administracions que implementin pol\u00edtiques industrials i d\u2019autonomia estrat\u00e8gica\u201d, assenyala el president de la Cecot, Xavier Pan\u00e9s.<\/p>\n\n\n\n<p>Segons Oriol Montany\u00e0, doctor en Economia i Empresa i professor de la UPF-BSM, \u201cel nou Bar\u00f2metre Industrial aportar\u00e0 informaci\u00f3 rigorosa per impulsar pol\u00edtiques p\u00fabliques orientades a la consolidaci\u00f3 del teixit industrial existent, facilitar l\u2019acc\u00e9s al finan\u00e7ament per a projectes de transformaci\u00f3 empresarial&nbsp; i promoure el creixement i la competitivitat de les pimes industrials. Volem aportar una visi\u00f3 estrat\u00e8gica i de llarg termini sobre l\u2019evoluci\u00f3 de l\u2019activitat industrial\u201d.<\/p>\n\n\n\n<p>En un context on el 99,5% de les empreses industrials s\u00f3n pimes, la patronal catalana empla\u00e7a les administracions a actuar amb urg\u00e8ncia i accelerar la implementaci\u00f3 efectiva de pol\u00edtiques industrials que reforcin la competitivitat i garanteixin la sostenibilitat del teixit productiu. \u201cEls factors de competitivitat en vena que posen en perill la viabilitat i la resili\u00e8ncia de la ind\u00fastria s\u00f3n la simplificaci\u00f3 administrativa, un sistema fiscal poc previsible i adaptat a les pimes, la manca de seguretat jur\u00eddica o de finan\u00e7ament, la regulaci\u00f3 laboral, la necessitat de plans d\u2019acci\u00f3 publicoprivada i la transici\u00f3 energ\u00e8tica. \u00c9s urgent aprofundir-hi i actuar-hi\u201d, conclou Pan\u00e9s.<\/p>\n\n\n\n<p><strong>M\u00e9s sobre Oriol Montany\u00e0<\/strong><\/p>\n\n\n\n<p>Oriol Montany\u00e0 Vilalta \u00e9s Senior Lecturer a la UPF Barcelona School of Management (UPF-BSM). Doctor en Economia i Empresa per la Universitat de Vic, llicenciat en Sociologia per la Universitat Aut\u00f2noma de Barcelona i llicenciat en Periodisme per la Universitat Pompeu Fabra. Durant m\u00e9s d\u2019una d\u00e8cada va exercir c\u00e0rrecs d\u2019alta direcci\u00f3, entre els quals destaca la seva etapa com a director de log\u00edstica i membre del Comit\u00e8 Executiu de Mercadona, experi\u00e8ncia que li va aportar una s\u00f2lida base en lideratge d\u2019equips i gesti\u00f3 de cadenes de subministrament. Actualment, \u00e9s professor a la UPF BSM, on combina la doc\u00e8ncia i la recerca amb la direcci\u00f3 del m\u00e0ster en Supply Chain Management, i de l\u2019Observatori de Sostenibilitat. Tamb\u00e9 participa com a expert amb el Govern de Catalunya en iniciatives vinculades a l\u2019\u00e0mbit empresarial i \u00e9s col\u00b7laborador habitual de diversos mitjans de comunicaci\u00f3.<\/p>\n","protected":false},"excerpt":{"rendered":"<p>Terrassa, 21 d\u2019abril de 2026 \u2013 La Cecot impulsa la publicaci\u00f3 semestral d\u2019un nou Bar\u00f2metre Industrial de la m\u00e0 d\u2019Oriol Montany\u00e0, doctor en Economia i Empresa i professor de la UPF Barcelona School of Management (UPF-BSM), com a eina estrat\u00e8gica de seguiment de l\u2019activitat industrial i manufacturera a nivell catal\u00e0, espanyol i internacional tenint en [&hellip;]<\/p>\n","protected":false},"featured_media":388046,"menu_order":0,"template":"","categories":[1],"class_list":["post-388043","premsa","type-premsa","status-publish","has-post-thumbnail","hentry","category-sense-categoria"],"_links":{"self":[{"href":"https:\/\/cecot.org\/es\/wp-json\/wp\/v2\/premsa\/388043","targetHints":{"allow":["GET"]}}],"collection":[{"href":"https:\/\/cecot.org\/es\/wp-json\/wp\/v2\/premsa"}],"about":[{"href":"https:\/\/cecot.org\/es\/wp-json\/wp\/v2\/types\/premsa"}],"wp:featuredmedia":[{"embeddable":true,"href":"https:\/\/cecot.org\/es\/wp-json\/wp\/v2\/media\/388046"}],"wp:attachment":[{"href":"https:\/\/cecot.org\/es\/wp-json\/wp\/v2\/media?parent=388043"}],"wp:term":[{"taxonomy":"category","embeddable":true,"href":"https:\/\/cecot.org\/es\/wp-json\/wp\/v2\/categories?post=388043"}],"curies":[{"name":"wp","href":"https:\/\/api.w.org\/{rel}","templated":true}]}}

La Cecot reimpulsa el Baròmetre de la Indústria amb l’economista Oriol Montanyà per reforçar l’anàlisi i accelerar les polítiques industrials

<ul class="wp-block-list">
<li><strong>La patronal catalana reprèn el projecte iniciat el 2023 amb una nova etapa de publicació semestral, en col·laboració amb Oriol Montanyà, doctor en Economia i Empresa.</strong></li>
</ul>



<ul class="wp-block-list">
<li><strong>El Baròmetre analitzarà l’evolució de l’activitat industrial a escala catalana, espanyola i europea, amb especial atenció a la productivitat, la sostenibilitat i la competitivitat.</strong></li>
</ul>



<ul class="wp-block-list">
<li><strong>Xavier Panés destaca que “la indústria és un actiu clau per a l’autonomia estratègica, la cohesió social i el progrés econòmic del país”.</strong></li>
</ul>



<div style="height:20px" aria-hidden="true" class="wp-block-spacer"></div>



<div class="wp-block-file"><a id="wp-block-file--media-5e61fc70-3a8d-48e8-964d-499d3ad3783e" href="https://cecot.org/wp-content/uploads/2026/04/20230413_img_trobada_xpanes_omontanya_upf_barometreindustrial_web.webp">Fotografia (d&#8217;esquerra a dreta) Oriol Montanyà i Xavier Panés </a><a href="https://cecot.org/wp-content/uploads/2026/04/20230413_img_trobada_xpanes_omontanya_upf_barometreindustrial_web.webp" class="wp-block-file__button wp-element-button" download aria-describedby="wp-block-file--media-5e61fc70-3a8d-48e8-964d-499d3ad3783e">Baixa</a></div>



<p><strong>Terrassa, 21 d’abril de 2026 – </strong>La Cecot impulsa la publicació semestral d’un nou Baròmetre Industrial de la mà d’Oriol Montanyà, doctor en Economia i Empresa i professor de la UPF Barcelona School of Management (UPF-BSM), com a eina estratègica de seguiment de l’activitat industrial i manufacturera a nivell català, espanyol i internacional tenint en compte els Objectius de Desenvolupament Sostenibles (ODS). L’objectiu del Baròmetre de la Indústria és analitzar i aportar noves propostes que acompanyin la indústria catalana en el seu creixement i consolidació després d’haver fet un gran exercici de resiliència amb una lenta recuperació post-covid i en un context incert fruit de múltiples conflictes bèl·lics a escala geopolítica. Aquest nou Baròmetre Industrial posarà especial èmfasi en indicadors de producció, demografia, mercat laboral i preus de matèries primeres, alhora que s’aprofundirà en temàtiques d’interès com són la productivitat, l’absentisme, la innovació i la recerca o el comerç internacional, entre d’altres.</p>



<p>“La Cecot té els seus orígens en la manufactura i la indústria tèxtil i metal·lúrgica. Ens preocupa i ens ocupa la pèrdua de dinamisme de l’activitat industrial en general i a Catalunya en particular. A través de les dades d’aquest Baròmetre, exigirem una resposta àgil i efectiva per part del conjunt de les administracions que implementin polítiques industrials i d’autonomia estratègica”, assenyala el president de la Cecot, Xavier Panés.</p>



<p>Segons Oriol Montanyà, doctor en Economia i Empresa i professor de la UPF-BSM, “el nou Baròmetre Industrial aportarà informació rigorosa per impulsar polítiques públiques orientades a la consolidació del teixit industrial existent, facilitar l’accés al finançament per a projectes de transformació empresarial&nbsp; i promoure el creixement i la competitivitat de les pimes industrials. Volem aportar una visió estratègica i de llarg termini sobre l’evolució de l’activitat industrial”.</p>



<p>En un context on el 99,5% de les empreses industrials són pimes, la patronal catalana emplaça les administracions a actuar amb urgència i accelerar la implementació efectiva de polítiques industrials que reforcin la competitivitat i garanteixin la sostenibilitat del teixit productiu. “Els factors de competitivitat en vena que posen en perill la viabilitat i la resiliència de la indústria són la simplificació administrativa, un sistema fiscal poc previsible i adaptat a les pimes, la manca de seguretat jurídica o de finançament, la regulació laboral, la necessitat de plans d’acció publicoprivada i la transició energètica. És urgent aprofundir-hi i actuar-hi”, conclou Panés.</p>



<p><strong>Més sobre Oriol Montanyà</strong></p>



<p>Oriol Montanyà Vilalta és Senior Lecturer a la UPF Barcelona School of Management (UPF-BSM). Doctor en Economia i Empresa per la Universitat de Vic, llicenciat en Sociologia per la Universitat Autònoma de Barcelona i llicenciat en Periodisme per la Universitat Pompeu Fabra. Durant més d’una dècada va exercir càrrecs d’alta direcció, entre els quals destaca la seva etapa com a director de logística i membre del Comitè Executiu de Mercadona, experiència que li va aportar una sòlida base en lideratge d’equips i gestió de cadenes de subministrament. Actualment, és professor a la UPF BSM, on combina la docència i la recerca amb la direcció del màster en Supply Chain Management, i de l’Observatori de Sostenibilitat. També participa com a expert amb el Govern de Catalunya en iniciatives vinculades a l’àmbit empresarial i és col·laborador habitual de diversos mitjans de comunicació.</p>

<p>Terrassa, 21 d’abril de 2026 – La Cecot impulsa la publicació semestral d’un nou Baròmetre Industrial de la mà d’Oriol Montanyà, doctor en Economia i Empresa i professor de la UPF Barcelona School of Management (UPF-BSM), com a eina estratègica de seguiment de l’activitat industrial i manufacturera a nivell català, espanyol i internacional tenint en [&hellip;]</p>
