{"id":356046,"date":"2025-01-27T13:21:43","date_gmt":"2025-01-27T11:21:43","guid":{"rendered":"https:\/\/cecot.org\/premsa\/la-patronal-cecot-mante-el-rebuig-a-la-reduccio-de-la-jornada-laboral-a-375-hores-setmanals-i-adverteix-del-seu-impacte-negatiu-en-les-pimes-copy\/"},"modified":"2025-01-27T13:27:20","modified_gmt":"2025-01-27T11:27:20","slug":"autcat-carrega-contra-el-ministeri-de-seguretat-social-per-les-reclamacions-injustes-als-autonoms-per-les-prestacions-de-la-covid-19","status":"publish","type":"premsa","link":"https:\/\/cecot.org\/es\/premsa\/autcat-carrega-contra-el-ministeri-de-seguretat-social-per-les-reclamacions-injustes-als-autonoms-per-les-prestacions-de-la-covid-19\/","title":{"rendered":"Autcat carrega contra el ministeri de Seguretat Social per les reclamacions \u201cinjustes\u201d als aut\u00f2noms per les prestacions de la COVID-19"},"content":{"rendered":"\n<ul class=\"wp-block-list\"><\/ul>\n\n\n\n<blockquote class=\"wp-block-quote is-layout-flow wp-block-quote-is-layout-flow\">\n<p><strong>Nombrosos aut\u00f2noms estan denunciant que se&#8217;ls est\u00e0 exigint el retorn de les prestacions rebudes durant la pand\u00e8mia per causes relatives a errors administratius, falta de requisits i revisions posteriors amb criteris m\u00e9s estrictes que els aplicats durant l\u2019emerg\u00e8ncia sanit\u00e0ria.<\/strong><\/p>\n<\/blockquote>\n\n\n\n<ul class=\"wp-block-list\">\n<li><strong>Enric Rius: \u201cla situaci\u00f3 est\u00e0 generant deutes inesperats, amb imports que molts aut\u00f2noms no poden assumir; inseguretat jur\u00eddica i costos legals per fer front a despeses jur\u00eddiques addicionals. Tot plegat posa en risc la viabilitat econ\u00f2mica d\u2019un col\u00b7lectiu ja de per si molt castigat\u201d.<\/strong><\/li>\n<\/ul>\n\n\n\n<div class=\"wp-block-file\"><a id=\"wp-block-file--media-a8cfa699-56f4-44dd-9ae0-918de2bff0a0\" href=\"https:\/\/cecot.org\/wp-content\/uploads\/2023\/08\/0017_Enric-Rius-1.png\">Fotografia d&#8217;Enric Rius, president de l&#8217;Autcat<\/a><a href=\"https:\/\/cecot.org\/wp-content\/uploads\/2023\/08\/0017_Enric-Rius-1.png\" class=\"wp-block-file__button wp-element-button\" download aria-describedby=\"wp-block-file--media-a8cfa699-56f4-44dd-9ae0-918de2bff0a0\">Baixa<\/a><\/div>\n\n\n\n<p><strong>Terrassa, 27 de gener de 2025 \u2013 <\/strong>L&#8217;Organitzaci\u00f3 d&#8217;Aut\u00f2noms de Catalunya (Autcat) ha fet arribar una carta a la ministra d&#8217;Inclusi\u00f3, Seguretat Social i Migracions d&#8217;Espanya Elma Saiz Delgado, on denuncia la situaci\u00f3 injusta i preocupant que viuen moltes persones treballadores aut\u00f2nomes arran de les reclamacions de la Seguretat Social per al retorn de les prestacions per cessament d&#8217;activitat rebudes durant la pand\u00e8mia de la COVID-19. \u201cAquestes reclamacions, que en molts casos es fonamenten en criteris opacs i revisions a posteriori, posen en risc la viabilitat econ\u00f2mica d&#8217;un col\u00b7lectiu ja de per si molt castigat\u201d, afirma Enric Rius, president de l\u2019Autcat en l\u2019escrit a la ministra.<\/p>\n\n\n\n<p>Durant els moments m\u00e9s durs de la pand\u00e8mia es va establir una prestaci\u00f3 extraordin\u00e0ria per cessament d&#8217;activitat destinada als aut\u00f2noms que van haver de tancar els seus negocis o que van patir una caiguda significativa dels seus ingressos. Aquesta ajuda es concedia sota unes condicions excepcionals i amb tr\u00e0mits que, en molts casos, es van simplificar per agilitzar-ne l&#8217;acc\u00e9s.<\/p>\n\n\n\n<p>En els darrers mesos, nombrosos aut\u00f2noms han denunciat que se&#8217;ls est\u00e0 exigint el retorn de les prestacions rebudes durant la pand\u00e8mia. Les causes al\u00b7legades inclouen errors administratius, falta de requisits i revisions posteriors, en alguns casos s\u2019apliquen criteris de justificaci\u00f3 m\u00e9s estrictes respecte als exigits durant l\u2019emerg\u00e8ncia sanit\u00e0ria. \u201cAquesta onada de reclamacions est\u00e0 generant una gran preocupaci\u00f3 entre els aut\u00f2noms, molts dels quals es troben encara en situacions econ\u00f2miques prec\u00e0ries\u201d, argumenta Rius.<\/p>\n\n\n\n<p>Els principals problemes en qu\u00e8 s\u2019estan trobant s\u00f3n:<\/p>\n\n\n\n<ol class=\"wp-block-list\">\n<li><strong>Deute inesperat:<\/strong> els imports poden ascendir a milers d&#8217;euros, una suma que molts aut\u00f2noms no poden assumir.<\/li>\n\n\n\n<li><strong>Inseguretat jur\u00eddica:<\/strong> La falta de claredat en els criteris de concessi\u00f3 i revisi\u00f3 genera desconcert i sensaci\u00f3 d&#8217;injust\u00edcia.<\/li>\n\n\n\n<li><strong>Costos legals:<\/strong> Els aut\u00f2noms que decideixen impugnar aquestes reclamacions han de fer front a despeses jur\u00eddiques addicionals.<\/li>\n<\/ol>\n\n\n\n<p>Des d&#8217;Autcat, estan recomanant als aut\u00f2noms afectats que revisin la documentaci\u00f3, busquin assessorament professional i, si \u00e9s necessari, recorrin les reclamacions. \u201cA m\u00e9s, exigim transpar\u00e8ncia total en els criteris utilitzats per a aquestes reclamacions, proporcionalitat en les exig\u00e8ncies de devoluci\u00f3 i mesures de suport per als aut\u00f2noms afectats. Hem de pensar que les realitats i contextos d\u2019aquestes persones, cinc anys despr\u00e9s de pand\u00e8mia, s\u00f3n molt diverses i els estan requerint documentaci\u00f3 o informaci\u00f3 que, des del nostre punt de vista no t\u00e9 sentit, i m\u00e9s si en alguns casos no van poder ni refer-se\u2019n i van haver de liquidar el negoci. Ara que aquestes persones just s\u2019han pogut reincorporar al mercat de treball, havent d\u2019arrossegar deutes a m\u00e9s la SS els reclama, en alguns casos, tres mil euros. Volen acabar-los d\u2019enfonsar i engrossir la llista de persones que han de rebre prestacions o subsidis per poder viure o prefereixen gent cotitzant?\u201d, q\u00fcestiona el president de l\u2019Autcat.<\/p>\n\n\n\n<p>En el seu escrit a la ministra de Seguretat Social, m\u00e9s enll\u00e0 de denunciar aquests fets, l\u2019Autcat exigeix una revisi\u00f3 immediata de les reclamacions. Com a associaci\u00f3 que defensa els drets dels aut\u00f2noms a Catalunya l\u2019Autcat exigeix:<\/p>\n\n\n\n<ol class=\"wp-block-list\">\n<li><strong>Transpar\u00e8ncia total:<\/strong> Que s&#8217;expliquin amb claredat els criteris utilitzats per a aquestes reclamacions i que els afectats tinguin acc\u00e9s a tota la informaci\u00f3 necess\u00e0ria.<\/li>\n\n\n\n<li><strong>Proporcionalitat:<\/strong> Que es tinguin en compte les circumst\u00e0ncies excepcionals de la pand\u00e8mia i es revisin les exig\u00e8ncies de devoluci\u00f3 de manera justa.<\/li>\n\n\n\n<li><strong>Mesures de suport:<\/strong> Instem el Govern a proporcionar recursos legals i econ\u00f2mics per als aut\u00f2noms que hagin de fer front a aquestes reclamacions.<\/li>\n\n\n\n<li><strong>Condonaci\u00f3 del deute:<\/strong> Per als casos en qu\u00e8 es pugui demostrar que l&#8217;aut\u00f2nom va actuar de bona fe i va necessitar l&#8217;ajuda per subsistir.<\/li>\n<\/ol>\n\n\n\n<p>\u201cReiterem el nostre comprom\u00eds amb els aut\u00f2noms i fem una crida a les administracions perqu\u00e8 actu\u00efn amb responsabilitat, transpar\u00e8ncia i empatia per evitar danyar encara m\u00e9s un col\u00b7lectiu essencial per a l&#8217;economia del nostre pa\u00eds\u201d, conclou Enric Rius.<\/p>\n","protected":false},"excerpt":{"rendered":"<p>Nombrosos aut\u00f2noms estan denunciant que se&#8217;ls est\u00e0 exigint el retorn de les prestacions rebudes durant la pand\u00e8mia per causes relatives a errors administratius, falta de requisits i revisions posteriors amb criteris m\u00e9s estrictes que els aplicats durant l\u2019emerg\u00e8ncia sanit\u00e0ria. Terrassa, 27 de gener de 2025 \u2013 L&#8217;Organitzaci\u00f3 d&#8217;Aut\u00f2noms de Catalunya (Autcat) ha fet arribar una [&hellip;]<\/p>\n","protected":false},"featured_media":306844,"menu_order":0,"template":"","categories":[410],"class_list":["post-356046","premsa","type-premsa","status-publish","has-post-thumbnail","hentry","category-activitats"],"_links":{"self":[{"href":"https:\/\/cecot.org\/es\/wp-json\/wp\/v2\/premsa\/356046","targetHints":{"allow":["GET"]}}],"collection":[{"href":"https:\/\/cecot.org\/es\/wp-json\/wp\/v2\/premsa"}],"about":[{"href":"https:\/\/cecot.org\/es\/wp-json\/wp\/v2\/types\/premsa"}],"wp:featuredmedia":[{"embeddable":true,"href":"https:\/\/cecot.org\/es\/wp-json\/wp\/v2\/media\/306844"}],"wp:attachment":[{"href":"https:\/\/cecot.org\/es\/wp-json\/wp\/v2\/media?parent=356046"}],"wp:term":[{"taxonomy":"category","embeddable":true,"href":"https:\/\/cecot.org\/es\/wp-json\/wp\/v2\/categories?post=356046"}],"curies":[{"name":"wp","href":"https:\/\/api.w.org\/{rel}","templated":true}]}}

Autcat carrega contra el ministeri de Seguretat Social per les reclamacions “injustes” als autònoms per les prestacions de la COVID-19

<ul class="wp-block-list"></ul>



<blockquote class="wp-block-quote is-layout-flow wp-block-quote-is-layout-flow">
<p><strong>Nombrosos autònoms estan denunciant que se&#8217;ls està exigint el retorn de les prestacions rebudes durant la pandèmia per causes relatives a errors administratius, falta de requisits i revisions posteriors amb criteris més estrictes que els aplicats durant l’emergència sanitària.</strong></p>
</blockquote>



<ul class="wp-block-list">
<li><strong>Enric Rius: “la situació està generant deutes inesperats, amb imports que molts autònoms no poden assumir; inseguretat jurídica i costos legals per fer front a despeses jurídiques addicionals. Tot plegat posa en risc la viabilitat econòmica d’un col·lectiu ja de per si molt castigat”.</strong></li>
</ul>



<div class="wp-block-file"><a id="wp-block-file--media-a8cfa699-56f4-44dd-9ae0-918de2bff0a0" href="https://cecot.org/wp-content/uploads/2023/08/0017_Enric-Rius-1.png">Fotografia d&#8217;Enric Rius, president de l&#8217;Autcat</a><a href="https://cecot.org/wp-content/uploads/2023/08/0017_Enric-Rius-1.png" class="wp-block-file__button wp-element-button" download aria-describedby="wp-block-file--media-a8cfa699-56f4-44dd-9ae0-918de2bff0a0">Baixa</a></div>



<p><strong>Terrassa, 27 de gener de 2025 – </strong>L&#8217;Organització d&#8217;Autònoms de Catalunya (Autcat) ha fet arribar una carta a la ministra d&#8217;Inclusió, Seguretat Social i Migracions d&#8217;Espanya Elma Saiz Delgado, on denuncia la situació injusta i preocupant que viuen moltes persones treballadores autònomes arran de les reclamacions de la Seguretat Social per al retorn de les prestacions per cessament d&#8217;activitat rebudes durant la pandèmia de la COVID-19. “Aquestes reclamacions, que en molts casos es fonamenten en criteris opacs i revisions a posteriori, posen en risc la viabilitat econòmica d&#8217;un col·lectiu ja de per si molt castigat”, afirma Enric Rius, president de l’Autcat en l’escrit a la ministra.</p>



<p>Durant els moments més durs de la pandèmia es va establir una prestació extraordinària per cessament d&#8217;activitat destinada als autònoms que van haver de tancar els seus negocis o que van patir una caiguda significativa dels seus ingressos. Aquesta ajuda es concedia sota unes condicions excepcionals i amb tràmits que, en molts casos, es van simplificar per agilitzar-ne l&#8217;accés.</p>



<p>En els darrers mesos, nombrosos autònoms han denunciat que se&#8217;ls està exigint el retorn de les prestacions rebudes durant la pandèmia. Les causes al·legades inclouen errors administratius, falta de requisits i revisions posteriors, en alguns casos s’apliquen criteris de justificació més estrictes respecte als exigits durant l’emergència sanitària. “Aquesta onada de reclamacions està generant una gran preocupació entre els autònoms, molts dels quals es troben encara en situacions econòmiques precàries”, argumenta Rius.</p>



<p>Els principals problemes en què s’estan trobant són:</p>



<ol class="wp-block-list">
<li><strong>Deute inesperat:</strong> els imports poden ascendir a milers d&#8217;euros, una suma que molts autònoms no poden assumir.</li>



<li><strong>Inseguretat jurídica:</strong> La falta de claredat en els criteris de concessió i revisió genera desconcert i sensació d&#8217;injustícia.</li>



<li><strong>Costos legals:</strong> Els autònoms que decideixen impugnar aquestes reclamacions han de fer front a despeses jurídiques addicionals.</li>
</ol>



<p>Des d&#8217;Autcat, estan recomanant als autònoms afectats que revisin la documentació, busquin assessorament professional i, si és necessari, recorrin les reclamacions. “A més, exigim transparència total en els criteris utilitzats per a aquestes reclamacions, proporcionalitat en les exigències de devolució i mesures de suport per als autònoms afectats. Hem de pensar que les realitats i contextos d’aquestes persones, cinc anys després de pandèmia, són molt diverses i els estan requerint documentació o informació que, des del nostre punt de vista no té sentit, i més si en alguns casos no van poder ni refer-se’n i van haver de liquidar el negoci. Ara que aquestes persones just s’han pogut reincorporar al mercat de treball, havent d’arrossegar deutes a més la SS els reclama, en alguns casos, tres mil euros. Volen acabar-los d’enfonsar i engrossir la llista de persones que han de rebre prestacions o subsidis per poder viure o prefereixen gent cotitzant?”, qüestiona el president de l’Autcat.</p>



<p>En el seu escrit a la ministra de Seguretat Social, més enllà de denunciar aquests fets, l’Autcat exigeix una revisió immediata de les reclamacions. Com a associació que defensa els drets dels autònoms a Catalunya l’Autcat exigeix:</p>



<ol class="wp-block-list">
<li><strong>Transparència total:</strong> Que s&#8217;expliquin amb claredat els criteris utilitzats per a aquestes reclamacions i que els afectats tinguin accés a tota la informació necessària.</li>



<li><strong>Proporcionalitat:</strong> Que es tinguin en compte les circumstàncies excepcionals de la pandèmia i es revisin les exigències de devolució de manera justa.</li>



<li><strong>Mesures de suport:</strong> Instem el Govern a proporcionar recursos legals i econòmics per als autònoms que hagin de fer front a aquestes reclamacions.</li>



<li><strong>Condonació del deute:</strong> Per als casos en què es pugui demostrar que l&#8217;autònom va actuar de bona fe i va necessitar l&#8217;ajuda per subsistir.</li>
</ol>



<p>“Reiterem el nostre compromís amb els autònoms i fem una crida a les administracions perquè actuïn amb responsabilitat, transparència i empatia per evitar danyar encara més un col·lectiu essencial per a l&#8217;economia del nostre país”, conclou Enric Rius.</p>

<p>Nombrosos autònoms estan denunciant que se&#8217;ls està exigint el retorn de les prestacions rebudes durant la pandèmia per causes relatives a errors administratius, falta de requisits i revisions posteriors amb criteris més estrictes que els aplicats durant l’emergència sanitària. Terrassa, 27 de gener de 2025 – L&#8217;Organització d&#8217;Autònoms de Catalunya (Autcat) ha fet arribar una [&hellip;]</p>
