{"id":353220,"date":"2024-12-10T10:31:35","date_gmt":"2024-12-10T08:31:35","guid":{"rendered":"https:\/\/cecot.org\/premsa\/la-cecot-participa-en-el-llancament-del-projecte-pro-mote-per-promoure-la-integracio-laboral-de-migrants-i-refugiats-a-la-unio-europea-copy\/"},"modified":"2024-12-10T10:39:07","modified_gmt":"2024-12-10T08:39:07","slug":"b-braun-acull-les-startups-participants-la-segona-edicio-la-preacceleradora-healthcare-valles","status":"publish","type":"premsa","link":"https:\/\/cecot.org\/es\/premsa\/b-braun-acull-les-startups-participants-la-segona-edicio-la-preacceleradora-healthcare-valles\/","title":{"rendered":"B. Braun acull les startups participants de la segona edici\u00f3 de la preacceleradora Healthcare Vall\u00e8s\u00a0"},"content":{"rendered":"\n<blockquote class=\"wp-block-quote is-layout-flow wp-block-quote-is-layout-flow\">\n<p><strong><strong><strong>En la primera jornada, B. Braun va presentar els projectes exitosos d\u2019innovaci\u00f3 desenvolupats en el context de les divisions i el centre d\u2019excel\u00b7l\u00e8ncia OR-Supply i va\u00a0 obrir les portes del seus centres productius de solucions parenterals i sutures de Rub\u00ed a les startups de la preacceleradora.<\/strong><\/strong><\/strong><\/p>\n<\/blockquote>\n\n\n\n<ul class=\"wp-block-list\">\n<li><strong>En la segona jornada, les startups d\u2019aquesta segona edici\u00f3 van presentar els seus projectes emprenedors a l\u2019equip directiu de B. Braun.\u00a0<\/strong><\/li>\n\n\n\n<li><strong>Els participants van con\u00e8ixer de primera m\u00e0 Catalonia.Health, entitat que representa les entitats i empreses del sector salut a Catalunya.\u00a0<\/strong><\/li>\n<\/ul>\n\n\n\n<p><strong>Terrassa, <\/strong><strong>10 de desembre de 2024<\/strong>. B. Braun, multinacional alemanya amb m\u00e9s de 180 anys d\u2019experi\u00e8ncia en la fabricaci\u00f3 i distribuci\u00f3 de productes sanitaris i farmac\u00e8utics a nivell mundial, participa en la segona edici\u00f3 de la preacceleradora Healthcare Vall\u00e8s rebent a les startups participants en les seves instal\u00b7lacions.&nbsp;<\/p>\n\n\n\n<p>Per part de l\u2019empresa, en la que hi col\u00b7laboren arreu d\u2019Espanya m\u00e9s de 2.600 persones treballadores en els seus centres de producci\u00f3, log\u00edstica i centres de di\u00e0lisi, han participat en aquesta segona edici\u00f3 el vicepresident d\u2019innovaci\u00f3 i desenvolupament de negoci del departament Global B2B Partnering, <strong>Pau Turon<\/strong>, i la cap de sostenibilitat, <strong>Florence Roumeas<\/strong>.&nbsp;<\/p>\n\n\n\n<p>Durant la visita de les startups participants en la primera jornada, en Pau Turon va explicar la traject\u00f2ria de la companyia i juntament amb la Florence Roumeas, va presentar les seves divisions: Aesculap, Hospital Care i Avitum i el Centre d\u2019Excel\u00b7l\u00e8ncia OR-Supply.&nbsp;<\/p>\n\n\n\n<p>Tamb\u00e9 van obrir les portes del seus centres productius de solucions parenterals i sutures automatitzades, on les startups assistents van poder observar des de la producci\u00f3 a gran escala fins al control de qualitat, aix\u00ed com l\u2019envasat i l\u2019etiquetatge, preparant-lo per a la seva distribuci\u00f3 final. A m\u00e9s, van poder con\u00e8ixer la secci\u00f3 de producci\u00f3 (CAPS) de dietes de nutrici\u00f3 parenteral. B. Braun a Rub\u00ed t\u00e9 la seu del centre d\u2019excel\u00b7l\u00e8ncia internacional que gestiona els productes relacionats amb el tancament quir\u00fargic de la ferida quir\u00fargica que es fan servir a quir\u00f2fan, com ara&nbsp; sutures, adhesius quir\u00fargics, malles per a la hernia inguinal i hemost\u00e0tics.&nbsp;<\/p>\n\n\n\n<p>Al llarg de la visita, B. Braun va donar a con\u00e8ixer diversos exemples d\u2019innovaci\u00f3, entre els quals destaquen les innovacions tecnol\u00f2giques per a lluita contra la infecci\u00f3 dels pacients als hospitals i els sistemes de detecci\u00f3 de contaminacions bacterianes.&nbsp;&nbsp;&nbsp;<\/p>\n\n\n\n<p>En la segona jornada, les startups d\u2019aquesta segona edici\u00f3 van presentar els seus projectes emprenedors a en Pau Turon, de qui van rebre valuoses valoracions i oportunitats de millora, juntament amb la Laura Iglesias, Business Development Manager de Catalonia.Health.&nbsp;<\/p>\n\n\n\n<p>En la jornada, els participants van poder con\u00e8ixer l\u2019activitat de Catalonia.Health, entitat que representa les entitats i empreses del sector de la salut a Catalunya, la qual est\u00e0 integrada per m\u00e9s de 240 empreses i agents del coneixement l\u00edders en R+D*I i fabricaci\u00f3, cobrint tota la cadena de valor del sector salut.&nbsp;<\/p>\n\n\n\n<p>La preacceleradora\u202f<strong>Healthcare Vall\u00e8s<\/strong>, que \u00e9s una iniciativa de Cecot i el Departament d\u2019Empresa i Treball, amb el cofinan\u00e7ament del Fons Social Europeu Plus,\u202f<strong>est\u00e0 orientada a persones emprenedores\u202famb idees o projectes start ups del sector de la salut<\/strong>, que vulguin portar la seva iniciativa al seg\u00fcent nivell. El programa, de nou mesos de durada, ofereix un itinerari formatiu i de mentoria relacionat amb el model de negoci, estrat\u00e8gia, vendes, marketing i gesti\u00f3 econ\u00f2mic-financera, especialitzada en l\u2019\u00e0mbit sanitari, i inclou la possibilitat de mantenir contacte amb les empreses consolidades de l\u2019ecosistema sanitari del Vall\u00e8s.\u202f&nbsp;<\/p>\n\n\n\n<p>Les empreses de l\u2019ecosistema que col\u00b7laboren al projecte s\u00f3n\u202f<strong>M\u00fatua Terrassa, Consorci Sanitari de Terrassa, Egarsat, Vitaly, B. Braun i Moehs Ib\u00e9rica<\/strong>, que m\u00e9s enll\u00e0 de con\u00e8ixer els projectes, posen a disposici\u00f3 la seva experi\u00e8ncia per aconsellar i guiar a les persones emprenedores en els diferents estadis dels seus projectes.\u202f\u202f&nbsp;<\/p>\n\n\n\n<p>Les startups participants a la segona edici\u00f3 de la preacceleradora Healthcare Vall\u00e8s son:\u202f<strong>Nodematch, Meloom, Loop Diagnostics, Robopedics, Renvix, Genialhelp Go!, FlorenceCare, FisioReact, CR Super Nova, Heecap, A mossegades, BrainFocus, Live Fresh Biotech SL i Recordarcita.com<\/strong>.\u202f&nbsp;<\/p>\n\n\n\n<p><strong>&nbsp;Sobre B. Braun<\/strong>&nbsp;<\/p>\n\n\n\n<p>B. Braun \u00e9s un dels fabricants i prove\u00efdors l\u00edders del m\u00f3n de solucions sanit\u00e0ries. Tots els serveis que proporciona B. Braun incorporen tot el expertise que atresora des de la seva creaci\u00f3, en 1839, per a donar resposta a les necessitats de professionals sanitaris i pacients.&nbsp;&nbsp;<\/p>\n\n\n\n<p>Avui dia, la innovaci\u00f3 continua sent el motor del nostre \u00e8xit. Gr\u00e0cies al nostre profund coneixement del sector sumat al poder de la tecnologia, continuem impulsant avan\u00e7os en l&#8217;assist\u00e8ncia sanit\u00e0ria, desenvolupant solucions intel\u00b7ligents que milloren la vida de les persones a tot el m\u00f3n.&nbsp;<\/p>\n\n\n\n<p><strong>Altres informacions relacionades amb el programa Healthcare Vall\u00e8s<\/strong>\u202f&nbsp;<\/p>\n\n\n\n<ul class=\"wp-block-list\">\n<li>Healthcare Vall\u00e8s \u2013\u202f<a href=\"https:\/\/serveis.cecot.org\/Servei\/Healthcare-Valles\" target=\"_blank\" rel=\"noreferrer noopener\">https:\/\/serveis.cecot.org\/Servei\/Healthcare-Valles<\/a>\u202f\u00a0<\/li>\n<\/ul>\n\n\n\n<ul class=\"wp-block-list\">\n<li>La Cecot consolida la seva aposta per l\u2019emprenedoria disruptiva del sector de la salut amb una nova edici\u00f3 del Healthcare Vall\u00e8s-\u202f<a href=\"https:\/\/institucional.cecot.org\/Sala-de-premsa\/Notes-de-Premsa\/Cecot\/Cecot-impulsa-la-segona-edicio-del-Healthcare-Valles\" target=\"_blank\" rel=\"noreferrer noopener\">https:\/\/institucional.cecot.org\/Sala-de-premsa\/Notes-de-Premsa\/Cecot\/Cecot-impulsa-la-segona-edicio-del-Healthcare-Valles<\/a>\u202f\u202f\u00a0<\/li>\n<\/ul>\n\n\n\n<ul class=\"wp-block-list\">\n<li>Balan\u00e7 actual de la 2na edici\u00f3 de la preacceleradora Healthcare Vall\u00e8s de la Cecot \u2013\u202f<a href=\"https:\/\/institucional.cecot.org\/Sala-de-premsa\/Notes-de-Premsa\/Cecot\/Balanc-actual-de-la-2na-edicio-de-la-preacceleradora-Healthcare-Valles-de-la-Cecot\" target=\"_blank\" rel=\"noreferrer noopener\">https:\/\/institucional.cecot.org\/Sala-de-premsa\/Notes-de-Premsa\/Cecot\/Balanc-actual-de-la-2na-edicio-de-la-preacceleradora-Healthcare-Valles-de-la-Cecot<\/a>\u202f\u202f\u00a0<\/li>\n<\/ul>\n\n\n\n<p><strong>Sobre el Departament d\u2019Emprenedoria i Creixement Empresarial<\/strong>.&nbsp;&nbsp;<\/p>\n\n\n\n<p>Sota el paraig\u00fces del Departament d\u2019Emprenedoria i Creixement Empresarial s\u2019ofereix assessorament a les persones emprenedores i empres\u00e0ries a trav\u00e9s de les diferents \u00e0rees de treball:\u202f\u202f&nbsp;<\/p>\n\n\n\n<ul class=\"wp-block-list\">\n<li>Creaci\u00f3 d\u2019empreses: les persones emprenedores poden rebre assessorament i acompanyament en totes les fases de la creaci\u00f3 de la seva empresa. A m\u00e9s, al ser punt PAE, tamb\u00e9 ens ocupem dels tr\u00e0mits d\u2019alta. Per a m\u00e9s informaci\u00f3:\u202f<a href=\"https:\/\/serveis.cecot.org\/Serveis\/Emprenedoria\" target=\"_blank\" rel=\"noreferrer noopener\">https:\/\/serveis.cecot.org\/Serveis\/Emprenedoria<\/a>\u202f\u202f\u00a0<\/li>\n<\/ul>\n\n\n\n<ul class=\"wp-block-list\">\n<li>Transmissi\u00f3 empresarial: si tens una empresa o negoci, ja no pots donar-li continu\u00eftat i cerques un relleu; o si ets emprenedor i et planteges emprendre a trav\u00e9s de la compra d\u2019una empresa en funcionament, a trav\u00e9s del servei de Reempresa t\u2019acompanyem i assessorem en totes les fases de la compra o la venda de l\u2019empresa. Per a m\u00e9s informaci\u00f3:\u202f<a href=\"https:\/\/www.reempresa.org\/\" target=\"_blank\" rel=\"noreferrer noopener\">https:\/\/www.reempresa.org\/<\/a>\u202f\u202f\u00a0<\/li>\n<\/ul>\n\n\n\n<ul class=\"wp-block-list\">\n<li>Consolidaci\u00f3 i creixement: oferim acompanyament a les persones emprenedores i empres\u00e0ries en el proc\u00e9s de consolidar la seva empresa i fer-la cr\u00e9ixer, a trav\u00e9s d\u2019assessorament especialitzat i actuacions formatives. A m\u00e9s, a trav\u00e9s del servei de HelpEmpresa, podem fer un diagn\u00f2stic integral de la situaci\u00f3 de la teva empresa, donar-te consells per fer-la m\u00e9s resilient per afrontar reptes a futur. Si la teva empresa t\u00e9 problemes de viabilitat, tamb\u00e9 t\u2019acompanyem en el proc\u00e9s de reestructuraci\u00f3 o tancament honest i ordenat. Per a m\u00e9s informaci\u00f3:\u202f<a href=\"https:\/\/helpempresa.com\/\" target=\"_blank\" rel=\"noreferrer noopener\">https:\/\/helpempresa.com\/<\/a>\u202f\u202f\u00a0<\/li>\n<\/ul>\n\n\n\n<ul class=\"wp-block-list\">\n<li>Oficina de finan\u00e7ament: tant si ets emprenedor\/a o empresari\/a, t\u2019ajudem a trobar la millor soluci\u00f3 de finan\u00e7ament per al teu projecte o empresa, ja sigui per a la seva constituci\u00f3 com per fer-la cr\u00e9ixer amb noves inversions. Per a m\u00e9s informaci\u00f3:\u202f<a href=\"https:\/\/serveis.cecot.org\/Pagines\/Oficina-de-financament\" target=\"_blank\" rel=\"noreferrer noopener\">https:\/\/serveis.cecot.org\/Pagines\/Oficina-de-financament<\/a>\u202f\u202f\u00a0<\/li>\n<\/ul>\n","protected":false},"excerpt":{"rendered":"<p>En la primera jornada, B. Braun va presentar els projectes exitosos d\u2019innovaci\u00f3 desenvolupats en el context de les divisions i el centre d\u2019excel\u00b7l\u00e8ncia OR-Supply i va\u00a0 obrir les portes del seus centres productius de solucions parenterals i sutures de Rub\u00ed a les startups de la preacceleradora. Terrassa, 10 de desembre de 2024. B. Braun, multinacional [&hellip;]<\/p>\n","protected":false},"featured_media":353224,"menu_order":0,"template":"","categories":[407,131],"class_list":["post-353220","premsa","type-premsa","status-publish","has-post-thumbnail","hentry","category-cecot","category-emprenedoria-creixement-empresarial"],"_links":{"self":[{"href":"https:\/\/cecot.org\/es\/wp-json\/wp\/v2\/premsa\/353220","targetHints":{"allow":["GET"]}}],"collection":[{"href":"https:\/\/cecot.org\/es\/wp-json\/wp\/v2\/premsa"}],"about":[{"href":"https:\/\/cecot.org\/es\/wp-json\/wp\/v2\/types\/premsa"}],"wp:featuredmedia":[{"embeddable":true,"href":"https:\/\/cecot.org\/es\/wp-json\/wp\/v2\/media\/353224"}],"wp:attachment":[{"href":"https:\/\/cecot.org\/es\/wp-json\/wp\/v2\/media?parent=353220"}],"wp:term":[{"taxonomy":"category","embeddable":true,"href":"https:\/\/cecot.org\/es\/wp-json\/wp\/v2\/categories?post=353220"}],"curies":[{"name":"wp","href":"https:\/\/api.w.org\/{rel}","templated":true}]}}

B. Braun acull les startups participants de la segona edició de la preacceleradora Healthcare Vallès

<blockquote class="wp-block-quote is-layout-flow wp-block-quote-is-layout-flow">
<p><strong><strong><strong>En la primera jornada, B. Braun va presentar els projectes exitosos d’innovació desenvolupats en el context de les divisions i el centre d’excel·lència OR-Supply i va  obrir les portes del seus centres productius de solucions parenterals i sutures de Rubí a les startups de la preacceleradora.</strong></strong></strong></p>
</blockquote>



<ul class="wp-block-list">
<li><strong>En la segona jornada, les startups d’aquesta segona edició van presentar els seus projectes emprenedors a l’equip directiu de B. Braun. </strong></li>



<li><strong>Els participants van conèixer de primera mà Catalonia.Health, entitat que representa les entitats i empreses del sector salut a Catalunya. </strong></li>
</ul>



<p><strong>Terrassa, </strong><strong>10 de desembre de 2024</strong>. B. Braun, multinacional alemanya amb més de 180 anys d’experiència en la fabricació i distribució de productes sanitaris i farmacèutics a nivell mundial, participa en la segona edició de la preacceleradora Healthcare Vallès rebent a les startups participants en les seves instal·lacions.&nbsp;</p>



<p>Per part de l’empresa, en la que hi col·laboren arreu d’Espanya més de 2.600 persones treballadores en els seus centres de producció, logística i centres de diàlisi, han participat en aquesta segona edició el vicepresident d’innovació i desenvolupament de negoci del departament Global B2B Partnering, <strong>Pau Turon</strong>, i la cap de sostenibilitat, <strong>Florence Roumeas</strong>.&nbsp;</p>



<p>Durant la visita de les startups participants en la primera jornada, en Pau Turon va explicar la trajectòria de la companyia i juntament amb la Florence Roumeas, va presentar les seves divisions: Aesculap, Hospital Care i Avitum i el Centre d’Excel·lència OR-Supply.&nbsp;</p>



<p>També van obrir les portes del seus centres productius de solucions parenterals i sutures automatitzades, on les startups assistents van poder observar des de la producció a gran escala fins al control de qualitat, així com l’envasat i l’etiquetatge, preparant-lo per a la seva distribució final. A més, van poder conèixer la secció de producció (CAPS) de dietes de nutrició parenteral. B. Braun a Rubí té la seu del centre d’excel·lència internacional que gestiona els productes relacionats amb el tancament quirúrgic de la ferida quirúrgica que es fan servir a quiròfan, com ara&nbsp; sutures, adhesius quirúrgics, malles per a la hernia inguinal i hemostàtics.&nbsp;</p>



<p>Al llarg de la visita, B. Braun va donar a conèixer diversos exemples d’innovació, entre els quals destaquen les innovacions tecnològiques per a lluita contra la infecció dels pacients als hospitals i els sistemes de detecció de contaminacions bacterianes.&nbsp;&nbsp;&nbsp;</p>



<p>En la segona jornada, les startups d’aquesta segona edició van presentar els seus projectes emprenedors a en Pau Turon, de qui van rebre valuoses valoracions i oportunitats de millora, juntament amb la Laura Iglesias, Business Development Manager de Catalonia.Health.&nbsp;</p>



<p>En la jornada, els participants van poder conèixer l’activitat de Catalonia.Health, entitat que representa les entitats i empreses del sector de la salut a Catalunya, la qual està integrada per més de 240 empreses i agents del coneixement líders en R+D*I i fabricació, cobrint tota la cadena de valor del sector salut.&nbsp;</p>



<p>La preacceleradora <strong>Healthcare Vallès</strong>, que és una iniciativa de Cecot i el Departament d’Empresa i Treball, amb el cofinançament del Fons Social Europeu Plus, <strong>està orientada a persones emprenedores amb idees o projectes start ups del sector de la salut</strong>, que vulguin portar la seva iniciativa al següent nivell. El programa, de nou mesos de durada, ofereix un itinerari formatiu i de mentoria relacionat amb el model de negoci, estratègia, vendes, marketing i gestió econòmic-financera, especialitzada en l’àmbit sanitari, i inclou la possibilitat de mantenir contacte amb les empreses consolidades de l’ecosistema sanitari del Vallès. &nbsp;</p>



<p>Les empreses de l’ecosistema que col·laboren al projecte són <strong>Mútua Terrassa, Consorci Sanitari de Terrassa, Egarsat, Vitaly, B. Braun i Moehs Ibérica</strong>, que més enllà de conèixer els projectes, posen a disposició la seva experiència per aconsellar i guiar a les persones emprenedores en els diferents estadis dels seus projectes.  &nbsp;</p>



<p>Les startups participants a la segona edició de la preacceleradora Healthcare Vallès son: <strong>Nodematch, Meloom, Loop Diagnostics, Robopedics, Renvix, Genialhelp Go!, FlorenceCare, FisioReact, CR Super Nova, Heecap, A mossegades, BrainFocus, Live Fresh Biotech SL i Recordarcita.com</strong>. &nbsp;</p>



<p><strong>&nbsp;Sobre B. Braun</strong>&nbsp;</p>



<p>B. Braun és un dels fabricants i proveïdors líders del món de solucions sanitàries. Tots els serveis que proporciona B. Braun incorporen tot el expertise que atresora des de la seva creació, en 1839, per a donar resposta a les necessitats de professionals sanitaris i pacients.&nbsp;&nbsp;</p>



<p>Avui dia, la innovació continua sent el motor del nostre èxit. Gràcies al nostre profund coneixement del sector sumat al poder de la tecnologia, continuem impulsant avanços en l&#8217;assistència sanitària, desenvolupant solucions intel·ligents que milloren la vida de les persones a tot el món.&nbsp;</p>



<p><strong>Altres informacions relacionades amb el programa Healthcare Vallès</strong> &nbsp;</p>



<ul class="wp-block-list">
<li>Healthcare Vallès – <a href="https://serveis.cecot.org/Servei/Healthcare-Valles" target="_blank" rel="noreferrer noopener">https://serveis.cecot.org/Servei/Healthcare-Valles</a>  </li>
</ul>



<ul class="wp-block-list">
<li>La Cecot consolida la seva aposta per l’emprenedoria disruptiva del sector de la salut amb una nova edició del Healthcare Vallès- <a href="https://institucional.cecot.org/Sala-de-premsa/Notes-de-Premsa/Cecot/Cecot-impulsa-la-segona-edicio-del-Healthcare-Valles" target="_blank" rel="noreferrer noopener">https://institucional.cecot.org/Sala-de-premsa/Notes-de-Premsa/Cecot/Cecot-impulsa-la-segona-edicio-del-Healthcare-Valles</a>   </li>
</ul>



<ul class="wp-block-list">
<li>Balanç actual de la 2na edició de la preacceleradora Healthcare Vallès de la Cecot – <a href="https://institucional.cecot.org/Sala-de-premsa/Notes-de-Premsa/Cecot/Balanc-actual-de-la-2na-edicio-de-la-preacceleradora-Healthcare-Valles-de-la-Cecot" target="_blank" rel="noreferrer noopener">https://institucional.cecot.org/Sala-de-premsa/Notes-de-Premsa/Cecot/Balanc-actual-de-la-2na-edicio-de-la-preacceleradora-Healthcare-Valles-de-la-Cecot</a>   </li>
</ul>



<p><strong>Sobre el Departament d’Emprenedoria i Creixement Empresarial</strong>.&nbsp;&nbsp;</p>



<p>Sota el paraigües del Departament d’Emprenedoria i Creixement Empresarial s’ofereix assessorament a les persones emprenedores i empresàries a través de les diferents àrees de treball:  &nbsp;</p>



<ul class="wp-block-list">
<li>Creació d’empreses: les persones emprenedores poden rebre assessorament i acompanyament en totes les fases de la creació de la seva empresa. A més, al ser punt PAE, també ens ocupem dels tràmits d’alta. Per a més informació: <a href="https://serveis.cecot.org/Serveis/Emprenedoria" target="_blank" rel="noreferrer noopener">https://serveis.cecot.org/Serveis/Emprenedoria</a>   </li>
</ul>



<ul class="wp-block-list">
<li>Transmissió empresarial: si tens una empresa o negoci, ja no pots donar-li continuïtat i cerques un relleu; o si ets emprenedor i et planteges emprendre a través de la compra d’una empresa en funcionament, a través del servei de Reempresa t’acompanyem i assessorem en totes les fases de la compra o la venda de l’empresa. Per a més informació: <a href="https://www.reempresa.org/" target="_blank" rel="noreferrer noopener">https://www.reempresa.org/</a>   </li>
</ul>



<ul class="wp-block-list">
<li>Consolidació i creixement: oferim acompanyament a les persones emprenedores i empresàries en el procés de consolidar la seva empresa i fer-la créixer, a través d’assessorament especialitzat i actuacions formatives. A més, a través del servei de HelpEmpresa, podem fer un diagnòstic integral de la situació de la teva empresa, donar-te consells per fer-la més resilient per afrontar reptes a futur. Si la teva empresa té problemes de viabilitat, també t’acompanyem en el procés de reestructuració o tancament honest i ordenat. Per a més informació: <a href="https://helpempresa.com/" target="_blank" rel="noreferrer noopener">https://helpempresa.com/</a>   </li>
</ul>



<ul class="wp-block-list">
<li>Oficina de finançament: tant si ets emprenedor/a o empresari/a, t’ajudem a trobar la millor solució de finançament per al teu projecte o empresa, ja sigui per a la seva constitució com per fer-la créixer amb noves inversions. Per a més informació: <a href="https://serveis.cecot.org/Pagines/Oficina-de-financament" target="_blank" rel="noreferrer noopener">https://serveis.cecot.org/Pagines/Oficina-de-financament</a>   </li>
</ul>

<p>En la primera jornada, B. Braun va presentar els projectes exitosos d’innovació desenvolupats en el context de les divisions i el centre d’excel·lència OR-Supply i va  obrir les portes del seus centres productius de solucions parenterals i sutures de Rubí a les startups de la preacceleradora. Terrassa, 10 de desembre de 2024. B. Braun, multinacional [&hellip;]</p>
