{"id":353442,"date":"2024-10-24T13:07:56","date_gmt":"2024-10-24T11:07:56","guid":{"rendered":"https:\/\/cecot.org\/?post_type=multimedia&#038;p=353442"},"modified":"2024-12-12T13:08:16","modified_gmt":"2024-12-12T11:08:16","slug":"retailtrends-intelligencia-artificial-i-intelligencia-emocional-eines-per-al-comerc-actual","status":"publish","type":"multimedia","link":"https:\/\/cecot.org\/es\/multimedia\/retailtrends-intelligencia-artificial-i-intelligencia-emocional-eines-per-al-comerc-actual\/","title":{"rendered":"#RetailTrends | Intel\u00b7lig\u00e8ncia Artificial i Intel\u00b7lig\u00e8ncia Emocional: eines per al Comer\u00e7 actual"},"content":{"rendered":"\n<p>En el decurs de la jornada es facilitaran eines per adoptar la Intel\u00b7lig\u00e8ncia Artificial en el Comer\u00e7 i per generar sinergies amb l\u2019equip de vendes aplicant estrat\u00e8gies d\u2019Intel\u00b7lig\u00e8ncia Emocional.<br>De la m\u00e0 de la Laia Morales, experta en costumer experience i especialista en Tech Marketing, i de la M\u00f2nica Valls, experta en Intel\u00b7lig\u00e8ncia Emocional aplicada al comer\u00e7, coneixerem com la Intel\u00b7lig\u00e8ncia Artificial impacta positivament en el m\u00f3n del comer\u00e7 i com aplicar la Intel\u00b7lig\u00e8ncia Emocional en l&#8217;era de la Intel\u00b7lig\u00e8ncia Artificial.ce<\/p>\n\n\n\n<p><\/p>\n\n\n\n<figure class=\"wp-block-embed is-type-video is-provider-youtube wp-block-embed-youtube wp-embed-aspect-16-9 wp-has-aspect-ratio\"><div class=\"wp-block-embed__wrapper\">\n<iframe title=\"#RetailTrends | Intel\u00b7lig\u00e8ncia Artificial i Intel\u00b7lig\u00e8ncia Emocional: eines per al Comer\u00e7 actual\" width=\"1080\" height=\"608\" src=\"https:\/\/www.youtube.com\/embed\/7WOe9YKuud0?feature=oembed\"  allow=\"accelerometer; autoplay; clipboard-write; encrypted-media; gyroscope; picture-in-picture; web-share\" referrerpolicy=\"strict-origin-when-cross-origin\" allowfullscreen><\/iframe>\n<\/div><\/figure>\n","protected":false},"featured_media":353455,"menu_order":0,"template":"","meta":{"_seopress_robots_primary_cat":"","_seopress_titles_title":"","_seopress_titles_desc":"","_seopress_robots_index":"","_et_pb_use_builder":"off","_et_pb_old_content":"","_et_gb_content_width":""},"categories":[253,269],"categoria":[237,229],"ponents":[619],"class_list":["post-353442","multimedia","type-multimedia","status-publish","has-post-thumbnail","hentry","category-espai-multimedia","category-comerc-retail-em","categoria-retail","categoria-sessions-digitals","ponents-varis"],"_links":{"self":[{"href":"https:\/\/cecot.org\/es\/wp-json\/wp\/v2\/multimedia\/353442","targetHints":{"allow":["GET"]}}],"collection":[{"href":"https:\/\/cecot.org\/es\/wp-json\/wp\/v2\/multimedia"}],"about":[{"href":"https:\/\/cecot.org\/es\/wp-json\/wp\/v2\/types\/multimedia"}],"wp:featuredmedia":[{"embeddable":true,"href":"https:\/\/cecot.org\/es\/wp-json\/wp\/v2\/media\/353455"}],"wp:attachment":[{"href":"https:\/\/cecot.org\/es\/wp-json\/wp\/v2\/media?parent=353442"}],"wp:term":[{"taxonomy":"category","embeddable":true,"href":"https:\/\/cecot.org\/es\/wp-json\/wp\/v2\/categories?post=353442"},{"taxonomy":"categoria","embeddable":true,"href":"https:\/\/cecot.org\/es\/wp-json\/wp\/v2\/categoria?post=353442"},{"taxonomy":"ponents","embeddable":true,"href":"https:\/\/cecot.org\/es\/wp-json\/wp\/v2\/ponents?post=353442"}],"curies":[{"name":"wp","href":"https:\/\/api.w.org\/{rel}","templated":true}]}}

#RetailTrends | Intel·ligència Artificial i Intel·ligència Emocional: eines per al Comerç actual

<p>En el decurs de la jornada es facilitaran eines per adoptar la Intel·ligència Artificial en el Comerç i per generar sinergies amb l’equip de vendes aplicant estratègies d’Intel·ligència Emocional.<br>De la mà de la Laia Morales, experta en costumer experience i especialista en Tech Marketing, i de la Mònica Valls, experta en Intel·ligència Emocional aplicada al comerç, coneixerem com la Intel·ligència Artificial impacta positivament en el món del comerç i com aplicar la Intel·ligència Emocional en l&#8217;era de la Intel·ligència Artificial.ce</p>



<p></p>



<figure class="wp-block-embed is-type-video is-provider-youtube wp-block-embed-youtube wp-embed-aspect-16-9 wp-has-aspect-ratio"><div class="wp-block-embed__wrapper">
<iframe title="#RetailTrends | Intel·ligència Artificial i Intel·ligència Emocional: eines per al Comerç actual" width="1080" height="608" src="https://www.youtube.com/embed/7WOe9YKuud0?feature=oembed"  allow="accelerometer; autoplay; clipboard-write; encrypted-media; gyroscope; picture-in-picture; web-share" referrerpolicy="strict-origin-when-cross-origin" allowfullscreen></iframe>
</div></figure>
