{"id":353347,"date":"2024-11-14T10:18:51","date_gmt":"2024-11-14T08:18:51","guid":{"rendered":"https:\/\/cecot.org\/?post_type=multimedia&#038;p=353347"},"modified":"2024-12-12T10:40:38","modified_gmt":"2024-12-12T08:40:38","slug":"instruments-icex-per-a-la-internacionalitzacio-proxima-obertura-del-programa-icex-next-2024-2","status":"publish","type":"multimedia","link":"https:\/\/cecot.org\/es\/multimedia\/instruments-icex-per-a-la-internacionalitzacio-proxima-obertura-del-programa-icex-next-2024-2\/","title":{"rendered":"Instruments ICEX per a la internacionalitzaci\u00f3: Pr\u00f2xima obertura del programa ICEX NEXT 2024.2."},"content":{"rendered":"\n<figure class=\"wp-block-embed is-type-video is-provider-youtube wp-block-embed-youtube wp-embed-aspect-16-9 wp-has-aspect-ratio\"><div class=\"wp-block-embed__wrapper\">\n<iframe title=\"Instruments ICEX per a la internacionalitzaci\u00f3: Pr\u00f2xima obertura del programa ICEX NEXT 2024.2.\" width=\"1080\" height=\"608\" src=\"https:\/\/www.youtube.com\/embed\/tLcGZgzMLSk?feature=oembed\"  allow=\"accelerometer; autoplay; clipboard-write; encrypted-media; gyroscope; picture-in-picture; web-share\" referrerpolicy=\"strict-origin-when-cross-origin\" allowfullscreen><\/iframe>\n<\/div><\/figure>\n\n\n\n<p>Us convidem a participar en la sessi\u00f3 telem\u00e0tica sobre els programes de suport a la internacionalitzaci\u00f3 d&#8217;empreses oferts per ICEX Espa\u00f1a Exportaci\u00f3n e Inversiones. Durant la sessi\u00f3, es presentar\u00e0 amb especial detall la propera convocat\u00f2ria del programa ICEX NEXT 2024.2.<\/p>\n","protected":false},"featured_media":353367,"menu_order":0,"template":"","meta":{"_seopress_robots_primary_cat":"","_seopress_titles_title":"","_seopress_titles_desc":"","_seopress_robots_index":"","_et_pb_use_builder":"off","_et_pb_old_content":"","_et_gb_content_width":""},"categories":[253,256],"categoria":[234,229],"ponents":[615,380],"class_list":["post-353347","multimedia","type-multimedia","status-publish","has-post-thumbnail","hentry","category-espai-multimedia","category-internacional-em","categoria-internacional","categoria-sessions-digitals","ponents-ana-isabel-bermejo","ponents-marti-lloveras"],"_links":{"self":[{"href":"https:\/\/cecot.org\/es\/wp-json\/wp\/v2\/multimedia\/353347","targetHints":{"allow":["GET"]}}],"collection":[{"href":"https:\/\/cecot.org\/es\/wp-json\/wp\/v2\/multimedia"}],"about":[{"href":"https:\/\/cecot.org\/es\/wp-json\/wp\/v2\/types\/multimedia"}],"wp:featuredmedia":[{"embeddable":true,"href":"https:\/\/cecot.org\/es\/wp-json\/wp\/v2\/media\/353367"}],"wp:attachment":[{"href":"https:\/\/cecot.org\/es\/wp-json\/wp\/v2\/media?parent=353347"}],"wp:term":[{"taxonomy":"category","embeddable":true,"href":"https:\/\/cecot.org\/es\/wp-json\/wp\/v2\/categories?post=353347"},{"taxonomy":"categoria","embeddable":true,"href":"https:\/\/cecot.org\/es\/wp-json\/wp\/v2\/categoria?post=353347"},{"taxonomy":"ponents","embeddable":true,"href":"https:\/\/cecot.org\/es\/wp-json\/wp\/v2\/ponents?post=353347"}],"curies":[{"name":"wp","href":"https:\/\/api.w.org\/{rel}","templated":true}]}}

Instruments ICEX per a la internacionalització: Pròxima obertura del programa ICEX NEXT 2024.2.

<figure class="wp-block-embed is-type-video is-provider-youtube wp-block-embed-youtube wp-embed-aspect-16-9 wp-has-aspect-ratio"><div class="wp-block-embed__wrapper">
<iframe title="Instruments ICEX per a la internacionalització: Pròxima obertura del programa ICEX NEXT 2024.2." width="1080" height="608" src="https://www.youtube.com/embed/tLcGZgzMLSk?feature=oembed"  allow="accelerometer; autoplay; clipboard-write; encrypted-media; gyroscope; picture-in-picture; web-share" referrerpolicy="strict-origin-when-cross-origin" allowfullscreen></iframe>
</div></figure>



<p>Us convidem a participar en la sessió telemàtica sobre els programes de suport a la internacionalització d&#8217;empreses oferts per ICEX España Exportación e Inversiones. Durant la sessió, es presentarà amb especial detall la propera convocatòria del programa ICEX NEXT 2024.2.</p>
