{"id":338274,"date":"2024-06-12T10:31:26","date_gmt":"2024-06-12T08:31:26","guid":{"rendered":"https:\/\/provacecot.org\/?post_type=multimedia&#038;p=338274"},"modified":"2024-11-29T11:16:35","modified_gmt":"2024-11-29T09:16:35","slug":"entrevista-monica-mendoza","status":"publish","type":"multimedia","link":"https:\/\/cecot.org\/es\/multimedia\/entrevista-monica-mendoza\/","title":{"rendered":"Entrevista a M\u00f2nica Mendoza"},"content":{"rendered":"\n<figure class=\"wp-block-embed is-type-video is-provider-youtube wp-block-embed-youtube wp-embed-aspect-16-9 wp-has-aspect-ratio\"><div class=\"wp-block-embed__wrapper\">\n<iframe title=\"La Intel\u00b7lig\u00e8ncia Artificial: El futur de les vendes i el m\u00e0rqueting amb M\u00f2nica Mendoza\" width=\"1080\" height=\"608\" src=\"https:\/\/www.youtube.com\/embed\/0BBrypwXdrM?feature=oembed\"  allow=\"accelerometer; autoplay; clipboard-write; encrypted-media; gyroscope; picture-in-picture; web-share\" referrerpolicy=\"strict-origin-when-cross-origin\" allowfullscreen><\/iframe>\n<\/div><\/figure>\n\n\n\n<p>\u201cLa formaci\u00f3 \u00e9s una eina que ens ajudar\u00e0 a s tot a ser m\u00e9s competitius. O ens formem o deixem de ser competitius en un entorn tan variable i canviable com l\u2019actual. \u201c<\/p>\n\n\n\n<p>M\u00f2nica Mendoza Castillo, speaker internacional especialitzada en estrat\u00e8gia comercial i vendes, ha visitat la Cecot per realitzar una masterclass on va parlar de la IA aplicada a les vendes i la IA aplicada al m\u00e0rqueting amb en Pau Llamb\u00ed Feliu.<\/p>\n","protected":false},"featured_media":338371,"menu_order":0,"template":"","meta":{"_seopress_robots_primary_cat":"","_seopress_titles_title":"Entrevista a M\u00f2nica Mendoza","_seopress_titles_desc":"M\u00f2nica Mendoza Castillo, speaker internacional especialitzada en estrat\u00e8gia comercial i vendes, ha visitat la Cecot per realitzar una masterclass on va parlar de la IA aplicada a les vendes i la IA aplicada al m\u00e0rqueting amb en Pau Llamb\u00ed Feliu.","_seopress_robots_index":"","_et_pb_use_builder":"","_et_pb_old_content":"","_et_gb_content_width":""},"categories":[388,253],"categoria":[],"ponents":[547],"class_list":["post-338274","multimedia","type-multimedia","status-publish","has-post-thumbnail","hentry","category-entrevistes-em","category-espai-multimedia","ponents-monica-mendoza"],"_links":{"self":[{"href":"https:\/\/cecot.org\/es\/wp-json\/wp\/v2\/multimedia\/338274","targetHints":{"allow":["GET"]}}],"collection":[{"href":"https:\/\/cecot.org\/es\/wp-json\/wp\/v2\/multimedia"}],"about":[{"href":"https:\/\/cecot.org\/es\/wp-json\/wp\/v2\/types\/multimedia"}],"wp:featuredmedia":[{"embeddable":true,"href":"https:\/\/cecot.org\/es\/wp-json\/wp\/v2\/media\/338371"}],"wp:attachment":[{"href":"https:\/\/cecot.org\/es\/wp-json\/wp\/v2\/media?parent=338274"}],"wp:term":[{"taxonomy":"category","embeddable":true,"href":"https:\/\/cecot.org\/es\/wp-json\/wp\/v2\/categories?post=338274"},{"taxonomy":"categoria","embeddable":true,"href":"https:\/\/cecot.org\/es\/wp-json\/wp\/v2\/categoria?post=338274"},{"taxonomy":"ponents","embeddable":true,"href":"https:\/\/cecot.org\/es\/wp-json\/wp\/v2\/ponents?post=338274"}],"curies":[{"name":"wp","href":"https:\/\/api.w.org\/{rel}","templated":true}]}}

Entrevista a Mònica Mendoza

<figure class="wp-block-embed is-type-video is-provider-youtube wp-block-embed-youtube wp-embed-aspect-16-9 wp-has-aspect-ratio"><div class="wp-block-embed__wrapper">
<iframe title="La Intel·ligència Artificial: El futur de les vendes i el màrqueting amb Mònica Mendoza" width="1080" height="608" src="https://www.youtube.com/embed/0BBrypwXdrM?feature=oembed"  allow="accelerometer; autoplay; clipboard-write; encrypted-media; gyroscope; picture-in-picture; web-share" referrerpolicy="strict-origin-when-cross-origin" allowfullscreen></iframe>
</div></figure>



<p>“La formació és una eina que ens ajudarà a s tot a ser més competitius. O ens formem o deixem de ser competitius en un entorn tan variable i canviable com l’actual. “</p>



<p>Mònica Mendoza Castillo, speaker internacional especialitzada en estratègia comercial i vendes, ha visitat la Cecot per realitzar una masterclass on va parlar de la IA aplicada a les vendes i la IA aplicada al màrqueting amb en Pau Llambí Feliu.</p>

Mònica Mendoza Castillo, speaker internacional especialitzada en estratègia comercial i vendes, ha visitat la Cecot per realitzar una masterclass on va parlar de la IA aplicada a les vendes i la IA aplicada al màrqueting amb en Pau Llambí Feliu.
