{"id":307875,"date":"2023-01-12T17:39:00","date_gmt":"2023-01-12T15:39:00","guid":{"rendered":"https:\/\/provacecot.org\/?post_type=sessio-digital&#038;p=307875"},"modified":"2025-04-07T09:43:27","modified_gmt":"2025-04-07T07:43:27","slug":"perspectives-dels-mercats-de-lenergia-horitzo-2023","status":"publish","type":"multimedia","link":"https:\/\/cecot.org\/es\/multimedia\/perspectives-dels-mercats-de-lenergia-horitzo-2023\/","title":{"rendered":"Perspectives dels mercats de l&#8217;energia. Horitz\u00f3 2023"},"content":{"rendered":"\n<figure class=\"wp-block-embed is-type-video is-provider-youtube wp-block-embed-youtube wp-embed-aspect-16-9 wp-has-aspect-ratio\"><div class=\"wp-block-embed__wrapper\">\n<iframe title=\"Perspectives dels mercats de l&#039;energia. Horitz\u00f3 2023\" width=\"1080\" height=\"608\" src=\"https:\/\/www.youtube.com\/embed\/XoTkqB3qV2Y?feature=oembed\"  allow=\"accelerometer; autoplay; clipboard-write; encrypted-media; gyroscope; picture-in-picture; web-share\" allowfullscreen><\/iframe>\n<\/div><\/figure>\n\n\n\n<p>L&#8217;actual crisi energ\u00e8tica i el seu desenvolupament a futur, ser\u00e0 sens dubte un dels factors m\u00e9s importants en el desenvolupament de l&#8217;economia per l&#8217;any 2023. Aquesta situaci\u00f3 ha posat de manifest l&#8217;efecte de l&#8217;evoluci\u00f3 dels mercats de l&#8217;energia en la nostra economia i la import\u00e0ncia de factors com el marc regulador, el preu del gas o la necessitat d&#8217;unes pol\u00edtiques energ\u00e8tiques que s&#8217;adaptin a la situaci\u00f3 de present i futur d&#8217;aquest sector. \u00c9s del m\u00e0xim inter\u00e8s, per tant, con\u00e8ixer les perspectives dels propers mesos en aquests \u00e0mbits de la m\u00e0 d&#8217;experts en la mat\u00e8ria que a m\u00e9s participin en el desenvolupament d&#8217;aquestes pol\u00edtiques, en aquesta jornada podrem con\u00e8ixer la seva visi\u00f3 i preguntar-los per all\u00f2 que m\u00e9s ens preocupi.<\/p>\n","protected":false},"featured_media":307659,"menu_order":0,"template":"","meta":{"_seopress_robots_primary_cat":"","_seopress_titles_title":"","_seopress_titles_desc":"","_seopress_robots_index":"","_et_pb_use_builder":"off","_et_pb_old_content":"","_et_gb_content_width":""},"categories":[258,253],"categoria":[],"ponents":[371,372,375,374,370,373],"class_list":["post-307875","multimedia","type-multimedia","status-publish","has-post-thumbnail","hentry","category-energia-em","category-espai-multimedia","ponents-antoni-llarden","ponents-jordi-dolader","ponents-josep-m-serena","ponents-josep-rull","ponents-pep-salas","ponents-xavier-panes"],"_links":{"self":[{"href":"https:\/\/cecot.org\/es\/wp-json\/wp\/v2\/multimedia\/307875","targetHints":{"allow":["GET"]}}],"collection":[{"href":"https:\/\/cecot.org\/es\/wp-json\/wp\/v2\/multimedia"}],"about":[{"href":"https:\/\/cecot.org\/es\/wp-json\/wp\/v2\/types\/multimedia"}],"wp:featuredmedia":[{"embeddable":true,"href":"https:\/\/cecot.org\/es\/wp-json\/wp\/v2\/media\/307659"}],"wp:attachment":[{"href":"https:\/\/cecot.org\/es\/wp-json\/wp\/v2\/media?parent=307875"}],"wp:term":[{"taxonomy":"category","embeddable":true,"href":"https:\/\/cecot.org\/es\/wp-json\/wp\/v2\/categories?post=307875"},{"taxonomy":"categoria","embeddable":true,"href":"https:\/\/cecot.org\/es\/wp-json\/wp\/v2\/categoria?post=307875"},{"taxonomy":"ponents","embeddable":true,"href":"https:\/\/cecot.org\/es\/wp-json\/wp\/v2\/ponents?post=307875"}],"curies":[{"name":"wp","href":"https:\/\/api.w.org\/{rel}","templated":true}]}}

Perspectives dels mercats de l&#8217;energia. Horitzó 2023

<figure class="wp-block-embed is-type-video is-provider-youtube wp-block-embed-youtube wp-embed-aspect-16-9 wp-has-aspect-ratio"><div class="wp-block-embed__wrapper">
<iframe title="Perspectives dels mercats de l&#039;energia. Horitzó 2023" width="1080" height="608" src="https://www.youtube.com/embed/XoTkqB3qV2Y?feature=oembed"  allow="accelerometer; autoplay; clipboard-write; encrypted-media; gyroscope; picture-in-picture; web-share" allowfullscreen></iframe>
</div></figure>



<p>L&#8217;actual crisi energètica i el seu desenvolupament a futur, serà sens dubte un dels factors més importants en el desenvolupament de l&#8217;economia per l&#8217;any 2023. Aquesta situació ha posat de manifest l&#8217;efecte de l&#8217;evolució dels mercats de l&#8217;energia en la nostra economia i la importància de factors com el marc regulador, el preu del gas o la necessitat d&#8217;unes polítiques energètiques que s&#8217;adaptin a la situació de present i futur d&#8217;aquest sector. És del màxim interès, per tant, conèixer les perspectives dels propers mesos en aquests àmbits de la mà d&#8217;experts en la matèria que a més participin en el desenvolupament d&#8217;aquestes polítiques, en aquesta jornada podrem conèixer la seva visió i preguntar-los per allò que més ens preocupi.</p>
