{"id":307871,"date":"2023-06-20T17:29:00","date_gmt":"2023-06-20T15:29:00","guid":{"rendered":"https:\/\/provacecot.org\/?post_type=sessio-digital&#038;p=307871"},"modified":"2025-04-07T09:20:19","modified_gmt":"2025-04-07T07:20:19","slug":"son-les-fires-internacionals-un-instrument-util-per-la-internacionalitzacio","status":"publish","type":"multimedia","link":"https:\/\/cecot.org\/es\/multimedia\/son-les-fires-internacionals-un-instrument-util-per-la-internacionalitzacio\/","title":{"rendered":"S\u00f3n les fires internacionals un instrument \u00fatil per la internacionalitzaci\u00f3?"},"content":{"rendered":"\n<figure class=\"wp-block-embed is-type-video is-provider-youtube wp-block-embed-youtube wp-embed-aspect-16-9 wp-has-aspect-ratio\"><div class=\"wp-block-embed__wrapper\">\n<iframe title=\"S\u00f3n les fires internacionals un instrument \u00fatil per la internacionalitzaci\u00f3?\" width=\"1080\" height=\"608\" src=\"https:\/\/www.youtube.com\/embed\/Op7ihONzU4g?feature=oembed\"  allow=\"accelerometer; autoplay; clipboard-write; encrypted-media; gyroscope; picture-in-picture; web-share\" allowfullscreen><\/iframe>\n<\/div><\/figure>\n\n\n\n<p>Com escollir-les, preparar-les i treure&#8217;n el m\u00e0xim rendiment?<\/p>\n\n\n\n<p>Les fires resulten cares per l&#8217;empresa, per\u00f2 poden ser efectives si les afrontem adequadament.<\/p>\n\n\n\n<p>En aquesta sessi\u00f3 digital t&#8217;expliquem:<\/p>\n\n\n\n<ul class=\"wp-block-list\">\n<li>Fer la tria de la fira m\u00e9s adequada<\/li>\n\n\n\n<li>Planificar les diferents etapes per a la participaci\u00f3<\/li>\n\n\n\n<li>Tenir una comunicaci\u00f3 pr\u00e8via m\u00e9s efectiva<\/li>\n\n\n\n<li>Saber quins s\u00f3n els errors m\u00e9s habituals d&#8217;un expositor<\/li>\n\n\n\n<li>Els recursos humans de la fira, perfil i organitzaci\u00f3 interna<\/li>\n\n\n\n<li>Atenci\u00f3 dels visitants<\/li>\n\n\n\n<li>Despr\u00e9s de la fira: com treure&#8217;n el m\u00e0xim profit<\/li>\n<\/ul>\n","protected":false},"featured_media":307665,"menu_order":0,"template":"","meta":{"_seopress_robots_primary_cat":"","_seopress_titles_title":"","_seopress_titles_desc":"","_seopress_robots_index":"","_et_pb_use_builder":"off","_et_pb_old_content":"","_et_gb_content_width":""},"categories":[253,256],"categoria":[],"ponents":[263],"class_list":["post-307871","multimedia","type-multimedia","status-publish","has-post-thumbnail","hentry","category-espai-multimedia","category-internacional-em","ponents-cristina-danon"],"_links":{"self":[{"href":"https:\/\/cecot.org\/es\/wp-json\/wp\/v2\/multimedia\/307871","targetHints":{"allow":["GET"]}}],"collection":[{"href":"https:\/\/cecot.org\/es\/wp-json\/wp\/v2\/multimedia"}],"about":[{"href":"https:\/\/cecot.org\/es\/wp-json\/wp\/v2\/types\/multimedia"}],"wp:featuredmedia":[{"embeddable":true,"href":"https:\/\/cecot.org\/es\/wp-json\/wp\/v2\/media\/307665"}],"wp:attachment":[{"href":"https:\/\/cecot.org\/es\/wp-json\/wp\/v2\/media?parent=307871"}],"wp:term":[{"taxonomy":"category","embeddable":true,"href":"https:\/\/cecot.org\/es\/wp-json\/wp\/v2\/categories?post=307871"},{"taxonomy":"categoria","embeddable":true,"href":"https:\/\/cecot.org\/es\/wp-json\/wp\/v2\/categoria?post=307871"},{"taxonomy":"ponents","embeddable":true,"href":"https:\/\/cecot.org\/es\/wp-json\/wp\/v2\/ponents?post=307871"}],"curies":[{"name":"wp","href":"https:\/\/api.w.org\/{rel}","templated":true}]}}

Són les fires internacionals un instrument útil per la internacionalització?

<figure class="wp-block-embed is-type-video is-provider-youtube wp-block-embed-youtube wp-embed-aspect-16-9 wp-has-aspect-ratio"><div class="wp-block-embed__wrapper">
<iframe title="Són les fires internacionals un instrument útil per la internacionalització?" width="1080" height="608" src="https://www.youtube.com/embed/Op7ihONzU4g?feature=oembed"  allow="accelerometer; autoplay; clipboard-write; encrypted-media; gyroscope; picture-in-picture; web-share" allowfullscreen></iframe>
</div></figure>



<p>Com escollir-les, preparar-les i treure&#8217;n el màxim rendiment?</p>



<p>Les fires resulten cares per l&#8217;empresa, però poden ser efectives si les afrontem adequadament.</p>



<p>En aquesta sessió digital t&#8217;expliquem:</p>



<ul class="wp-block-list">
<li>Fer la tria de la fira més adequada</li>



<li>Planificar les diferents etapes per a la participació</li>



<li>Tenir una comunicació prèvia més efectiva</li>



<li>Saber quins són els errors més habituals d&#8217;un expositor</li>



<li>Els recursos humans de la fira, perfil i organització interna</li>



<li>Atenció dels visitants</li>



<li>Després de la fira: com treure&#8217;n el màxim profit</li>
</ul>
