{"id":304008,"date":"2022-10-11T12:54:49","date_gmt":"2022-10-11T10:54:49","guid":{"rendered":"https:\/\/provacecot.org\/?post_type=sessio-digital&amp;p=304008"},"modified":"2022-10-11T12:54:49","modified_gmt":"2022-10-11T10:54:49","slug":"mites-llegendes-i-realitats-sobre-com-transformar-lempresa","status":"publish","type":"multimedia","link":"https:\/\/cecot.org\/es\/multimedia\/mites-llegendes-i-realitats-sobre-com-transformar-lempresa\/","title":{"rendered":"Mites, llegendes i realitats sobre com transformar l&#8217;empresa"},"content":{"rendered":"\n<figure class=\"wp-block-embed is-type-video is-provider-youtube wp-block-embed-youtube wp-embed-aspect-16-9 wp-has-aspect-ratio\"><div class=\"wp-block-embed__wrapper\">\n<iframe title=\"Transformaci\u00f3 digital: mites, llegendes i realitats sobre com transformar l&#039;empresa | Amb Gen\u00eds Roca\" width=\"1080\" height=\"608\" src=\"https:\/\/www.youtube.com\/embed\/dyXu28lUlSo?feature=oembed\"  allow=\"accelerometer; autoplay; clipboard-write; encrypted-media; gyroscope; picture-in-picture; web-share\" allowfullscreen><\/iframe>\n<\/div><\/figure>\n\n\n\n<p>El desconeixement, la por al canvi i els mites entorn de la transformaci\u00f3 digital fa que en molts casos aquest concepte esdevingui conf\u00fas. L&#8217;objectiu d&#8217;aquesta sessi\u00f3, de la m\u00e0 del Gen\u00eds Roca, \u00e9s justament definir qu\u00e8 \u00e9s la transformaci\u00f3 digital i com pot contribuir a millorar la competitivitat de les empreses, optimitzar els processos i oferir un nou valor afegit als seus clients.<\/p>\n\n\n\n<p>En Gen\u00eds Roca \u00e9s expert en transformaci\u00f3 empresarial i social, desenvolupament de negoci i cultura digital.<\/p>\n\n\n\n<p>Tamb\u00e9 comptarem amb experi\u00e8ncies reals d&#8217;empreses que ens explicaran com estan sent els seus processos de transformaci\u00f3 digital, quins canvis tecnol\u00f2gics, de processos i cultural estan duent a terme.<\/p>\n","protected":false},"featured_media":307708,"menu_order":0,"template":"","meta":{"_seopress_robots_primary_cat":"","_seopress_titles_title":"","_seopress_titles_desc":"","_seopress_robots_index":"","_et_pb_use_builder":"off","_et_pb_old_content":"","_et_gb_content_width":""},"categories":[253,296],"categoria":[],"ponents":[298,297],"class_list":["post-304008","multimedia","type-multimedia","status-publish","has-post-thumbnail","hentry","category-espai-multimedia","category-innovacio-transformacio-digital-em","ponents-francesc-camps","ponents-genis-roca"],"_links":{"self":[{"href":"https:\/\/cecot.org\/es\/wp-json\/wp\/v2\/multimedia\/304008","targetHints":{"allow":["GET"]}}],"collection":[{"href":"https:\/\/cecot.org\/es\/wp-json\/wp\/v2\/multimedia"}],"about":[{"href":"https:\/\/cecot.org\/es\/wp-json\/wp\/v2\/types\/multimedia"}],"wp:featuredmedia":[{"embeddable":true,"href":"https:\/\/cecot.org\/es\/wp-json\/wp\/v2\/media\/307708"}],"wp:attachment":[{"href":"https:\/\/cecot.org\/es\/wp-json\/wp\/v2\/media?parent=304008"}],"wp:term":[{"taxonomy":"category","embeddable":true,"href":"https:\/\/cecot.org\/es\/wp-json\/wp\/v2\/categories?post=304008"},{"taxonomy":"categoria","embeddable":true,"href":"https:\/\/cecot.org\/es\/wp-json\/wp\/v2\/categoria?post=304008"},{"taxonomy":"ponents","embeddable":true,"href":"https:\/\/cecot.org\/es\/wp-json\/wp\/v2\/ponents?post=304008"}],"curies":[{"name":"wp","href":"https:\/\/api.w.org\/{rel}","templated":true}]}}

<figure class="wp-block-embed is-type-video is-provider-youtube wp-block-embed-youtube wp-embed-aspect-16-9 wp-has-aspect-ratio"><div class="wp-block-embed__wrapper">
<iframe title="Transformació digital: mites, llegendes i realitats sobre com transformar l&#039;empresa | Amb Genís Roca" width="1080" height="608" src="https://www.youtube.com/embed/dyXu28lUlSo?feature=oembed"  allow="accelerometer; autoplay; clipboard-write; encrypted-media; gyroscope; picture-in-picture; web-share" allowfullscreen></iframe>
</div></figure>



<p>El desconeixement, la por al canvi i els mites entorn de la transformació digital fa que en molts casos aquest concepte esdevingui confús. L&#8217;objectiu d&#8217;aquesta sessió, de la mà del Genís Roca, és justament definir què és la transformació digital i com pot contribuir a millorar la competitivitat de les empreses, optimitzar els processos i oferir un nou valor afegit als seus clients.</p>



<p>En Genís Roca és expert en transformació empresarial i social, desenvolupament de negoci i cultura digital.</p>



<p>També comptarem amb experiències reals d&#8217;empreses que ens explicaran com estan sent els seus processos de transformació digital, quins canvis tecnològics, de processos i cultural estan duent a terme.</p>
