{"id":303983,"date":"2022-02-18T11:06:30","date_gmt":"2022-02-18T09:06:30","guid":{"rendered":"https:\/\/provacecot.org\/?post_type=sessio-digital&#038;p=303983"},"modified":"2025-04-07T09:43:28","modified_gmt":"2025-04-07T07:43:28","slug":"agent-digitalitzador-del-kit-digital-per-a-pimes-com-et-podem-ajudar-des-de-la-cecot","status":"publish","type":"multimedia","link":"https:\/\/cecot.org\/es\/multimedia\/agent-digitalitzador-del-kit-digital-per-a-pimes-com-et-podem-ajudar-des-de-la-cecot\/","title":{"rendered":"Agent digitalitzador del Kit Digital per a pimes | Com et podem ajudar des de la Cecot"},"content":{"rendered":"\n<figure class=\"wp-block-embed is-type-video is-provider-youtube wp-block-embed-youtube wp-embed-aspect-16-9 wp-has-aspect-ratio\"><div class=\"wp-block-embed__wrapper\">\n<iframe title=\"Agent digitalitzador del Kit Digital per a pimes | Com et podem ajudar des de la Cecot\" width=\"1080\" height=\"608\" src=\"https:\/\/www.youtube.com\/embed\/B7rcfBBEVIA?feature=oembed\"  allow=\"accelerometer; autoplay; clipboard-write; encrypted-media; gyroscope; picture-in-picture; web-share\" allowfullscreen><\/iframe>\n<\/div><\/figure>\n\n\n\n<p>Acelera Pyme ha posat en marxa el programa Kit Digital que ajudar\u00e0 amb subvencions de fins a 12.000 euros a pimes i aut\u00f2noms a trav\u00e9s de la contractaci\u00f3 de prove\u00efdors tecnol\u00f2gics adherits com a agents digitalitzadors.<\/p>\n\n\n\n<ul class=\"wp-block-list\">\n<li>Creus que pots ser un agent digitalitzador? Coneixes els requisits?<\/li>\n\n\n\n<li>Coneixes l&#8217;impacte que pot tenir per als clients o potencials clients?<\/li>\n\n\n\n<li>Tens dubtes referents a les fases d&#8217;execuci\u00f3 del programa, aix\u00ed com el flux de pagaments d&#8217;aquests ajuts?<\/li>\n\n\n\n<li>Coneixes la plataforma de Kit Digital per donar impuls a la digitalitzaci\u00f3?<\/li>\n<\/ul>\n\n\n\n<p>Durant aquesta sessi\u00f3 digital en Gerard Samaniego , director de Consultoria de Innova Experts Group i en Marc Corominas, assessor d&#8217;Ajuts I+D+i de la Cecot i director comercial de Innova Experts Group amb la col\u00b7laboraci\u00f3 de l&#8217;Aseitec, ens presentan el programa de Kit Digital i resoldran dubtes, tant dels agents digitalitzadors, com d&#8217;aquelles empreses que tinguin previst esdevenir agents digitalitzadors, amb l&#8217;objectiu d&#8217;optimitzar aquestes subvencions.<\/p>\n","protected":false},"featured_media":307732,"menu_order":0,"template":"","meta":{"_seopress_robots_primary_cat":"","_seopress_titles_title":"","_seopress_titles_desc":"","_seopress_robots_index":"","_et_pb_use_builder":"off","_et_pb_old_content":"","_et_gb_content_width":""},"categories":[253,296],"categoria":[],"ponents":[300,301,302],"class_list":["post-303983","multimedia","type-multimedia","status-publish","has-post-thumbnail","hentry","category-espai-multimedia","category-innovacio-transformacio-digital-em","ponents-gerard-samaniego","ponents-marc-corominas","ponents-pedro-gomez"],"_links":{"self":[{"href":"https:\/\/cecot.org\/es\/wp-json\/wp\/v2\/multimedia\/303983","targetHints":{"allow":["GET"]}}],"collection":[{"href":"https:\/\/cecot.org\/es\/wp-json\/wp\/v2\/multimedia"}],"about":[{"href":"https:\/\/cecot.org\/es\/wp-json\/wp\/v2\/types\/multimedia"}],"wp:featuredmedia":[{"embeddable":true,"href":"https:\/\/cecot.org\/es\/wp-json\/wp\/v2\/media\/307732"}],"wp:attachment":[{"href":"https:\/\/cecot.org\/es\/wp-json\/wp\/v2\/media?parent=303983"}],"wp:term":[{"taxonomy":"category","embeddable":true,"href":"https:\/\/cecot.org\/es\/wp-json\/wp\/v2\/categories?post=303983"},{"taxonomy":"categoria","embeddable":true,"href":"https:\/\/cecot.org\/es\/wp-json\/wp\/v2\/categoria?post=303983"},{"taxonomy":"ponents","embeddable":true,"href":"https:\/\/cecot.org\/es\/wp-json\/wp\/v2\/ponents?post=303983"}],"curies":[{"name":"wp","href":"https:\/\/api.w.org\/{rel}","templated":true}]}}

<figure class="wp-block-embed is-type-video is-provider-youtube wp-block-embed-youtube wp-embed-aspect-16-9 wp-has-aspect-ratio"><div class="wp-block-embed__wrapper">
<iframe title="Agent digitalitzador del Kit Digital per a pimes | Com et podem ajudar des de la Cecot" width="1080" height="608" src="https://www.youtube.com/embed/B7rcfBBEVIA?feature=oembed"  allow="accelerometer; autoplay; clipboard-write; encrypted-media; gyroscope; picture-in-picture; web-share" allowfullscreen></iframe>
</div></figure>



<p>Acelera Pyme ha posat en marxa el programa Kit Digital que ajudarà amb subvencions de fins a 12.000 euros a pimes i autònoms a través de la contractació de proveïdors tecnològics adherits com a agents digitalitzadors.</p>



<ul class="wp-block-list">
<li>Creus que pots ser un agent digitalitzador? Coneixes els requisits?</li>



<li>Coneixes l&#8217;impacte que pot tenir per als clients o potencials clients?</li>



<li>Tens dubtes referents a les fases d&#8217;execució del programa, així com el flux de pagaments d&#8217;aquests ajuts?</li>



<li>Coneixes la plataforma de Kit Digital per donar impuls a la digitalització?</li>
</ul>



<p>Durant aquesta sessió digital en Gerard Samaniego , director de Consultoria de Innova Experts Group i en Marc Corominas, assessor d&#8217;Ajuts I+D+i de la Cecot i director comercial de Innova Experts Group amb la col·laboració de l&#8217;Aseitec, ens presentan el programa de Kit Digital i resoldran dubtes, tant dels agents digitalitzadors, com d&#8217;aquelles empreses que tinguin previst esdevenir agents digitalitzadors, amb l&#8217;objectiu d&#8217;optimitzar aquestes subvencions.</p>
