{"id":303981,"date":"2022-01-12T10:59:55","date_gmt":"2022-01-12T08:59:55","guid":{"rendered":"https:\/\/provacecot.org\/?post_type=sessio-digital&amp;p=303981"},"modified":"2022-01-12T10:59:55","modified_gmt":"2022-01-12T08:59:55","slug":"que-canviara-amb-la-nova-reforma-laboral","status":"publish","type":"multimedia","link":"https:\/\/cecot.org\/es\/multimedia\/que-canviara-amb-la-nova-reforma-laboral\/","title":{"rendered":"Qu\u00e8 canviar\u00e0 amb la nova Reforma Laboral?"},"content":{"rendered":"\n<figure class=\"wp-block-embed is-type-video is-provider-youtube wp-block-embed-youtube wp-embed-aspect-16-9 wp-has-aspect-ratio\"><div class=\"wp-block-embed__wrapper\">\n<iframe title=\"Qu\u00e8 canviar\u00e0 amb la nova Reforma Laboral?\" width=\"1080\" height=\"608\" src=\"https:\/\/www.youtube.com\/embed\/gykUbnmrdNQ?feature=oembed\"  allow=\"accelerometer; autoplay; clipboard-write; encrypted-media; gyroscope; picture-in-picture; web-share\" allowfullscreen><\/iframe>\n<\/div><\/figure>\n\n\n\n<p>Durant aquesta sessi\u00f3 en Pep Bosch, assessor laboral de la Cecot, ens posa de relleu les principals novetats que implicar\u00e0 la nova Reforma Laboral.<\/p>\n\n\n\n<p>Far\u00e0 un rep\u00e0s a com es veur\u00e0 afectat l&#8217;Estatut dels Treballadors, quines mesures s&#8217;han pres per reduir la contractaci\u00f3 temporal i quines implicacions tindran per a les empreses, com seran els nous ERTOS i quins efectes tindr\u00e0 la ultraactivitat dels convenis, entre d&#8217;altres q\u00fcestions.<\/p>\n","protected":false},"featured_media":307717,"menu_order":0,"template":"","meta":{"_seopress_robots_primary_cat":"","_seopress_titles_title":"","_seopress_titles_desc":"","_seopress_robots_index":"","_et_pb_use_builder":"off","_et_pb_old_content":"","_et_gb_content_width":""},"categories":[253,254],"categoria":[],"ponents":[250,283],"class_list":["post-303981","multimedia","type-multimedia","status-publish","has-post-thumbnail","hentry","category-espai-multimedia","category-recursos-humans-em","ponents-pep-bosch","ponents-yolanda-de-los-reyes"],"_links":{"self":[{"href":"https:\/\/cecot.org\/es\/wp-json\/wp\/v2\/multimedia\/303981","targetHints":{"allow":["GET"]}}],"collection":[{"href":"https:\/\/cecot.org\/es\/wp-json\/wp\/v2\/multimedia"}],"about":[{"href":"https:\/\/cecot.org\/es\/wp-json\/wp\/v2\/types\/multimedia"}],"wp:featuredmedia":[{"embeddable":true,"href":"https:\/\/cecot.org\/es\/wp-json\/wp\/v2\/media\/307717"}],"wp:attachment":[{"href":"https:\/\/cecot.org\/es\/wp-json\/wp\/v2\/media?parent=303981"}],"wp:term":[{"taxonomy":"category","embeddable":true,"href":"https:\/\/cecot.org\/es\/wp-json\/wp\/v2\/categories?post=303981"},{"taxonomy":"categoria","embeddable":true,"href":"https:\/\/cecot.org\/es\/wp-json\/wp\/v2\/categoria?post=303981"},{"taxonomy":"ponents","embeddable":true,"href":"https:\/\/cecot.org\/es\/wp-json\/wp\/v2\/ponents?post=303981"}],"curies":[{"name":"wp","href":"https:\/\/api.w.org\/{rel}","templated":true}]}}

Què canviarà amb la nova Reforma Laboral?

<figure class="wp-block-embed is-type-video is-provider-youtube wp-block-embed-youtube wp-embed-aspect-16-9 wp-has-aspect-ratio"><div class="wp-block-embed__wrapper">
<iframe title="Què canviarà amb la nova Reforma Laboral?" width="1080" height="608" src="https://www.youtube.com/embed/gykUbnmrdNQ?feature=oembed"  allow="accelerometer; autoplay; clipboard-write; encrypted-media; gyroscope; picture-in-picture; web-share" allowfullscreen></iframe>
</div></figure>



<p>Durant aquesta sessió en Pep Bosch, assessor laboral de la Cecot, ens posa de relleu les principals novetats que implicarà la nova Reforma Laboral.</p>



<p>Farà un repàs a com es veurà afectat l&#8217;Estatut dels Treballadors, quines mesures s&#8217;han pres per reduir la contractació temporal i quines implicacions tindran per a les empreses, com seran els nous ERTOS i quins efectes tindrà la ultraactivitat dels convenis, entre d&#8217;altres qüestions.</p>
