{"id":303958,"date":"2021-05-31T13:14:11","date_gmt":"2021-05-31T11:14:11","guid":{"rendered":"https:\/\/provacecot.org\/?post_type=sessio-digital&#038;p=303958"},"modified":"2024-11-06T15:50:31","modified_gmt":"2024-11-06T13:50:31","slug":"nou-canvi-en-la-tarifa-electrica","status":"publish","type":"multimedia","link":"https:\/\/cecot.org\/es\/multimedia\/nou-canvi-en-la-tarifa-electrica\/","title":{"rendered":"Nou canvi en la tarifa el\u00e8ctrica"},"content":{"rendered":"\n<figure class=\"wp-block-embed is-type-video is-provider-youtube wp-block-embed-youtube wp-embed-aspect-16-9 wp-has-aspect-ratio\"><div class=\"wp-block-embed__wrapper\">\n<iframe title=\"Nou canvi en la tarifa el\u00e8ctrica\" width=\"1080\" height=\"608\" src=\"https:\/\/www.youtube.com\/embed\/ix1d4LqsEIo?feature=oembed\"  allow=\"accelerometer; autoplay; clipboard-write; encrypted-media; gyroscope; picture-in-picture; web-share\" allowfullscreen><\/iframe>\n<\/div><\/figure>\n\n\n\n<p>A principis de l&#8217;any 2020 la Comissi\u00f3 Nacional dels Mercats i la Compet\u00e8ncies (CNMC) va publicar una proposta per a una nova metodologia per al c\u00e0lcul dels peatges de transport i distribuci\u00f3 d&#8217;electricitat, que afectar\u00e0 a totes les tarifes el\u00e8ctriques, que finalment entrar\u00e0 en vigor l&#8217;1 de juny d&#8217;enguany.<\/p>\n\n\n\n<p>Vols saber quines hores seran les m\u00e9s barates per a consumir l&#8217;electricitat? Vols saber quants per\u00edodes tarifaris tindr\u00e0s a partir d&#8217;ara? Saps que si ets un comer\u00e7 ara tindr\u00e0s 3 per\u00edodes amb 3 preus d&#8217;energia diferent? Saps que per alguns consumidors la pot\u00e8ncia es facturar\u00e0 de manera diferent a l&#8217;actual?<\/p>\n\n\n\n<p>Per con\u00e8ixer m\u00e9s detall sobre aquestes afectacions, en parlem amb en David Villar Hern\u00e1ndez, Cap d&#8217;Unitat de Prospectiva Energ\u00e8tica i Sostenibilitat de l&#8217;ICAEN i en Carles Vidal Marco, Assessor de l&#8217;Oficina per a la Transici\u00f3 Energ\u00e8tica \u2013 Cecot Renovables.<\/p>\n\n\n\n<p>Acte del F\u00f2rumCecot<\/p>\n\n\n\n<p>Patrocina el f\u00f2rum: BancSabadell<\/p>\n","protected":false},"featured_media":307787,"menu_order":0,"template":"","meta":{"_seopress_robots_primary_cat":"","_seopress_titles_title":"","_seopress_titles_desc":"","_seopress_robots_index":"","_et_pb_use_builder":"off","_et_pb_old_content":"<!-- wp:embed {\"url\":\"https:\/\/www.youtube.com\/watch?v=ix1d4LqsEIo\",\"type\":\"video\",\"providerNameSlug\":\"youtube\",\"responsive\":true,\"className\":\"wp-embed-aspect-16-9 wp-has-aspect-ratio\"} -->\n<figure class=\"wp-block-embed is-type-video is-provider-youtube wp-block-embed-youtube wp-embed-aspect-16-9 wp-has-aspect-ratio\"><div class=\"wp-block-embed__wrapper\">\nhttps:\/\/www.youtube.com\/watch?v=ix1d4LqsEIo\n<\/div><\/figure>\n<!-- \/wp:embed -->\n\n<!-- wp:paragraph -->\n<p>A principis de l'any 2020 la Comissi\u00f3 Nacional dels Mercats i la Compet\u00e8ncies (CNMC) va publicar una proposta per a una nova metodologia per al c\u00e0lcul dels peatges de transport i distribuci\u00f3 d'electricitat, que afectar\u00e0 a totes les tarifes el\u00e8ctriques, que finalment entrar\u00e0 en vigor l'1 de juny d'enguany.<\/p>\n<!-- \/wp:paragraph -->\n\n<!-- wp:paragraph -->\n<p>Vols saber quines hores seran les m\u00e9s barates per a consumir l'electricitat? Vols saber quants per\u00edodes tarifaris tindr\u00e0s a partir d'ara? Saps que si ets un comer\u00e7 ara tindr\u00e0s 3 per\u00edodes amb 3 preus d'energia diferent? Saps que per alguns consumidors la pot\u00e8ncia es facturar\u00e0 de manera diferent a l'actual?<\/p>\n<!-- \/wp:paragraph -->\n\n<!-- wp:paragraph -->\n<p>Per con\u00e8ixer m\u00e9s detall sobre aquestes afectacions, en parlem amb en David Villar Hern\u00e1ndez, Cap d'Unitat de Prospectiva Energ\u00e8tica i Sostenibilitat de l'ICAEN i en Carles Vidal Marco, Assessor de l'Oficina per a la Transici\u00f3 Energ\u00e8tica \u2013 Cecot Renovables.<\/p>\n<!-- \/wp:paragraph -->\n\n<!-- wp:paragraph -->\n<p>Acte del F\u00f2rumCecot<\/p>\n<!-- \/wp:paragraph -->\n\n<!-- wp:paragraph -->\n<p>Patrocina el f\u00f2rum: BancSabadell<\/p>\n<!-- \/wp:paragraph -->","_et_gb_content_width":""},"categories":[258,253],"categoria":[],"ponents":[303,363,364],"class_list":["post-303958","multimedia","type-multimedia","status-publish","has-post-thumbnail","hentry","category-energia-em","category-espai-multimedia","ponents-carles-vidal","ponents-david-villar","ponents-josep-casas"],"_links":{"self":[{"href":"https:\/\/cecot.org\/es\/wp-json\/wp\/v2\/multimedia\/303958","targetHints":{"allow":["GET"]}}],"collection":[{"href":"https:\/\/cecot.org\/es\/wp-json\/wp\/v2\/multimedia"}],"about":[{"href":"https:\/\/cecot.org\/es\/wp-json\/wp\/v2\/types\/multimedia"}],"wp:featuredmedia":[{"embeddable":true,"href":"https:\/\/cecot.org\/es\/wp-json\/wp\/v2\/media\/307787"}],"wp:attachment":[{"href":"https:\/\/cecot.org\/es\/wp-json\/wp\/v2\/media?parent=303958"}],"wp:term":[{"taxonomy":"category","embeddable":true,"href":"https:\/\/cecot.org\/es\/wp-json\/wp\/v2\/categories?post=303958"},{"taxonomy":"categoria","embeddable":true,"href":"https:\/\/cecot.org\/es\/wp-json\/wp\/v2\/categoria?post=303958"},{"taxonomy":"ponents","embeddable":true,"href":"https:\/\/cecot.org\/es\/wp-json\/wp\/v2\/ponents?post=303958"}],"curies":[{"name":"wp","href":"https:\/\/api.w.org\/{rel}","templated":true}]}}

Nou canvi en la tarifa elèctrica

<figure class="wp-block-embed is-type-video is-provider-youtube wp-block-embed-youtube wp-embed-aspect-16-9 wp-has-aspect-ratio"><div class="wp-block-embed__wrapper">
<iframe title="Nou canvi en la tarifa elèctrica" width="1080" height="608" src="https://www.youtube.com/embed/ix1d4LqsEIo?feature=oembed"  allow="accelerometer; autoplay; clipboard-write; encrypted-media; gyroscope; picture-in-picture; web-share" allowfullscreen></iframe>
</div></figure>



<p>A principis de l&#8217;any 2020 la Comissió Nacional dels Mercats i la Competències (CNMC) va publicar una proposta per a una nova metodologia per al càlcul dels peatges de transport i distribució d&#8217;electricitat, que afectarà a totes les tarifes elèctriques, que finalment entrarà en vigor l&#8217;1 de juny d&#8217;enguany.</p>



<p>Vols saber quines hores seran les més barates per a consumir l&#8217;electricitat? Vols saber quants períodes tarifaris tindràs a partir d&#8217;ara? Saps que si ets un comerç ara tindràs 3 períodes amb 3 preus d&#8217;energia diferent? Saps que per alguns consumidors la potència es facturarà de manera diferent a l&#8217;actual?</p>



<p>Per conèixer més detall sobre aquestes afectacions, en parlem amb en David Villar Hernández, Cap d&#8217;Unitat de Prospectiva Energètica i Sostenibilitat de l&#8217;ICAEN i en Carles Vidal Marco, Assessor de l&#8217;Oficina per a la Transició Energètica – Cecot Renovables.</p>



<p>Acte del FòrumCecot</p>



<p>Patrocina el fòrum: BancSabadell</p>

<!-- wp:embed {"url":"https://www.youtube.com/watch?v=ix1d4LqsEIo","type":"video","providerNameSlug":"youtube","responsive":true,"className":"wp-embed-aspect-16-9 wp-has-aspect-ratio"} -->
<figure class="wp-block-embed is-type-video is-provider-youtube wp-block-embed-youtube wp-embed-aspect-16-9 wp-has-aspect-ratio"><div class="wp-block-embed__wrapper">
https://www.youtube.com/watch?v=ix1d4LqsEIo
</div></figure>
<!-- /wp:embed -->

<!-- wp:paragraph -->
<p>A principis de l'any 2020 la Comissió Nacional dels Mercats i la Competències (CNMC) va publicar una proposta per a una nova metodologia per al càlcul dels peatges de transport i distribució d'electricitat, que afectarà a totes les tarifes elèctriques, que finalment entrarà en vigor l'1 de juny d'enguany.</p>
<!-- /wp:paragraph -->

<!-- wp:paragraph -->
<p>Vols saber quines hores seran les més barates per a consumir l'electricitat? Vols saber quants períodes tarifaris tindràs a partir d'ara? Saps que si ets un comerç ara tindràs 3 períodes amb 3 preus d'energia diferent? Saps que per alguns consumidors la potència es facturarà de manera diferent a l'actual?</p>
<!-- /wp:paragraph -->

<!-- wp:paragraph -->
<p>Per conèixer més detall sobre aquestes afectacions, en parlem amb en David Villar Hernández, Cap d'Unitat de Prospectiva Energètica i Sostenibilitat de l'ICAEN i en Carles Vidal Marco, Assessor de l'Oficina per a la Transició Energètica – Cecot Renovables.</p>
<!-- /wp:paragraph -->

<!-- wp:paragraph -->
<p>Acte del FòrumCecot</p>
<!-- /wp:paragraph -->

<!-- wp:paragraph -->
<p>Patrocina el fòrum: BancSabadell</p>
<!-- /wp:paragraph -->
