{"id":303955,"date":"2021-10-08T12:15:33","date_gmt":"2021-10-08T10:15:33","guid":{"rendered":"https:\/\/provacecot.org\/?post_type=sessio-digital&#038;p=303955"},"modified":"2024-11-06T15:50:31","modified_gmt":"2024-11-06T13:50:31","slug":"oportunitats-i-amenaces-en-la-transformacio-industrial-de-catalunya","status":"publish","type":"multimedia","link":"https:\/\/cecot.org\/es\/multimedia\/oportunitats-i-amenaces-en-la-transformacio-industrial-de-catalunya\/","title":{"rendered":"Oportunitats i amenaces en la transformaci\u00f3 industrial de Catalunya"},"content":{"rendered":"\n<figure class=\"wp-block-embed is-type-video is-provider-youtube wp-block-embed-youtube wp-embed-aspect-16-9 wp-has-aspect-ratio\"><div class=\"wp-block-embed__wrapper\">\n<iframe title=\"Jornada: &quot;Electrificaci\u00f3 i descarbonitzaci\u00f3&quot; (OBERCat - Cecot)\" width=\"1080\" height=\"608\" src=\"https:\/\/www.youtube.com\/embed\/nh2j8I_4jXI?feature=oembed\"  allow=\"accelerometer; autoplay; clipboard-write; encrypted-media; gyroscope; picture-in-picture; web-share\" allowfullscreen><\/iframe>\n<\/div><\/figure>\n\n\n\n<p>Ning\u00fa avui q\u00fcestiona que estem en emerg\u00e8ncia clim\u00e0tica i que cal minimitzar el seu impacte. La descarbonitzaci\u00f3 \u00e9s un complex repte social, t\u00e8cnic i econ\u00f2mic, fins al punt que moltes veus destacades assenyalen que \u00e9s el m\u00e9s important en la hist\u00f2ria de la humanitat.<\/p>\n\n\n\n<p>Una de les claus \u00e9s la urgent substituci\u00f3 dels combustibles f\u00f2ssils per fonts d&#8217;energia renovables, amb la dificultat que suposa per a molts processos industrials basats en el carboni i que s\u00f3n essencials en el benestar de la nostra societat.<\/p>\n\n\n\n<p>Ser\u00e0 possible fer aquesta transformaci\u00f3 a Catalunya amb la urg\u00e8ncia que la crisi clim\u00e0tica requereix? \u00c9s possible fer la transici\u00f3 sense afectar el benestar de la ciutadania? Quins s\u00f3n els sectors productius m\u00e9s amena\u00e7ats i quins els m\u00e9s beneficiats? Es generar\u00e0 o es destruir\u00e0 ocupaci\u00f3?<\/p>\n\n\n\n<p>Actualment, el debat sobre la transici\u00f3 energ\u00e8tica es focalitza en les implicacions territorials de la implantaci\u00f3 de renovables. L&#8217;Observatori de les Energies Renovables de Catalunya (OberCat) i Cecot consideren imprescindible introduir a l&#8217;opini\u00f3 p\u00fablica el debat de l&#8217;impacte dels diversos models proposats en el teixit productiu, l&#8217;ocupaci\u00f3 i l&#8217;economia i, en definitiva, en el benestar de la societat catalana.<\/p>\n","protected":false},"featured_media":307788,"menu_order":0,"template":"","meta":{"_seopress_robots_primary_cat":"","_seopress_titles_title":"","_seopress_titles_desc":"","_seopress_robots_index":"","_et_pb_use_builder":"off","_et_pb_old_content":"","_et_gb_content_width":""},"categories":[258,253],"categoria":[],"ponents":[346,345],"class_list":["post-303955","multimedia","type-multimedia","status-publish","has-post-thumbnail","hentry","category-energia-em","category-espai-multimedia","ponents-cecot","ponents-obercat"],"_links":{"self":[{"href":"https:\/\/cecot.org\/es\/wp-json\/wp\/v2\/multimedia\/303955","targetHints":{"allow":["GET"]}}],"collection":[{"href":"https:\/\/cecot.org\/es\/wp-json\/wp\/v2\/multimedia"}],"about":[{"href":"https:\/\/cecot.org\/es\/wp-json\/wp\/v2\/types\/multimedia"}],"wp:featuredmedia":[{"embeddable":true,"href":"https:\/\/cecot.org\/es\/wp-json\/wp\/v2\/media\/307788"}],"wp:attachment":[{"href":"https:\/\/cecot.org\/es\/wp-json\/wp\/v2\/media?parent=303955"}],"wp:term":[{"taxonomy":"category","embeddable":true,"href":"https:\/\/cecot.org\/es\/wp-json\/wp\/v2\/categories?post=303955"},{"taxonomy":"categoria","embeddable":true,"href":"https:\/\/cecot.org\/es\/wp-json\/wp\/v2\/categoria?post=303955"},{"taxonomy":"ponents","embeddable":true,"href":"https:\/\/cecot.org\/es\/wp-json\/wp\/v2\/ponents?post=303955"}],"curies":[{"name":"wp","href":"https:\/\/api.w.org\/{rel}","templated":true}]}}

Oportunitats i amenaces en la transformació industrial de Catalunya

<figure class="wp-block-embed is-type-video is-provider-youtube wp-block-embed-youtube wp-embed-aspect-16-9 wp-has-aspect-ratio"><div class="wp-block-embed__wrapper">
<iframe title="Jornada: &quot;Electrificació i descarbonització&quot; (OBERCat - Cecot)" width="1080" height="608" src="https://www.youtube.com/embed/nh2j8I_4jXI?feature=oembed"  allow="accelerometer; autoplay; clipboard-write; encrypted-media; gyroscope; picture-in-picture; web-share" allowfullscreen></iframe>
</div></figure>



<p>Ningú avui qüestiona que estem en emergència climàtica i que cal minimitzar el seu impacte. La descarbonització és un complex repte social, tècnic i econòmic, fins al punt que moltes veus destacades assenyalen que és el més important en la història de la humanitat.</p>



<p>Una de les claus és la urgent substitució dels combustibles fòssils per fonts d&#8217;energia renovables, amb la dificultat que suposa per a molts processos industrials basats en el carboni i que són essencials en el benestar de la nostra societat.</p>



<p>Serà possible fer aquesta transformació a Catalunya amb la urgència que la crisi climàtica requereix? És possible fer la transició sense afectar el benestar de la ciutadania? Quins són els sectors productius més amenaçats i quins els més beneficiats? Es generarà o es destruirà ocupació?</p>



<p>Actualment, el debat sobre la transició energètica es focalitza en les implicacions territorials de la implantació de renovables. L&#8217;Observatori de les Energies Renovables de Catalunya (OberCat) i Cecot consideren imprescindible introduir a l&#8217;opinió pública el debat de l&#8217;impacte dels diversos models proposats en el teixit productiu, l&#8217;ocupació i l&#8217;economia i, en definitiva, en el benestar de la societat catalana.</p>
