{"id":303854,"date":"2023-05-17T09:21:31","date_gmt":"2023-05-17T07:21:31","guid":{"rendered":"https:\/\/provacecot.org\/?post_type=sessio-digital&#038;p=303854"},"modified":"2025-04-07T09:43:24","modified_gmt":"2025-04-07T07:43:24","slug":"instruments-icex-de-recolzament-a-la-internacionalitzacio-convocatoria-2023-1-dicex-next-i-altres-programes","status":"publish","type":"multimedia","link":"https:\/\/cecot.org\/es\/multimedia\/instruments-icex-de-recolzament-a-la-internacionalitzacio-convocatoria-2023-1-dicex-next-i-altres-programes\/","title":{"rendered":"Instruments ICEX de recolzament a la internacionalitzaci\u00f3."},"content":{"rendered":"\n<figure class=\"wp-block-embed is-type-video is-provider-youtube wp-block-embed-youtube wp-embed-aspect-16-9 wp-has-aspect-ratio\"><div class=\"wp-block-embed__wrapper\">\n<iframe title=\"Instruments ICEX de recolzament a la internacionalitzaci\u00f3. Convocat\u00f2ria 2023.1 d&#039;ICEX Next\" width=\"1080\" height=\"608\" src=\"https:\/\/www.youtube.com\/embed\/L2kO_HcoNwc?feature=oembed\"  allow=\"accelerometer; autoplay; clipboard-write; encrypted-media; gyroscope; picture-in-picture; web-share\" allowfullscreen><\/iframe>\n<\/div><\/figure>\n\n\n\n<p>ICEX Next \u00e9s el programa d&#8217;ICEX Espanya Exportaci\u00f3 i Inversions dirigit a les pimes espanyoles que desitgen cr\u00e9ixer internacionalment.<\/p>\n\n\n\n<p>En aquesta sessi\u00f3 farem un rep\u00e0s als programes de suport a la internacionalitzaci\u00f3 de les empreses que ofereix ICEX Espa\u00f1a Exportaci\u00f3 i Inversions amb \u00e8mfasis en la convocat\u00f2ria 2023.1 del programa ICEX Next.<\/p>\n","protected":false},"featured_media":307672,"menu_order":0,"template":"","meta":{"_seopress_robots_primary_cat":"","_seopress_titles_title":"","_seopress_titles_desc":"","_seopress_robots_index":"","_et_pb_use_builder":"off","_et_pb_old_content":"","_et_gb_content_width":""},"categories":[253,256],"categoria":[],"ponents":[263,268],"class_list":["post-303854","multimedia","type-multimedia","status-publish","has-post-thumbnail","hentry","category-espai-multimedia","category-internacional-em","ponents-cristina-danon","ponents-jose-ignacio-pradas"],"_links":{"self":[{"href":"https:\/\/cecot.org\/es\/wp-json\/wp\/v2\/multimedia\/303854","targetHints":{"allow":["GET"]}}],"collection":[{"href":"https:\/\/cecot.org\/es\/wp-json\/wp\/v2\/multimedia"}],"about":[{"href":"https:\/\/cecot.org\/es\/wp-json\/wp\/v2\/types\/multimedia"}],"wp:featuredmedia":[{"embeddable":true,"href":"https:\/\/cecot.org\/es\/wp-json\/wp\/v2\/media\/307672"}],"wp:attachment":[{"href":"https:\/\/cecot.org\/es\/wp-json\/wp\/v2\/media?parent=303854"}],"wp:term":[{"taxonomy":"category","embeddable":true,"href":"https:\/\/cecot.org\/es\/wp-json\/wp\/v2\/categories?post=303854"},{"taxonomy":"categoria","embeddable":true,"href":"https:\/\/cecot.org\/es\/wp-json\/wp\/v2\/categoria?post=303854"},{"taxonomy":"ponents","embeddable":true,"href":"https:\/\/cecot.org\/es\/wp-json\/wp\/v2\/ponents?post=303854"}],"curies":[{"name":"wp","href":"https:\/\/api.w.org\/{rel}","templated":true}]}}

Instruments ICEX de recolzament a la internacionalització.

<figure class="wp-block-embed is-type-video is-provider-youtube wp-block-embed-youtube wp-embed-aspect-16-9 wp-has-aspect-ratio"><div class="wp-block-embed__wrapper">
<iframe title="Instruments ICEX de recolzament a la internacionalització. Convocatòria 2023.1 d&#039;ICEX Next" width="1080" height="608" src="https://www.youtube.com/embed/L2kO_HcoNwc?feature=oembed"  allow="accelerometer; autoplay; clipboard-write; encrypted-media; gyroscope; picture-in-picture; web-share" allowfullscreen></iframe>
</div></figure>



<p>ICEX Next és el programa d&#8217;ICEX Espanya Exportació i Inversions dirigit a les pimes espanyoles que desitgen créixer internacionalment.</p>



<p>En aquesta sessió farem un repàs als programes de suport a la internacionalització de les empreses que ofereix ICEX España Exportació i Inversions amb èmfasis en la convocatòria 2023.1 del programa ICEX Next.</p>
