{"id":303840,"date":"2023-02-21T09:34:28","date_gmt":"2023-02-21T07:34:28","guid":{"rendered":"https:\/\/provacecot.org\/?post_type=sessio-digital&amp;p=303840"},"modified":"2023-02-21T09:34:28","modified_gmt":"2023-02-21T07:34:28","slug":"incentius-a-la-contractacio-laboral-bonificacions-a-les-quotes-de-la-seguretat-social","status":"publish","type":"multimedia","link":"https:\/\/cecot.org\/es\/multimedia\/incentius-a-la-contractacio-laboral-bonificacions-a-les-quotes-de-la-seguretat-social\/","title":{"rendered":"Incentius a la contractaci\u00f3 laboral. Bonificacions a les quotes de la Seguretat Social"},"content":{"rendered":"\n<figure class=\"wp-block-embed is-type-video is-provider-youtube wp-block-embed-youtube wp-embed-aspect-16-9 wp-has-aspect-ratio\"><div class=\"wp-block-embed__wrapper\">\n<iframe title=\"Incentius a la contractaci\u00f3 laboral. Bonificacions a les quotes de la Seguretat Social\" width=\"1080\" height=\"608\" src=\"https:\/\/www.youtube.com\/embed\/h2lVFngrvls?feature=oembed\"  allow=\"accelerometer; autoplay; clipboard-write; encrypted-media; gyroscope; picture-in-picture; web-share\" allowfullscreen><\/iframe>\n<\/div><\/figure>\n\n\n\n<p>El Consell de Ministres ha aprovat el nou esquema de bonificacions a la contractaci\u00f3 laboral i que est\u00e0 regulat en el RDL 1\/2023, de 10 de gener, de mesures urgents en mat\u00e8ria d&#8217;incentius a la contractaci\u00f3 laboral i millora de la protecci\u00f3 social de les persones artistes. Aquest nou esquema presenta importants modificacions, aix\u00ed com tres noves bonificacions que entren en joc.<\/p>\n\n\n\n<p>Des del Club Cecot de Recursos Humans us animem a participar d&#8217;aquesta sessi\u00f3 de la m\u00e0 de Pep Bosch, assessor laboral de la Cecot, on donarem a con\u00e8ixer com quedar\u00e0 l&#8217;esquema de bonificacions a la contractaci\u00f3 laboral.<\/p>\n\n\n\n<p><a href=\"https:\/\/cecot.org\/gremis\/20230216_Presentacio_incentius.pptx\" target=\"_blank\" rel=\"noreferrer noopener\">Podeu descarregar la presentaci\u00f3 aqu\u00ed<\/a><\/p>\n","protected":false},"featured_media":307673,"menu_order":0,"template":"","meta":{"_seopress_robots_primary_cat":"","_seopress_titles_title":"","_seopress_titles_desc":"","_seopress_robots_index":"","_et_pb_use_builder":"off","_et_pb_old_content":"","_et_gb_content_width":""},"categories":[253,254],"categoria":[],"ponents":[250,369],"class_list":["post-303840","multimedia","type-multimedia","status-publish","has-post-thumbnail","hentry","category-espai-multimedia","category-recursos-humans-em","ponents-pep-bosch","ponents-yolanda-reyes"],"_links":{"self":[{"href":"https:\/\/cecot.org\/es\/wp-json\/wp\/v2\/multimedia\/303840","targetHints":{"allow":["GET"]}}],"collection":[{"href":"https:\/\/cecot.org\/es\/wp-json\/wp\/v2\/multimedia"}],"about":[{"href":"https:\/\/cecot.org\/es\/wp-json\/wp\/v2\/types\/multimedia"}],"wp:featuredmedia":[{"embeddable":true,"href":"https:\/\/cecot.org\/es\/wp-json\/wp\/v2\/media\/307673"}],"wp:attachment":[{"href":"https:\/\/cecot.org\/es\/wp-json\/wp\/v2\/media?parent=303840"}],"wp:term":[{"taxonomy":"category","embeddable":true,"href":"https:\/\/cecot.org\/es\/wp-json\/wp\/v2\/categories?post=303840"},{"taxonomy":"categoria","embeddable":true,"href":"https:\/\/cecot.org\/es\/wp-json\/wp\/v2\/categoria?post=303840"},{"taxonomy":"ponents","embeddable":true,"href":"https:\/\/cecot.org\/es\/wp-json\/wp\/v2\/ponents?post=303840"}],"curies":[{"name":"wp","href":"https:\/\/api.w.org\/{rel}","templated":true}]}}

Incentius a la contractació laboral. Bonificacions a les quotes de la Seguretat Social

<figure class="wp-block-embed is-type-video is-provider-youtube wp-block-embed-youtube wp-embed-aspect-16-9 wp-has-aspect-ratio"><div class="wp-block-embed__wrapper">
<iframe title="Incentius a la contractació laboral. Bonificacions a les quotes de la Seguretat Social" width="1080" height="608" src="https://www.youtube.com/embed/h2lVFngrvls?feature=oembed"  allow="accelerometer; autoplay; clipboard-write; encrypted-media; gyroscope; picture-in-picture; web-share" allowfullscreen></iframe>
</div></figure>



<p>El Consell de Ministres ha aprovat el nou esquema de bonificacions a la contractació laboral i que està regulat en el RDL 1/2023, de 10 de gener, de mesures urgents en matèria d&#8217;incentius a la contractació laboral i millora de la protecció social de les persones artistes. Aquest nou esquema presenta importants modificacions, així com tres noves bonificacions que entren en joc.</p>



<p>Des del Club Cecot de Recursos Humans us animem a participar d&#8217;aquesta sessió de la mà de Pep Bosch, assessor laboral de la Cecot, on donarem a conèixer com quedarà l&#8217;esquema de bonificacions a la contractació laboral.</p>



<p><a href="https://cecot.org/gremis/20230216_Presentacio_incentius.pptx" target="_blank" rel="noreferrer noopener">Podeu descarregar la presentació aquí</a></p>
