{"id":386995,"date":"2026-03-30T13:27:09","date_gmt":"2026-03-30T11:27:09","guid":{"rendered":"https:\/\/cecot.org\/?post_type=esdeveniment&#038;p=386995"},"modified":"2026-03-30T13:34:35","modified_gmt":"2026-03-30T11:34:35","slug":"finances-per-a-empresaris-i-directius-una-mirada-generalista-a-la-gestio-financera-2","status":"publish","type":"esdeveniment","link":"https:\/\/cecot.org\/es\/esdeveniment\/finances-per-a-empresaris-i-directius-una-mirada-generalista-a-la-gestio-financera-2\/","title":{"rendered":"Finances per a empresaris i directius: una mirada generalista a la gesti\u00f3 financera"},"content":{"rendered":"\n<p><strong>Saps qu\u00e8 diuen els teus balan\u00e7os sobre la salut del teu negoci?<br><\/strong><\/p>\n\n\n\n<p>Adquireix&nbsp;una visi\u00f3 global de la funci\u00f3 financera dins de la direcci\u00f3 general.<br>Aprendr\u00e0s a interpretar estats financers, analitzar resultats, gestionar el cash flow i aplicar la planificaci\u00f3 financera com a eina de creixement. Amb coneixements pr\u00e0ctics en balan\u00e7os, comptes de resultats, ratios i previsi\u00f3 de tresoreria, podr\u00e0s prendre decisions m\u00e9s estrat\u00e8giques i millorar la sostenibilitat del teu negoci.<br><\/p>\n\n\n\n<p><strong>Transforma la gesti\u00f3 financera en un aliat per al creixement i la rendibilitat de la teva empresa.<\/strong><\/p>\n\n\n\n<div class=\"wp-block-group qui-organitza is-content-justification-left is-layout-constrained wp-container-core-group-is-layout-8c890d92 wp-block-group-is-layout-constrained\">\n<h4 class=\"wp-block-heading\">Organitza:<\/h4>\n\n\n\n<div class=\"wp-block-group qui-organitza-img is-layout-constrained wp-block-group-is-layout-constrained\">\n<figure class=\"wp-block-image size-full\"><img data-dominant-color=\"001014\" data-has-transparency=\"true\" style=\"--dominant-color: #001014;\" loading=\"lazy\" decoding=\"async\" width=\"400\" height=\"135\" sizes=\"(max-width: 400px) 100vw, 400px\" src=\"https:\/\/cecot.org\/wp-content\/uploads\/2024\/04\/logos-vectotials_cecot-formacio-i-desenvolupament.png\" alt=\"Cecot Formaci\u00f3\" class=\"wp-image-311860 has-transparency\" srcset=\"https:\/\/cecot.org\/wp-content\/uploads\/2024\/04\/logos-vectotials_cecot-formacio-i-desenvolupament.png 400w, https:\/\/cecot.org\/wp-content\/uploads\/2024\/04\/logos-vectotials_cecot-formacio-i-desenvolupament-300x101.png 300w\" \/><figcaption class=\"wp-element-caption\">Cecot Formaci\u00f3<\/figcaption><\/figure>\n<\/div>\n<\/div>\n","protected":false},"featured_media":387003,"menu_order":0,"template":"","categories":[],"class_list":["post-386995","esdeveniment","type-esdeveniment","status-publish","has-post-thumbnail","hentry"],"_links":{"self":[{"href":"https:\/\/cecot.org\/es\/wp-json\/wp\/v2\/esdeveniment\/386995","targetHints":{"allow":["GET"]}}],"collection":[{"href":"https:\/\/cecot.org\/es\/wp-json\/wp\/v2\/esdeveniment"}],"about":[{"href":"https:\/\/cecot.org\/es\/wp-json\/wp\/v2\/types\/esdeveniment"}],"wp:featuredmedia":[{"embeddable":true,"href":"https:\/\/cecot.org\/es\/wp-json\/wp\/v2\/media\/387003"}],"wp:attachment":[{"href":"https:\/\/cecot.org\/es\/wp-json\/wp\/v2\/media?parent=386995"}],"wp:term":[{"taxonomy":"category","embeddable":true,"href":"https:\/\/cecot.org\/es\/wp-json\/wp\/v2\/categories?post=386995"}],"curies":[{"name":"wp","href":"https:\/\/api.w.org\/{rel}","templated":true}]}}

Finances per a empresaris i directius: una mirada generalista a la gestió financera

<p><strong>Saps què diuen els teus balanços sobre la salut del teu negoci?<br></strong></p>



<p>Adquireix&nbsp;una visió global de la funció financera dins de la direcció general.<br>Aprendràs a interpretar estats financers, analitzar resultats, gestionar el cash flow i aplicar la planificació financera com a eina de creixement. Amb coneixements pràctics en balanços, comptes de resultats, ratios i previsió de tresoreria, podràs prendre decisions més estratègiques i millorar la sostenibilitat del teu negoci.<br></p>



<p><strong>Transforma la gestió financera en un aliat per al creixement i la rendibilitat de la teva empresa.</strong></p>



<div class="wp-block-group qui-organitza is-content-justification-left is-layout-constrained wp-container-core-group-is-layout-8c890d92 wp-block-group-is-layout-constrained">
<h4 class="wp-block-heading">Organitza:</h4>



<div class="wp-block-group qui-organitza-img is-layout-constrained wp-block-group-is-layout-constrained">
<figure class="wp-block-image size-full"><img data-dominant-color="001014" data-has-transparency="true" style="--dominant-color: #001014;" loading="lazy" decoding="async" width="400" height="135" sizes="(max-width: 400px) 100vw, 400px" src="https://cecot.org/wp-content/uploads/2024/04/logos-vectotials_cecot-formacio-i-desenvolupament.png" alt="Cecot Formació" class="wp-image-311860 has-transparency" srcset="https://cecot.org/wp-content/uploads/2024/04/logos-vectotials_cecot-formacio-i-desenvolupament.png 400w, https://cecot.org/wp-content/uploads/2024/04/logos-vectotials_cecot-formacio-i-desenvolupament-300x101.png 300w" /><figcaption class="wp-element-caption">Cecot Formació</figcaption></figure>
</div>
</div>
