{"id":381651,"date":"2026-01-02T14:29:40","date_gmt":"2026-01-02T12:29:40","guid":{"rendered":"https:\/\/cecot.org\/?post_type=esdeveniment&#038;p=381651"},"modified":"2026-01-02T14:34:51","modified_gmt":"2026-01-02T12:34:51","slug":"planificaci-de-la-poltica-salarial-de-lempresa","status":"publish","type":"esdeveniment","link":"https:\/\/cecot.org\/es\/esdeveniment\/planificaci-de-la-poltica-salarial-de-lempresa\/","title":{"rendered":"Planificaci\u00f3 de la pol\u00edtica salarial de l&#8217;empresa"},"content":{"rendered":"\n<p><strong>La teva empresa disposa d\u2019una pol\u00edtica salarial clara, equitativa i alineada amb els seus objectius estrat\u00e8gics?<\/strong><br><br><strong>Adquireix\u00a0<\/strong>una\u00a0visi\u00f3 pr\u00e0ctica sobre com planificar i estructurar la pol\u00edtica salarial de l\u2019empresa tenint en compte el marc legal i la realitat del mercat.<br><strong>Treballa\u00a0<\/strong>criteris d\u2019equitat interna, competitivitat externa i diferents sistemes de retribuci\u00f3 fixa i variable.<br><strong>Analitza<\/strong>\u00a0indicadors clau per a una presa de decisions eficient i la vinculaci\u00f3 del salari amb el rendiment i la motivaci\u00f3.<br><br><strong>Dissenya una pol\u00edtica salarial que reforci el comprom\u00eds, millori la productivitat i aporti valor a l\u2019organitzaci\u00f3.<\/strong><br><\/p>\n\n\n\n<p><strong>Equip Docent:<\/strong><\/p>\n\n\n\n<p><strong>Robert Guti\u00e9rrez \u00c1lvarez<\/strong><\/p>\n\n\n\n<p><strong>Especialitzat en dret laboral i de la Seguretat Social<\/strong><\/p>\n\n\n\n<p>El Robert \u00e9s un professional amb una \u00e0mplia traject\u00f2ria en l\u2019\u00e0mbit laboral i de la Seguretat Social, tant des del sector p\u00fablic com privat. Actualment exerceix com a Subinspector de Treball i professor col\u00b7laborador a la UOC, on imparteix assignatures de dret del treball. Durant vuit anys va ser redactor jur\u00eddic a l\u2019editorial Lefebvre, especialitzat en continguts pr\u00e0ctics per a professionals del dret i l\u2019empresa. Tamb\u00e9 ha estat professor a la UAB i responsable laboral en una assessoria. La seva formaci\u00f3 inclou el grau en Dret, un m\u00e0ster en Assessoria Jur\u00eddica d\u2019Empreses, i estudis en Relacions Laborals i Ci\u00e8ncies del Treball. Aquesta combinaci\u00f3 de coneixement te\u00f2ric i experi\u00e8ncia pr\u00e0ctica el converteix en una veu experta i solvent per parlar sobre jornada, horaris i vacances.<\/p>\n\n\n\n<div class=\"wp-block-group qui-organitza is-content-justification-left is-layout-constrained wp-container-core-group-is-layout-8c890d92 wp-block-group-is-layout-constrained\">\n<h4 class=\"wp-block-heading\">Organitza:<\/h4>\n\n\n\n<div class=\"wp-block-group qui-organitza-img is-layout-constrained wp-block-group-is-layout-constrained\">\n<figure class=\"wp-block-image size-full\"><img data-dominant-color=\"001014\" data-has-transparency=\"true\" style=\"--dominant-color: #001014;\" loading=\"lazy\" decoding=\"async\" width=\"400\" height=\"135\" sizes=\"(max-width: 400px) 100vw, 400px\" src=\"https:\/\/cecot.org\/wp-content\/uploads\/2024\/04\/logo_cecot-formacio-i-desenvolupament-136.png\" alt=\"\" class=\"wp-image-312649 has-transparency\" srcset=\"https:\/\/cecot.org\/wp-content\/uploads\/2024\/04\/logo_cecot-formacio-i-desenvolupament-136.png 400w, https:\/\/cecot.org\/wp-content\/uploads\/2024\/04\/logo_cecot-formacio-i-desenvolupament-136-300x101.png 300w\" \/><\/figure>\n<\/div>\n<\/div>\n","protected":false},"featured_media":381649,"menu_order":0,"template":"","categories":[],"class_list":["post-381651","esdeveniment","type-esdeveniment","status-publish","has-post-thumbnail","hentry"],"_links":{"self":[{"href":"https:\/\/cecot.org\/es\/wp-json\/wp\/v2\/esdeveniment\/381651","targetHints":{"allow":["GET"]}}],"collection":[{"href":"https:\/\/cecot.org\/es\/wp-json\/wp\/v2\/esdeveniment"}],"about":[{"href":"https:\/\/cecot.org\/es\/wp-json\/wp\/v2\/types\/esdeveniment"}],"wp:featuredmedia":[{"embeddable":true,"href":"https:\/\/cecot.org\/es\/wp-json\/wp\/v2\/media\/381649"}],"wp:attachment":[{"href":"https:\/\/cecot.org\/es\/wp-json\/wp\/v2\/media?parent=381651"}],"wp:term":[{"taxonomy":"category","embeddable":true,"href":"https:\/\/cecot.org\/es\/wp-json\/wp\/v2\/categories?post=381651"}],"curies":[{"name":"wp","href":"https:\/\/api.w.org\/{rel}","templated":true}]}}

Planificació de la política salarial de l&#8217;empresa

<p><strong>La teva empresa disposa d’una política salarial clara, equitativa i alineada amb els seus objectius estratègics?</strong><br><br><strong>Adquireix </strong>una visió pràctica sobre com planificar i estructurar la política salarial de l’empresa tenint en compte el marc legal i la realitat del mercat.<br><strong>Treballa </strong>criteris d’equitat interna, competitivitat externa i diferents sistemes de retribució fixa i variable.<br><strong>Analitza</strong> indicadors clau per a una presa de decisions eficient i la vinculació del salari amb el rendiment i la motivació.<br><br><strong>Dissenya una política salarial que reforci el compromís, millori la productivitat i aporti valor a l’organització.</strong><br></p>



<p><strong>Equip Docent:</strong></p>



<p><strong>Robert Gutiérrez Álvarez</strong></p>



<p><strong>Especialitzat en dret laboral i de la Seguretat Social</strong></p>



<p>El Robert és un professional amb una àmplia trajectòria en l’àmbit laboral i de la Seguretat Social, tant des del sector públic com privat. Actualment exerceix com a Subinspector de Treball i professor col·laborador a la UOC, on imparteix assignatures de dret del treball. Durant vuit anys va ser redactor jurídic a l’editorial Lefebvre, especialitzat en continguts pràctics per a professionals del dret i l’empresa. També ha estat professor a la UAB i responsable laboral en una assessoria. La seva formació inclou el grau en Dret, un màster en Assessoria Jurídica d’Empreses, i estudis en Relacions Laborals i Ciències del Treball. Aquesta combinació de coneixement teòric i experiència pràctica el converteix en una veu experta i solvent per parlar sobre jornada, horaris i vacances.</p>



<div class="wp-block-group qui-organitza is-content-justification-left is-layout-constrained wp-container-core-group-is-layout-8c890d92 wp-block-group-is-layout-constrained">
<h4 class="wp-block-heading">Organitza:</h4>



<div class="wp-block-group qui-organitza-img is-layout-constrained wp-block-group-is-layout-constrained">
<figure class="wp-block-image size-full"><img data-dominant-color="001014" data-has-transparency="true" style="--dominant-color: #001014;" loading="lazy" decoding="async" width="400" height="135" sizes="(max-width: 400px) 100vw, 400px" src="https://cecot.org/wp-content/uploads/2024/04/logo_cecot-formacio-i-desenvolupament-136.png" alt="" class="wp-image-312649 has-transparency" srcset="https://cecot.org/wp-content/uploads/2024/04/logo_cecot-formacio-i-desenvolupament-136.png 400w, https://cecot.org/wp-content/uploads/2024/04/logo_cecot-formacio-i-desenvolupament-136-300x101.png 300w" /></figure>
</div>
</div>
