{"id":379312,"date":"2025-11-18T13:16:43","date_gmt":"2025-11-18T11:16:43","guid":{"rendered":"https:\/\/cecot.org\/?post_type=esdeveniment&#038;p=379312"},"modified":"2025-11-18T13:16:44","modified_gmt":"2025-11-18T11:16:44","slug":"sessio-de-treball-amb-el-director-general-dindustria","status":"publish","type":"esdeveniment","link":"https:\/\/cecot.org\/es\/esdeveniment\/sessio-de-treball-amb-el-director-general-dindustria\/","title":{"rendered":"Sessi\u00f3 de treball amb el director general d\u2019Ind\u00fastria"},"content":{"rendered":"\n<p>El Govern de Catalunya est\u00e0 treballant en un nou Pacte Nacional per a la Ind\u00fastria (PNI) per al per\u00edode 2026\u20132030. L\u2019acord actual, que ven\u00e7 enguany, donar\u00e0 pas a un nou full de ruta per als propers cinc anys, amb la previsi\u00f3 que es pugui aprovar abans de finals d\u2019any i que al gener se\u2019n formalitzi la signatura amb els agents socials.<\/p>\n\n\n\n<p>Per parlar dels objectius, els eixos estrat\u00e8gics i els principals continguts d\u2019aquest nou PNI, des de Cecot Ind\u00fastria organitzem una sessi\u00f3 de treball amb el director general d\u2019Ind\u00fastria, el Sr. Xavier Roca, adre\u00e7ada a empreses industrials que vulguin con\u00e8ixer de primera m\u00e0 la proposta i traslladar-hi les seves aportacions.<\/p>\n","protected":false},"featured_media":379315,"menu_order":0,"template":"","categories":[],"class_list":["post-379312","esdeveniment","type-esdeveniment","status-publish","has-post-thumbnail","hentry"],"_links":{"self":[{"href":"https:\/\/cecot.org\/es\/wp-json\/wp\/v2\/esdeveniment\/379312","targetHints":{"allow":["GET"]}}],"collection":[{"href":"https:\/\/cecot.org\/es\/wp-json\/wp\/v2\/esdeveniment"}],"about":[{"href":"https:\/\/cecot.org\/es\/wp-json\/wp\/v2\/types\/esdeveniment"}],"wp:featuredmedia":[{"embeddable":true,"href":"https:\/\/cecot.org\/es\/wp-json\/wp\/v2\/media\/379315"}],"wp:attachment":[{"href":"https:\/\/cecot.org\/es\/wp-json\/wp\/v2\/media?parent=379312"}],"wp:term":[{"taxonomy":"category","embeddable":true,"href":"https:\/\/cecot.org\/es\/wp-json\/wp\/v2\/categories?post=379312"}],"curies":[{"name":"wp","href":"https:\/\/api.w.org\/{rel}","templated":true}]}}

Sessió de treball amb el director general d’Indústria

<p>El Govern de Catalunya està treballant en un nou Pacte Nacional per a la Indústria (PNI) per al període 2026–2030. L’acord actual, que venç enguany, donarà pas a un nou full de ruta per als propers cinc anys, amb la previsió que es pugui aprovar abans de finals d’any i que al gener se’n formalitzi la signatura amb els agents socials.</p>



<p>Per parlar dels objectius, els eixos estratègics i els principals continguts d’aquest nou PNI, des de Cecot Indústria organitzem una sessió de treball amb el director general d’Indústria, el Sr. Xavier Roca, adreçada a empreses industrials que vulguin conèixer de primera mà la proposta i traslladar-hi les seves aportacions.</p>
