{"id":370908,"date":"2025-09-23T15:27:15","date_gmt":"2025-09-23T13:27:15","guid":{"rendered":"https:\/\/cecot.org\/?post_type=esdeveniment&#038;p=370908"},"modified":"2025-09-23T15:52:09","modified_gmt":"2025-09-23T13:52:09","slug":"la-re-evolucio-del-despatx-professional-digitalitzacio-i-actualitat-fiscal","status":"publish","type":"esdeveniment","link":"https:\/\/cecot.org\/es\/esdeveniment\/la-re-evolucio-del-despatx-professional-digitalitzacio-i-actualitat-fiscal\/","title":{"rendered":"La re-evoluci\u00f3 del despatx professional: digitalitzaci\u00f3 i actualitat fiscal"},"content":{"rendered":"\n<p>Trobada de Despatxos Professionals de la Cecot a Barcelona<\/p>\n\n\n\n<p>Com adoptar les noves tecnologies per transformar els despatxos professionals? Aquesta \u00e9s la gran q\u00fcesti\u00f3 que moltes assessories i gestories es plantegen en un entorn cada cop m\u00e9s digitalitzat. Aconseguir una gesti\u00f3 m\u00e9s eficient i aportar m\u00e9s valor afegit als clients s\u00f3n objectius essencials, per\u00f2 ara s\u2019hi sumen nous reptes com les obligacions de facturaci\u00f3 derivades de Verifactu i e-Factura, que exigeixen una adaptaci\u00f3 r\u00e0pida i efectiva.<\/p>\n\n\n\n<p>Per\u00f2, qu\u00e8 significa realment digitalitzar-se? M\u00e9s enll\u00e0 d\u2019implementar tecnologia, cal definir un model tecnol\u00f2gic adequat, automatitzar processos manuals i, alhora, posar les persones i els equips al centre del canvi. Un proc\u00e9s que, tot i ser complex, obre la porta a grans oportunitats.<\/p>\n\n\n\n<p>Per donar resposta a aquests desafiaments, la Trobada de Despatxos Professionals de la Cecot celebra una nova edici\u00f3 a Barcelona. Ser\u00e0 una jornada dedicada a l\u2019actualitzaci\u00f3 de les darreres novetats fiscals i a compartir coneixements pr\u00e0ctics per ajudar els despatxos a evolucionar amb \u00e8xit.<\/p>\n\n\n\n<p>Una cita imprescindible per als professionals que volen cr\u00e9ixer, compartir coneixement i fer networking, amb un enfocament pr\u00e0ctic i inspirador per avan\u00e7ar en la transformaci\u00f3 del despatx professional. T\u2019ho perdr\u00e0s?<\/p>\n\n\n\n<p><a href=\"https:\/\/cecot.org\/trobada-despatxos-professionals-barcelona\/\" data-type=\"link\" data-id=\"https:\/\/cecot.org\/trobada-despatxos-professionals-barcelona\/\"><strong>M\u00e9s informaci\u00f3<\/strong><\/a><\/p>\n","protected":false},"featured_media":373075,"menu_order":0,"template":"","categories":[],"class_list":["post-370908","esdeveniment","type-esdeveniment","status-publish","has-post-thumbnail","hentry"],"_links":{"self":[{"href":"https:\/\/cecot.org\/es\/wp-json\/wp\/v2\/esdeveniment\/370908","targetHints":{"allow":["GET"]}}],"collection":[{"href":"https:\/\/cecot.org\/es\/wp-json\/wp\/v2\/esdeveniment"}],"about":[{"href":"https:\/\/cecot.org\/es\/wp-json\/wp\/v2\/types\/esdeveniment"}],"wp:featuredmedia":[{"embeddable":true,"href":"https:\/\/cecot.org\/es\/wp-json\/wp\/v2\/media\/373075"}],"wp:attachment":[{"href":"https:\/\/cecot.org\/es\/wp-json\/wp\/v2\/media?parent=370908"}],"wp:term":[{"taxonomy":"category","embeddable":true,"href":"https:\/\/cecot.org\/es\/wp-json\/wp\/v2\/categories?post=370908"}],"curies":[{"name":"wp","href":"https:\/\/api.w.org\/{rel}","templated":true}]}}

La re-evolució del despatx professional: digitalització i actualitat fiscal

<p>Trobada de Despatxos Professionals de la Cecot a Barcelona</p>



<p>Com adoptar les noves tecnologies per transformar els despatxos professionals? Aquesta és la gran qüestió que moltes assessories i gestories es plantegen en un entorn cada cop més digitalitzat. Aconseguir una gestió més eficient i aportar més valor afegit als clients són objectius essencials, però ara s’hi sumen nous reptes com les obligacions de facturació derivades de Verifactu i e-Factura, que exigeixen una adaptació ràpida i efectiva.</p>



<p>Però, què significa realment digitalitzar-se? Més enllà d’implementar tecnologia, cal definir un model tecnològic adequat, automatitzar processos manuals i, alhora, posar les persones i els equips al centre del canvi. Un procés que, tot i ser complex, obre la porta a grans oportunitats.</p>



<p>Per donar resposta a aquests desafiaments, la Trobada de Despatxos Professionals de la Cecot celebra una nova edició a Barcelona. Serà una jornada dedicada a l’actualització de les darreres novetats fiscals i a compartir coneixements pràctics per ajudar els despatxos a evolucionar amb èxit.</p>



<p>Una cita imprescindible per als professionals que volen créixer, compartir coneixement i fer networking, amb un enfocament pràctic i inspirador per avançar en la transformació del despatx professional. T’ho perdràs?</p>



<p><a href="https://cecot.org/trobada-despatxos-professionals-barcelona/" data-type="link" data-id="https://cecot.org/trobada-despatxos-professionals-barcelona/"><strong>Més informació</strong></a></p>
