{"id":367818,"date":"2025-06-06T10:35:06","date_gmt":"2025-06-06T08:35:06","guid":{"rendered":"https:\/\/cecot.org\/?post_type=esdeveniment&#038;p=367818"},"modified":"2025-06-19T11:46:19","modified_gmt":"2025-06-19T09:46:19","slug":"trobada-anual-de-professionals-de-recursos-humans","status":"publish","type":"esdeveniment","link":"https:\/\/cecot.org\/es\/esdeveniment\/trobada-anual-de-professionals-de-recursos-humans\/","title":{"rendered":"Trobada anual de professionals de Recursos Humans"},"content":{"rendered":"\n<p>TRANS-FORMAR  la gesti\u00f3 de persones cap a entorns m\u00e9s inclusius i eficients <\/p>\n\n\n\n<p>En un moment de canvis accelerats, la gesti\u00f3 de persones ha d\u2019 evolucionar per donar resposta a nous reptes socials i organitzatius. Aquesta trobada vol ser un espai de reflexi\u00f3 i connexi\u00f3 per a professionals que aposten per models m\u00e9s inclusius, eficients i centrats en les persones.<\/p>\n\n\n\n<p>Amb el lema &#8220;TRANS-FORMAR&#8221;, posarem el focus en iniciatives innovadores i bones pr\u00e0ctiques que estan redefinint els Recursos Humans amb visi\u00f3, responsabilitat i impacte real.&nbsp;<\/p>\n\n\n\n<h2 class=\"wp-block-heading\">Programa<\/h2>\n\n\n\n<p><strong>09:15h<\/strong>&nbsp;\u2013 Recepci\u00f3 i caf\u00e8 de benvinguda.<br><strong>09:30h<\/strong>&nbsp;\u2013 Benvinguda als participants.<br><strong>09:35h<\/strong>&nbsp;\u2013&nbsp;<strong>Pere Rosales<\/strong>&nbsp;|&nbsp;Humans amb Recursos \u2013 Lideratges que inspiren i empreses amb prop\u00f2sit.<br><strong>10:35h<\/strong>&nbsp;\u2013&nbsp;<strong>\u00c0ngel Bux\u00f3 i Pep Bosch<\/strong>&nbsp;| Br\u00faixola laboral \u2013 Claus per navegar en el nou marc normatiu.<br><strong>11:00h \u2013&nbsp;<\/strong>Pausa Caf\u00e8.<br><strong>11:30h<\/strong>&nbsp;\u2013&nbsp;<strong>Clara Brull<\/strong>&nbsp;| El m\u00e8tode Kintsu \u2013 La transformaci\u00f3 daurada en la gesti\u00f3 de persones<br><strong>12:00h<\/strong>&nbsp;\u2013&nbsp;<strong>Oriol Mas<\/strong>&nbsp;| Employer Brand: Com construir una empresa que capti i fidelitzi el talent?<br><strong>13:00h<\/strong>&nbsp;\u2013 Tancament de la jornada.<\/p>\n","protected":false},"featured_media":367943,"menu_order":0,"template":"","categories":[],"class_list":["post-367818","esdeveniment","type-esdeveniment","status-publish","has-post-thumbnail","hentry"],"_links":{"self":[{"href":"https:\/\/cecot.org\/es\/wp-json\/wp\/v2\/esdeveniment\/367818","targetHints":{"allow":["GET"]}}],"collection":[{"href":"https:\/\/cecot.org\/es\/wp-json\/wp\/v2\/esdeveniment"}],"about":[{"href":"https:\/\/cecot.org\/es\/wp-json\/wp\/v2\/types\/esdeveniment"}],"wp:featuredmedia":[{"embeddable":true,"href":"https:\/\/cecot.org\/es\/wp-json\/wp\/v2\/media\/367943"}],"wp:attachment":[{"href":"https:\/\/cecot.org\/es\/wp-json\/wp\/v2\/media?parent=367818"}],"wp:term":[{"taxonomy":"category","embeddable":true,"href":"https:\/\/cecot.org\/es\/wp-json\/wp\/v2\/categories?post=367818"}],"curies":[{"name":"wp","href":"https:\/\/api.w.org\/{rel}","templated":true}]}}

<p>TRANS-FORMAR  la gestió de persones cap a entorns més inclusius i eficients </p>



<p>En un moment de canvis accelerats, la gestió de persones ha d’ evolucionar per donar resposta a nous reptes socials i organitzatius. Aquesta trobada vol ser un espai de reflexió i connexió per a professionals que aposten per models més inclusius, eficients i centrats en les persones.</p>



<p>Amb el lema &#8220;TRANS-FORMAR&#8221;, posarem el focus en iniciatives innovadores i bones pràctiques que estan redefinint els Recursos Humans amb visió, responsabilitat i impacte real.&nbsp;</p>



<h2 class="wp-block-heading">Programa</h2>



<p><strong>09:15h</strong>&nbsp;– Recepció i cafè de benvinguda.<br><strong>09:30h</strong>&nbsp;– Benvinguda als participants.<br><strong>09:35h</strong>&nbsp;–&nbsp;<strong>Pere Rosales</strong>&nbsp;|&nbsp;Humans amb Recursos – Lideratges que inspiren i empreses amb propòsit.<br><strong>10:35h</strong>&nbsp;–&nbsp;<strong>Àngel Buxó i Pep Bosch</strong>&nbsp;| Brúixola laboral – Claus per navegar en el nou marc normatiu.<br><strong>11:00h –&nbsp;</strong>Pausa Cafè.<br><strong>11:30h</strong>&nbsp;–&nbsp;<strong>Clara Brull</strong>&nbsp;| El mètode Kintsu – La transformació daurada en la gestió de persones<br><strong>12:00h</strong>&nbsp;–&nbsp;<strong>Oriol Mas</strong>&nbsp;| Employer Brand: Com construir una empresa que capti i fidelitzi el talent?<br><strong>13:00h</strong>&nbsp;– Tancament de la jornada.</p>
