{"id":364818,"date":"2025-05-14T12:40:02","date_gmt":"2025-05-14T10:40:02","guid":{"rendered":"https:\/\/cecot.org\/?post_type=esdeveniment&#038;p=364818"},"modified":"2025-05-16T13:17:05","modified_gmt":"2025-05-16T11:17:05","slug":"ia-aplicada-al-sector-de-la-construccio-assemblea-anual-del-gremi","status":"publish","type":"esdeveniment","link":"https:\/\/cecot.org\/es\/esdeveniment\/ia-aplicada-al-sector-de-la-construccio-assemblea-anual-del-gremi\/","title":{"rendered":"IA aplicada al sector de la construcci\u00f3 | Assemblea Anual del Gremi"},"content":{"rendered":"\n<p>El Gremi de la Construcci\u00f3 del Vall\u00e8s us convida a una sessi\u00f3 que combinar\u00e0 la celebraci\u00f3 de la nostra Assemblea General Ordin\u00e0ria amb una pon\u00e8ncia d\u2019alt nivell sobre un dels temes m\u00e9s disruptius del moment: la Intel\u00b7lig\u00e8ncia Artificial aplicada al sector de la construcci\u00f3.<\/p>\n\n\n\n<p>Aprofitarem aquesta trobada anual per compartir amb els agremiats i agremiades els principals eixos de treball d\u2019aquest darrer any, i alhora projectar una mirada cap al futur amb l\u2019ajuda d\u2019un expert de refer\u00e8ncia.<\/p>\n\n\n\n<p>Comptarem amb la participaci\u00f3 d\u2019Aleix Valls, CEO i fundador de Liquid Lab, que ens aportar\u00e0 una visi\u00f3 estrat\u00e8gica sobre les oportunitats i reptes que suposa la incorporaci\u00f3 de la IA en processos com la planificaci\u00f3 d\u2019obra, la predicci\u00f3 de riscos, la gesti\u00f3 de recursos o l&#8217;automatitzaci\u00f3.<\/p>\n","protected":false},"featured_media":364906,"menu_order":0,"template":"","categories":[],"class_list":["post-364818","esdeveniment","type-esdeveniment","status-publish","has-post-thumbnail","hentry"],"_links":{"self":[{"href":"https:\/\/cecot.org\/es\/wp-json\/wp\/v2\/esdeveniment\/364818","targetHints":{"allow":["GET"]}}],"collection":[{"href":"https:\/\/cecot.org\/es\/wp-json\/wp\/v2\/esdeveniment"}],"about":[{"href":"https:\/\/cecot.org\/es\/wp-json\/wp\/v2\/types\/esdeveniment"}],"wp:featuredmedia":[{"embeddable":true,"href":"https:\/\/cecot.org\/es\/wp-json\/wp\/v2\/media\/364906"}],"wp:attachment":[{"href":"https:\/\/cecot.org\/es\/wp-json\/wp\/v2\/media?parent=364818"}],"wp:term":[{"taxonomy":"category","embeddable":true,"href":"https:\/\/cecot.org\/es\/wp-json\/wp\/v2\/categories?post=364818"}],"curies":[{"name":"wp","href":"https:\/\/api.w.org\/{rel}","templated":true}]}}

IA aplicada al sector de la construcció | Assemblea Anual del Gremi

<p>El Gremi de la Construcció del Vallès us convida a una sessió que combinarà la celebració de la nostra Assemblea General Ordinària amb una ponència d’alt nivell sobre un dels temes més disruptius del moment: la Intel·ligència Artificial aplicada al sector de la construcció.</p>



<p>Aprofitarem aquesta trobada anual per compartir amb els agremiats i agremiades els principals eixos de treball d’aquest darrer any, i alhora projectar una mirada cap al futur amb l’ajuda d’un expert de referència.</p>



<p>Comptarem amb la participació d’Aleix Valls, CEO i fundador de Liquid Lab, que ens aportarà una visió estratègica sobre les oportunitats i reptes que suposa la incorporació de la IA en processos com la planificació d’obra, la predicció de riscos, la gestió de recursos o l&#8217;automatització.</p>
