{"id":362782,"date":"2025-04-11T12:36:18","date_gmt":"2025-04-11T10:36:18","guid":{"rendered":"https:\/\/cecot.org\/?post_type=esdeveniment&#038;p=362782"},"modified":"2025-04-11T12:37:45","modified_gmt":"2025-04-11T10:37:45","slug":"jornada-prl-gestio-de-les-emergencies-en-entorns-de-treball-amb-persones-amb-discapacitat","status":"publish","type":"esdeveniment","link":"https:\/\/cecot.org\/es\/esdeveniment\/jornada-prl-gestio-de-les-emergencies-en-entorns-de-treball-amb-persones-amb-discapacitat\/","title":{"rendered":"Jornada PRL | Gesti\u00f3 de les emerg\u00e8ncies en entorns de treball amb persones amb discapacitat"},"content":{"rendered":"\n<p><strong>Sembla inq\u00fcestionable que les persones amb discapacitat en edat laboral tenen dret a llocs de treball segurs. Aquest dret ve avalat per la normativa de prevenci\u00f3 de riscos laborals que exigeix el mateix nivell de seguretat per a totes les persones treballadores<\/strong>.<\/p>\n\n\n\n<p><strong>Aquesta normativa inclou requisits en mat\u00e8ria de gesti\u00f3 d&#8217;emerg\u00e8ncies en els entorns laborals<\/strong>, per\u00f2 a m\u00e9s, existeixen requisits legals en mat\u00e8ria d&#8217;accessibilitat, autoprotecci\u00f3 i seguretat contra incendis aplicables tamb\u00e9 als centres de treball.<\/p>\n\n\n\n<p>Tot aix\u00f2, ens porta a pensar que les empreses incorporen de forma natural la possible pres\u00e8ncia de personal amb discapacitat en els plans d&#8217;emerg\u00e8ncia i en el disseny dels centres de treball. No obstant aix\u00f2, la realitat ens mostra que no es t\u00e9 en compte aquesta possibilitat, ni \u00e9s f\u00e0cil fer-ho. L&#8217;objectiu d&#8217;aquesta jornada \u00e9s&nbsp;<strong>oferir pautes d&#8217;actuaci\u00f3 per a una correcta gesti\u00f3 de les emerg\u00e8ncies en els entorns de treball, concretament en aquells entorns en els que es preveu o existeix personal amb discapacitat<\/strong>. A m\u00e9s, es compartiran experi\u00e8ncies pr\u00e0ctiques d&#8217;entitats que compten en les seves plantilles amb un elevat percentatge de persones amb discapacitat i que ens mostraran com gestionen una cosa tan cr\u00edtica com una situaci\u00f3 d&#8217;emerg\u00e8ncia.<\/p>\n\n\n\n<p><a href=\"https:\/\/cecot.org\/part-privada\/jornada-prl-gestio-de-les-emergencies-en-entorns-de-treball-amb-persones-amb-discapacitat\/\" data-type=\"link\" data-id=\"https:\/\/cecot.org\/part-privada\/jornada-prl-gestio-de-les-emergencies-en-entorns-de-treball-amb-persones-amb-discapacitat\/\">M\u00e9s informaci\u00f3<\/a><\/p>\n","protected":false},"featured_media":362785,"menu_order":0,"template":"","categories":[],"class_list":["post-362782","esdeveniment","type-esdeveniment","status-publish","has-post-thumbnail","hentry"],"_links":{"self":[{"href":"https:\/\/cecot.org\/es\/wp-json\/wp\/v2\/esdeveniment\/362782","targetHints":{"allow":["GET"]}}],"collection":[{"href":"https:\/\/cecot.org\/es\/wp-json\/wp\/v2\/esdeveniment"}],"about":[{"href":"https:\/\/cecot.org\/es\/wp-json\/wp\/v2\/types\/esdeveniment"}],"wp:featuredmedia":[{"embeddable":true,"href":"https:\/\/cecot.org\/es\/wp-json\/wp\/v2\/media\/362785"}],"wp:attachment":[{"href":"https:\/\/cecot.org\/es\/wp-json\/wp\/v2\/media?parent=362782"}],"wp:term":[{"taxonomy":"category","embeddable":true,"href":"https:\/\/cecot.org\/es\/wp-json\/wp\/v2\/categories?post=362782"}],"curies":[{"name":"wp","href":"https:\/\/api.w.org\/{rel}","templated":true}]}}

Jornada PRL | Gestió de les emergències en entorns de treball amb persones amb discapacitat

<p><strong>Sembla inqüestionable que les persones amb discapacitat en edat laboral tenen dret a llocs de treball segurs. Aquest dret ve avalat per la normativa de prevenció de riscos laborals que exigeix el mateix nivell de seguretat per a totes les persones treballadores</strong>.</p>



<p><strong>Aquesta normativa inclou requisits en matèria de gestió d&#8217;emergències en els entorns laborals</strong>, però a més, existeixen requisits legals en matèria d&#8217;accessibilitat, autoprotecció i seguretat contra incendis aplicables també als centres de treball.</p>



<p>Tot això, ens porta a pensar que les empreses incorporen de forma natural la possible presència de personal amb discapacitat en els plans d&#8217;emergència i en el disseny dels centres de treball. No obstant això, la realitat ens mostra que no es té en compte aquesta possibilitat, ni és fàcil fer-ho. L&#8217;objectiu d&#8217;aquesta jornada és&nbsp;<strong>oferir pautes d&#8217;actuació per a una correcta gestió de les emergències en els entorns de treball, concretament en aquells entorns en els que es preveu o existeix personal amb discapacitat</strong>. A més, es compartiran experiències pràctiques d&#8217;entitats que compten en les seves plantilles amb un elevat percentatge de persones amb discapacitat i que ens mostraran com gestionen una cosa tan crítica com una situació d&#8217;emergència.</p>



<p><a href="https://cecot.org/part-privada/jornada-prl-gestio-de-les-emergencies-en-entorns-de-treball-amb-persones-amb-discapacitat/" data-type="link" data-id="https://cecot.org/part-privada/jornada-prl-gestio-de-les-emergencies-en-entorns-de-treball-amb-persones-amb-discapacitat/">Més informació</a></p>
