{"id":362328,"date":"2025-04-04T16:02:47","date_gmt":"2025-04-04T14:02:47","guid":{"rendered":"https:\/\/cecot.org\/?post_type=esdeveniment&#038;p=362328"},"modified":"2025-04-04T16:02:48","modified_gmt":"2025-04-04T14:02:48","slug":"comptabilitat-informatitzada","status":"publish","type":"esdeveniment","link":"https:\/\/cecot.org\/es\/esdeveniment\/comptabilitat-informatitzada\/","title":{"rendered":"Comptabilitat informatitzada"},"content":{"rendered":"\n<h2 class=\"wp-block-heading\">Objectius<\/h2>\n\n\n\n<p>Aplicar els coneixements i els procediments comptables al registre de l&#8217;activitat utilitzant una eina inform\u00e0tica de gesti\u00f3 comptable.<\/p>\n\n\n\n<h2 class=\"wp-block-heading\">Programa<\/h2>\n\n\n\n<ul class=\"wp-block-list\">\n<li>Comptabilitat informatitzada\n<ul class=\"wp-block-list\">\n<li>M\u00f2dul 1 Aplicaci\u00f3 inform\u00e0tica comptable &#8211; 10 hores<\/li>\n\n\n\n<li>M\u00f2dul 2 Registres comptables, fiscals i de tresoreria &#8211; 25 hores<\/li>\n\n\n\n<li>M\u00f2dul 3 Altres eines comptables &#8211; 5 hores<\/li>\n<\/ul>\n<\/li>\n<\/ul>\n\n\n\n<div class=\"wp-block-group qui-organitza is-content-justification-left is-layout-constrained wp-container-core-group-is-layout-8c890d92 wp-block-group-is-layout-constrained\">\n<h4 class=\"wp-block-heading\">Organitza:<\/h4>\n\n\n\n<div class=\"wp-block-group qui-organitza-img is-layout-constrained wp-block-group-is-layout-constrained\">\n<figure class=\"wp-block-image size-full\"><img data-dominant-color=\"001014\" data-has-transparency=\"true\" style=\"--dominant-color: #001014;\" loading=\"lazy\" decoding=\"async\" width=\"400\" height=\"135\" sizes=\"(max-width: 400px) 100vw, 400px\" src=\"https:\/\/cecot.org\/wp-content\/uploads\/2024\/04\/logo_cecot-formacio-i-desenvolupament-136.png\" alt=\"\" class=\"wp-image-312649 has-transparency\" srcset=\"https:\/\/cecot.org\/wp-content\/uploads\/2024\/04\/logo_cecot-formacio-i-desenvolupament-136.png 400w, https:\/\/cecot.org\/wp-content\/uploads\/2024\/04\/logo_cecot-formacio-i-desenvolupament-136-300x101.png 300w\" \/><\/figure>\n<\/div>\n<\/div>\n\n\n\n<p><\/p>\n","protected":false},"featured_media":362331,"menu_order":0,"template":"","categories":[],"class_list":["post-362328","esdeveniment","type-esdeveniment","status-publish","has-post-thumbnail","hentry"],"_links":{"self":[{"href":"https:\/\/cecot.org\/es\/wp-json\/wp\/v2\/esdeveniment\/362328","targetHints":{"allow":["GET"]}}],"collection":[{"href":"https:\/\/cecot.org\/es\/wp-json\/wp\/v2\/esdeveniment"}],"about":[{"href":"https:\/\/cecot.org\/es\/wp-json\/wp\/v2\/types\/esdeveniment"}],"wp:featuredmedia":[{"embeddable":true,"href":"https:\/\/cecot.org\/es\/wp-json\/wp\/v2\/media\/362331"}],"wp:attachment":[{"href":"https:\/\/cecot.org\/es\/wp-json\/wp\/v2\/media?parent=362328"}],"wp:term":[{"taxonomy":"category","embeddable":true,"href":"https:\/\/cecot.org\/es\/wp-json\/wp\/v2\/categories?post=362328"}],"curies":[{"name":"wp","href":"https:\/\/api.w.org\/{rel}","templated":true}]}}

<h2 class="wp-block-heading">Objectius</h2>



<p>Aplicar els coneixements i els procediments comptables al registre de l&#8217;activitat utilitzant una eina informàtica de gestió comptable.</p>



<h2 class="wp-block-heading">Programa</h2>



<ul class="wp-block-list">
<li>Comptabilitat informatitzada
<ul class="wp-block-list">
<li>Mòdul 1 Aplicació informàtica comptable &#8211; 10 hores</li>



<li>Mòdul 2 Registres comptables, fiscals i de tresoreria &#8211; 25 hores</li>



<li>Mòdul 3 Altres eines comptables &#8211; 5 hores</li>
</ul>
</li>
</ul>



<div class="wp-block-group qui-organitza is-content-justification-left is-layout-constrained wp-container-core-group-is-layout-8c890d92 wp-block-group-is-layout-constrained">
<h4 class="wp-block-heading">Organitza:</h4>



<div class="wp-block-group qui-organitza-img is-layout-constrained wp-block-group-is-layout-constrained">
<figure class="wp-block-image size-full"><img data-dominant-color="001014" data-has-transparency="true" style="--dominant-color: #001014;" loading="lazy" decoding="async" width="400" height="135" sizes="(max-width: 400px) 100vw, 400px" src="https://cecot.org/wp-content/uploads/2024/04/logo_cecot-formacio-i-desenvolupament-136.png" alt="" class="wp-image-312649 has-transparency" srcset="https://cecot.org/wp-content/uploads/2024/04/logo_cecot-formacio-i-desenvolupament-136.png 400w, https://cecot.org/wp-content/uploads/2024/04/logo_cecot-formacio-i-desenvolupament-136-300x101.png 300w" /></figure>
</div>
</div>



<p></p>
