{"id":351680,"date":"2024-11-20T17:05:33","date_gmt":"2024-11-20T15:05:33","guid":{"rendered":"https:\/\/cecot.org\/?post_type=esdeveniment&#038;p=351680"},"modified":"2024-11-20T17:23:47","modified_gmt":"2024-11-20T15:23:47","slug":"webinar-icex-next-24-000-e-per-a-subvencionar-les-teves-despeses-dexportacio","status":"publish","type":"esdeveniment","link":"https:\/\/cecot.org\/es\/esdeveniment\/webinar-icex-next-24-000-e-per-a-subvencionar-les-teves-despeses-dexportacio\/","title":{"rendered":"Webinar ICEX NEXT | 24.000 \u20ac per a subvencionar les teves despeses d&#8217;exportaci\u00f3"},"content":{"rendered":"\n<p>Per a parlar en profunditat d&#8217;aquest programa, hem convidat al Servei d&#8217;acompanyament internacional, Connect-in, a la <strong>Cap de Sector d&#8217;ICEX de Catalunya<\/strong>, per a qu\u00e8 ens expliqui en un <strong>Webinar<\/strong> en qu\u00e8 consisteix la subvenci\u00f3 i com les empreses poden accedir a la propera convocat\u00f2ria de l&#8217;ajut:<\/p>\n\n\n\n<p><strong>Continguts de la sessi\u00f3:<\/strong><\/p>\n\n\n\n<ul class=\"wp-block-list\">\n<li>Presentaci\u00f3 del Programa ICEX-NEXT<\/li>\n\n\n\n<li>A qui va dirigit?<\/li>\n\n\n\n<li>Documentaci\u00f3 i requeriments<\/li>\n\n\n\n<li>Proc\u00e9s de sol\u00b7licitud<\/li>\n\n\n\n<li>Terminis de presentaci\u00f3<\/li>\n\n\n\n<li>Tramitaci\u00f3 i gesti\u00f3 integral de l&#8217;ajut<\/li>\n<\/ul>\n\n\n\n<p><strong>Ponents:<\/strong><\/p>\n\n\n\n<p><strong>Sra. Ana Isabel Bermejo<\/strong>  &#8211;  Cap del sector d&#8217;ICEX a Catalunya<\/p>\n\n\n\n<p><strong>Sra. Alicia L\u00f3pez Carles<\/strong>  &#8211;  Assessora de la Cecot<\/p>\n\n\n\n<p><a href=\"http:\/\/r1292084.cecot.org\/c\/v?e=1909064&amp;c=13B734&amp;t=0&amp;l=C5294AAC&amp;email=pEOsdgfVgHVLsm4C9olmhKBW%2FzGgUWEx%2BhjLQRipQwQ3Ih4P1WxctQ%3D%3D\" data-type=\"link\" data-id=\"http:\/\/r1292084.cecot.org\/c\/v?e=1909064&amp;c=13B734&amp;t=0&amp;l=C5294AAC&amp;email=pEOsdgfVgHVLsm4C9olmhKBW%2FzGgUWEx%2BhjLQRipQwQ3Ih4P1WxctQ%3D%3D\"><strong>M\u00e9s informaci\u00f3<\/strong><\/a><\/p>\n\n\n\n<p><\/p>\n\n\n\n<p><\/p>\n\n\n\n<p><\/p>\n\n\n\n<p><\/p>\n","protected":false},"featured_media":351691,"menu_order":0,"template":"","categories":[],"class_list":["post-351680","esdeveniment","type-esdeveniment","status-publish","has-post-thumbnail","hentry"],"_links":{"self":[{"href":"https:\/\/cecot.org\/es\/wp-json\/wp\/v2\/esdeveniment\/351680","targetHints":{"allow":["GET"]}}],"collection":[{"href":"https:\/\/cecot.org\/es\/wp-json\/wp\/v2\/esdeveniment"}],"about":[{"href":"https:\/\/cecot.org\/es\/wp-json\/wp\/v2\/types\/esdeveniment"}],"wp:featuredmedia":[{"embeddable":true,"href":"https:\/\/cecot.org\/es\/wp-json\/wp\/v2\/media\/351691"}],"wp:attachment":[{"href":"https:\/\/cecot.org\/es\/wp-json\/wp\/v2\/media?parent=351680"}],"wp:term":[{"taxonomy":"category","embeddable":true,"href":"https:\/\/cecot.org\/es\/wp-json\/wp\/v2\/categories?post=351680"}],"curies":[{"name":"wp","href":"https:\/\/api.w.org\/{rel}","templated":true}]}}

Webinar ICEX NEXT | 24.000 € per a subvencionar les teves despeses d&#8217;exportació

<p>Per a parlar en profunditat d&#8217;aquest programa, hem convidat al Servei d&#8217;acompanyament internacional, Connect-in, a la <strong>Cap de Sector d&#8217;ICEX de Catalunya</strong>, per a què ens expliqui en un <strong>Webinar</strong> en què consisteix la subvenció i com les empreses poden accedir a la propera convocatòria de l&#8217;ajut:</p>



<p><strong>Continguts de la sessió:</strong></p>



<ul class="wp-block-list">
<li>Presentació del Programa ICEX-NEXT</li>



<li>A qui va dirigit?</li>



<li>Documentació i requeriments</li>



<li>Procés de sol·licitud</li>



<li>Terminis de presentació</li>



<li>Tramitació i gestió integral de l&#8217;ajut</li>
</ul>



<p><strong>Ponents:</strong></p>



<p><strong>Sra. Ana Isabel Bermejo</strong>  &#8211;  Cap del sector d&#8217;ICEX a Catalunya</p>



<p><strong>Sra. Alicia López Carles</strong>  &#8211;  Assessora de la Cecot</p>



<p><a href="http://r1292084.cecot.org/c/v?e=1909064&amp;c=13B734&amp;t=0&amp;l=C5294AAC&amp;email=pEOsdgfVgHVLsm4C9olmhKBW%2FzGgUWEx%2BhjLQRipQwQ3Ih4P1WxctQ%3D%3D" data-type="link" data-id="http://r1292084.cecot.org/c/v?e=1909064&amp;c=13B734&amp;t=0&amp;l=C5294AAC&amp;email=pEOsdgfVgHVLsm4C9olmhKBW%2FzGgUWEx%2BhjLQRipQwQ3Ih4P1WxctQ%3D%3D"><strong>Més informació</strong></a></p>



<p></p>



<p></p>



<p></p>



<p></p>
