{"id":348061,"date":"2024-10-30T18:12:07","date_gmt":"2024-10-30T16:12:07","guid":{"rendered":"https:\/\/provacecot.org\/?post_type=esdeveniment&#038;p=348061"},"modified":"2024-11-12T12:46:43","modified_gmt":"2024-11-12T10:46:43","slug":"la-mediacio-i-larbitratge-de-consum-com-a-signe-de-qualitat-i-fidelitzacio-jornada-commemoracio-30e-aniversari-jac-terrassa","status":"publish","type":"esdeveniment","link":"https:\/\/cecot.org\/es\/esdeveniment\/la-mediacio-i-larbitratge-de-consum-com-a-signe-de-qualitat-i-fidelitzacio-jornada-commemoracio-30e-aniversari-jac-terrassa\/","title":{"rendered":"La mediaci\u00f3 i l&#8217;arbitratge de consum com a signe de qualitat i fidelitzaci\u00f3"},"content":{"rendered":"\n<h2 class=\"wp-block-heading\">Jornada commemoraci\u00f3 30\u00e8 aniversari JAC <\/h2>\n\n\n\n<p><\/p>\n\n\n\n<p>Ens complau convidar-vos a aquesta jornada, coorganitzada amb l&#8217;Ajuntament de Terrassa, que commemora tres d\u00e8cades de comprom\u00eds amb la mediaci\u00f3 i l&#8217;arbitratge de consum. Aquesta trobada ofereix una oportunitat \u00fanica per reflexionar sobre els avantatges de l\u2019arbitratge de consum en la resoluci\u00f3 extrajudicial de conflictes i per con\u00e8ixer les novetats del nou Reglament del Sistema Arbitral de Consum, aprovat aquest any, com a eines essencials de qualitat i fidelitzaci\u00f3.<\/p>\n\n\n\n<p>Dirigida a c\u00e0rrecs electes, professionals del sector comer\u00e7 i serveis, i personal vinculat a l\u2019arbitratge de consum, la jornada comptar\u00e0 amb destacats experts que compartiran la seva experi\u00e8ncia i visi\u00f3 sobre el paper de la mediaci\u00f3 i l\u2019arbitratge en l\u2019\u00e0mbit empresarial.<\/p>\n","protected":false},"featured_media":348755,"menu_order":0,"template":"","categories":[],"class_list":["post-348061","esdeveniment","type-esdeveniment","status-publish","has-post-thumbnail","hentry"],"_links":{"self":[{"href":"https:\/\/cecot.org\/es\/wp-json\/wp\/v2\/esdeveniment\/348061","targetHints":{"allow":["GET"]}}],"collection":[{"href":"https:\/\/cecot.org\/es\/wp-json\/wp\/v2\/esdeveniment"}],"about":[{"href":"https:\/\/cecot.org\/es\/wp-json\/wp\/v2\/types\/esdeveniment"}],"wp:featuredmedia":[{"embeddable":true,"href":"https:\/\/cecot.org\/es\/wp-json\/wp\/v2\/media\/348755"}],"wp:attachment":[{"href":"https:\/\/cecot.org\/es\/wp-json\/wp\/v2\/media?parent=348061"}],"wp:term":[{"taxonomy":"category","embeddable":true,"href":"https:\/\/cecot.org\/es\/wp-json\/wp\/v2\/categories?post=348061"}],"curies":[{"name":"wp","href":"https:\/\/api.w.org\/{rel}","templated":true}]}}

La mediació i l&#8217;arbitratge de consum com a signe de qualitat i fidelització

<h2 class="wp-block-heading">Jornada commemoració 30è aniversari JAC </h2>



<p></p>



<p>Ens complau convidar-vos a aquesta jornada, coorganitzada amb l&#8217;Ajuntament de Terrassa, que commemora tres dècades de compromís amb la mediació i l&#8217;arbitratge de consum. Aquesta trobada ofereix una oportunitat única per reflexionar sobre els avantatges de l’arbitratge de consum en la resolució extrajudicial de conflictes i per conèixer les novetats del nou Reglament del Sistema Arbitral de Consum, aprovat aquest any, com a eines essencials de qualitat i fidelització.</p>



<p>Dirigida a càrrecs electes, professionals del sector comerç i serveis, i personal vinculat a l’arbitratge de consum, la jornada comptarà amb destacats experts que compartiran la seva experiència i visió sobre el paper de la mediació i l’arbitratge en l’àmbit empresarial.</p>
